74.7.242.23 - - [10/Jun/2026:03:49:11 +0700] "GET /khuyen-mai/khuyen-mai-dongcheng?filesrc=/var/www/vhosts/dienmaychuyennghiep.com/httpdocs/wp-content/uploads/2025/10/Screenshot_15-10-2025_105620_dartek.vn_-280x280.jpeg&path=/var/www/vhosts/dienmaychuyennghiep.com/httpdocs/wp-content/uploads/2025/10 HTTP/2" 200 22778 "https://dienmaychuyennghiep.com/khuyen-mai/khuyen-mai-dongcheng?path=/var/www/vhosts/dienmaychuyennghiep.com/httpdocs/wp-content/uploads/2025/10" "Mozilla/5.0 AppleWebKit/537.36 (KHTML, like Gecko; compatible; GPTBot/1.4; +https://openai.com/gptbot)"
74.7.227.40 - - [10/Jun/2026:03:49:12 +0700] "GET /%22https:/bizweb.dktcdn.net/100/489/103/files/8.jpg?filesrc=/var/www/vhosts/dienmaychuyennghiep.com/httpdocs/wp-content/uploads/2024/07/M9509B-4-300x300.png&path=/var/www/vhosts/dienmaychuyennghiep.com/httpdocs/wp-content/uploads/2024/07 HTTP/2" 200 65802 "https://pemcom.vn/%22https:/bizweb.dktcdn.net/100/489/103/files/8.jpg?path=/var/www/vhosts/dienmaychuyennghiep.com/httpdocs/wp-content/uploads/2024/07" "Mozilla/5.0 AppleWebKit/537.36 (KHTML, like Gecko; compatible; GPTBot/1.4; +https://openai.com/gptbot)"
74.7.241.19 - - [10/Jun/2026:03:49:13 +0700] "GET /wp-content/uploads/2025/09/Chua-co-ten-1080-x-1080-px-58-247x296.png HTTP/2" 200 18726 "https://pemco.com.vn/tu-khoa-san-pham/may-thoi-khi-dung-pin/" "Mozilla/5.0 AppleWebKit/537.36 (KHTML, like Gecko; compatible; GPTBot/1.4; +https://openai.com/gptbot)"
74.7.241.19 - - [10/Jun/2026:03:49:13 +0700] "GET /wp-content/uploads/2025/10/may-han-tien-dat-300a-day-dong-1-6bcfd203-7b5b-40e5-8332-6e9c20104832-247x296.webp HTTP/2" 200 10588 "https://pemco.com.vn/san-pham/may-han-tien-dat-500a-380v-day-dong/" "Mozilla/5.0 AppleWebKit/537.36 (KHTML, like Gecko; compatible; GPTBot/1.4; +https://openai.com/gptbot)"
74.7.242.23 - - [10/Jun/2026:03:49:12 +0700] "GET /khuyen-mai/khuyen-mai-dongcheng?filesrc=/var/www/vhosts/dienmaychuyennghiep.com/httpdocs/wp-content/uploads/2024/06/D28413-B1-5-510x510.png&path=/var/www/vhosts/dienmaychuyennghiep.com/httpdocs/wp-content/uploads/2024/06 HTTP/2" 200 107203 "https://dienmaychuyennghiep.com/khuyen-mai/khuyen-mai-dongcheng?path=/var/www/vhosts/dienmaychuyennghiep.com/httpdocs/wp-content/uploads/2024/06" "Mozilla/5.0 AppleWebKit/537.36 (KHTML, like Gecko; compatible; GPTBot/1.4; +https://openai.com/gptbot)"
74.7.241.19 - - [10/Jun/2026:03:49:14 +0700] "GET /wp-content/uploads/2025/09/20250802_qEmYhn5Gdz-247x296.png HTTP/2" 200 8328 "https://pemco.com.vn/tu-khoa-san-pham/may-thoi-khi-dung-pin/" "Mozilla/5.0 AppleWebKit/537.36 (KHTML, like Gecko; compatible; GPTBot/1.4; +https://openai.com/gptbot)"
74.7.227.40 - - [10/Jun/2026:03:49:13 +0700] "GET /%22https:/bizweb.dktcdn.net/100/489/103/files/8.jpg?filesrc=/var/www/vhosts/dienmaychuyennghiep.com/httpdocs/wp-content/uploads/2024/07/M3701B-4-510x510.png&path=/var/www/vhosts/dienmaychuyennghiep.com/httpdocs/wp-content/uploads/2024/07 HTTP/2" 200 181393 "https://pemcom.vn/%22https:/bizweb.dktcdn.net/100/489/103/files/8.jpg?path=/var/www/vhosts/dienmaychuyennghiep.com/httpdocs/wp-content/uploads/2024/07" "Mozilla/5.0 AppleWebKit/537.36 (KHTML, like Gecko; compatible; GPTBot/1.4; +https://openai.com/gptbot)"
216.73.216.74 - - [10/Jun/2026:03:49:14 +0700] "GET /wp-sitemap.xml?filesrc=%2Fvar%2Fwww%2Fvhosts%2Fdienmaychuyennghiep.com%2Fhttpdocs%2Fwp-content%2Fuploads%2F2025%2F07%2FNB-180E-1080x1080-1.jpg&path=%2Fvar%2Fwww%2Fvhosts%2Fdienmaychuyennghiep.com%2Fhttpdocs%2Fwp-content%2Fuploads%2F2025%2F07 HTTP/2" 200 131761 "-" "Mozilla/5.0 AppleWebKit/537.36 (KHTML, like Gecko; compatible; ClaudeBot/1.0; +claudebot@anthropic.com)"
74.7.242.23 - - [10/Jun/2026:03:49:14 +0700] "GET /khuyen-mai/khuyen-mai-dongcheng?filesrc=/var/www/vhosts/dienmaychuyennghiep.com/httpdocs/wp-content/uploads/2025/10/Screenshot_15-10-2025_161240_dartek.vn_-280x280.jpeg&path=/var/www/vhosts/dienmaychuyennghiep.com/httpdocs/wp-content/uploads/2025/10 HTTP/2" 200 25721 "https://dienmaychuyennghiep.com/khuyen-mai/khuyen-mai-dongcheng?path=/var/www/vhosts/dienmaychuyennghiep.com/httpdocs/wp-content/uploads/2025/10" "Mozilla/5.0 AppleWebKit/537.36 (KHTML, like Gecko; compatible; GPTBot/1.4; +https://openai.com/gptbot)"
74.7.227.40 - - [10/Jun/2026:03:49:15 +0700] "GET /%22https:/bizweb.dktcdn.net/100/489/103/files/8.jpg?filesrc=/var/www/vhosts/dienmaychuyennghiep.com/httpdocs/wp-content/uploads/2024/07/HW111-2-100x100.png&path=/var/www/vhosts/dienmaychuyennghiep.com/httpdocs/wp-content/uploads/2024/07 HTTP/2" 200 31801 "https://pemcom.vn/%22https:/bizweb.dktcdn.net/100/489/103/files/8.jpg?path=/var/www/vhosts/dienmaychuyennghiep.com/httpdocs/wp-content/uploads/2024/07" "Mozilla/5.0 AppleWebKit/537.36 (KHTML, like Gecko; compatible; GPTBot/1.4; +https://openai.com/gptbot)"
74.7.242.23 - - [10/Jun/2026:03:49:16 +0700] "GET /khuyen-mai/khuyen-mai-dongcheng?filesrc=/var/www/vhosts/dienmaychuyennghiep.com/httpdocs/wp-content/uploads/2024/07/Sencan-531015-dau-10-4-768x768.png&path=/var/www/vhosts/dienmaychuyennghiep.com/httpdocs/wp-content/uploads/2024/07 HTTP/2" 200 563038 "https://dienmaychuyennghiep.com/khuyen-mai/khuyen-mai-dongcheng?path=/var/www/vhosts/dienmaychuyennghiep.com/httpdocs/wp-content/uploads/2024/07" "Mozilla/5.0 AppleWebKit/537.36 (KHTML, like Gecko; compatible; GPTBot/1.4; +https://openai.com/gptbot)"
74.7.241.19 - - [10/Jun/2026:03:49:14 +0700] "GET /danh-muc-san-pham/may-bat-vit-dung-pin/ HTTP/2" 200 56983 "https://pemco.com.vn/wp-sitemap-taxonomies-product_cat-1.xml" "Mozilla/5.0 AppleWebKit/537.36 (KHTML, like Gecko; compatible; GPTBot/1.4; +https://openai.com/gptbot)"
74.7.227.40 - - [10/Jun/2026:03:49:17 +0700] "GET /%22https:/bizweb.dktcdn.net/100/489/103/files/8.jpg?filesrc=/var/www/vhosts/dienmaychuyennghiep.com/httpdocs/wp-content/uploads/2024/07/HS6600-3-300x300.png&path=/var/www/vhosts/dienmaychuyennghiep.com/httpdocs/wp-content/uploads/2024/07 HTTP/2" 200 81512 "https://pemcom.vn/%22https:/bizweb.dktcdn.net/100/489/103/files/8.jpg?path=/var/www/vhosts/dienmaychuyennghiep.com/httpdocs/wp-content/uploads/2024/07" "Mozilla/5.0 AppleWebKit/537.36 (KHTML, like Gecko; compatible; GPTBot/1.4; +https://openai.com/gptbot)"
74.7.242.23 - - [10/Jun/2026:03:49:18 +0700] "GET /khuyen-mai/khuyen-mai-dongcheng?filesrc=/var/www/vhosts/dienmaychuyennghiep.com/httpdocs/wp-content/uploads/2024/06/DSM-02-125B-1-1024x1024.png&path=/var/www/vhosts/dienmaychuyennghiep.com/httpdocs/wp-content/uploads/2024/06 HTTP/2" 200 502366 "https://dienmaychuyennghiep.com/khuyen-mai/khuyen-mai-dongcheng?path=/var/www/vhosts/dienmaychuyennghiep.com/httpdocs/wp-content/uploads/2024/06" "Mozilla/5.0 AppleWebKit/537.36 (KHTML, like Gecko; compatible; GPTBot/1.4; +https://openai.com/gptbot)"
74.7.227.40 - - [10/Jun/2026:03:49:18 +0700] "GET /%22https:/bizweb.dktcdn.net/100/489/103/files/8.jpg?filesrc=/var/www/vhosts/dienmaychuyennghiep.com/httpdocs/wp-content/uploads/2024/07/JR3061T-2-247x296.png&path=/var/www/vhosts/dienmaychuyennghiep.com/httpdocs/wp-content/uploads/2024/07 HTTP/2" 200 93002 "https://pemcom.vn/%22https:/bizweb.dktcdn.net/100/489/103/files/8.jpg?path=/var/www/vhosts/dienmaychuyennghiep.com/httpdocs/wp-content/uploads/2024/07" "Mozilla/5.0 AppleWebKit/537.36 (KHTML, like Gecko; compatible; GPTBot/1.4; +https://openai.com/gptbot)"
176.31.139.28 - - [10/Jun/2026:03:49:18 +0700] "GET /products/46497215785 HTTP/2" 200 19517 "-" "Mozilla/5.0 (compatible; AhrefsBot/7.0; +http://ahrefs.com/robot/)"
74.7.241.19 - - [10/Jun/2026:03:49:18 +0700] "GET /tu-khoa-san-pham/may-cat-canh-dung-pin/ HTTP/2" 200 56939 "https://pemco.com.vn/wp-sitemap-taxonomies-product_tag-1.xml" "Mozilla/5.0 AppleWebKit/537.36 (KHTML, like Gecko; compatible; GPTBot/1.4; +https://openai.com/gptbot)"
216.73.216.74 - - [10/Jun/2026:03:49:19 +0700] "GET /wp-sitemap.xml?filesrc=%2Fvar%2Fwww%2Fvhosts%2Fdienmaychuyennghiep.com%2Fhttpdocs%2Fwp-content%2Fuploads%2F2025%2F07%2Fdownload-1-768x389.png&path=%2Fvar%2Fwww%2Fvhosts%2Fdienmaychuyennghiep.com%2Fhttpdocs%2Fwp-content%2Fuploads%2F2025%2F07 HTTP/2" 200 67826 "-" "Mozilla/5.0 AppleWebKit/537.36 (KHTML, like Gecko; compatible; ClaudeBot/1.0; +claudebot@anthropic.com)"
74.7.242.23 - - [10/Jun/2026:03:49:20 +0700] "GET /khuyen-mai/khuyen-mai-dongcheng?filesrc=/var/www/vhosts/dienmaychuyennghiep.com/httpdocs/wp-content/uploads/2024/06/D100-ASM06-100-3-510x510.png&path=/var/www/vhosts/dienmaychuyennghiep.com/httpdocs/wp-content/uploads/2024/06 HTTP/2" 200 147369 "https://dienmaychuyennghiep.com/khuyen-mai/khuyen-mai-dongcheng?path=/var/www/vhosts/dienmaychuyennghiep.com/httpdocs/wp-content/uploads/2024/06" "Mozilla/5.0 AppleWebKit/537.36 (KHTML, like Gecko; compatible; GPTBot/1.4; +https://openai.com/gptbot)"
40.77.167.243 - - [10/Jun/2026:03:49:17 +0700] "GET /?post_type=product&s=2027 HTTP/2" 200 57130 "-" "Mozilla/5.0 AppleWebKit/537.36 (KHTML, like Gecko; compatible; bingbot/2.0; +http://www.bing.com/bingbot.htm) Chrome/116.0.1938.76 Safari/537.36"
74.7.227.40 - - [10/Jun/2026:03:49:20 +0700] "GET /%22https:/bizweb.dktcdn.net/100/489/103/files/8.jpg?filesrc=/var/www/vhosts/dienmaychuyennghiep.com/httpdocs/wp-content/uploads/2024/07/HW102-2-150x150.png&path=/var/www/vhosts/dienmaychuyennghiep.com/httpdocs/wp-content/uploads/2024/07 HTTP/2" 200 37600 "https://pemcom.vn/%22https:/bizweb.dktcdn.net/100/489/103/files/8.jpg?path=/var/www/vhosts/dienmaychuyennghiep.com/httpdocs/wp-content/uploads/2024/07" "Mozilla/5.0 AppleWebKit/537.36 (KHTML, like Gecko; compatible; GPTBot/1.4; +https://openai.com/gptbot)"
74.7.242.23 - - [10/Jun/2026:03:49:22 +0700] "GET /khuyen-mai/khuyen-mai-dongcheng?filesrc=/var/www/vhosts/dienmaychuyennghiep.com/httpdocs/wp-content/uploads/2024/07/Sencan-531015-dau-10-5-100x100.png&path=/var/www/vhosts/dienmaychuyennghiep.com/httpdocs/wp-content/uploads/2024/07 HTTP/2" 200 31464 "https://dienmaychuyennghiep.com/khuyen-mai/khuyen-mai-dongcheng?path=/var/www/vhosts/dienmaychuyennghiep.com/httpdocs/wp-content/uploads/2024/07" "Mozilla/5.0 AppleWebKit/537.36 (KHTML, like Gecko; compatible; GPTBot/1.4; +https://openai.com/gptbot)"
216.73.216.74 - - [10/Jun/2026:03:49:22 +0700] "GET /wp-sitemap.xml?filesrc=%2Fvar%2Fwww%2Fvhosts%2Fdienmaychuyennghiep.com%2Fhttpdocs%2Fwp-content%2Fuploads%2F2025%2F07%2Fumk425t-9-247x296.png&path=%2Fvar%2Fwww%2Fvhosts%2Fdienmaychuyennghiep.com%2Fhttpdocs%2Fwp-content%2Fuploads%2F2025%2F07 HTTP/2" 200 26771 "-" "Mozilla/5.0 AppleWebKit/537.36 (KHTML, like Gecko; compatible; ClaudeBot/1.0; +claudebot@anthropic.com)"
74.7.227.40 - - [10/Jun/2026:03:49:22 +0700] "GET /%22https:/bizweb.dktcdn.net/100/489/103/files/8.jpg?filesrc=/var/www/vhosts/dienmaychuyennghiep.com/httpdocs/wp-content/uploads/2024/07/GA9061R-4-100x100.png&path=/var/www/vhosts/dienmaychuyennghiep.com/httpdocs/wp-content/uploads/2024/07 HTTP/2" 200 28460 "https://pemcom.vn/%22https:/bizweb.dktcdn.net/100/489/103/files/8.jpg?path=/var/www/vhosts/dienmaychuyennghiep.com/httpdocs/wp-content/uploads/2024/07" "Mozilla/5.0 AppleWebKit/537.36 (KHTML, like Gecko; compatible; GPTBot/1.4; +https://openai.com/gptbot)"
74.7.241.19 - - [10/Jun/2026:03:49:21 +0700] "GET /san-pham/may-thoi-hoidung-pin-dewalt-dcm562n-kr/ HTTP/2" 200 63317 "https://pemco.com.vn/wp-sitemap-posts-product-1.xml" "Mozilla/5.0 AppleWebKit/537.36 (KHTML, like Gecko; compatible; GPTBot/1.4; +https://openai.com/gptbot)"
74.7.242.23 - - [10/Jun/2026:03:49:23 +0700] "GET /khuyen-mai/khuyen-mai-dongcheng?filesrc=/var/www/vhosts/dienmaychuyennghiep.com/httpdocs/wp-content/uploads/2024/07/Sencan-530603-dau-6-4-768x768.png&path=/var/www/vhosts/dienmaychuyennghiep.com/httpdocs/wp-content/uploads/2024/07 HTTP/2" 200 245828 "https://dienmaychuyennghiep.com/khuyen-mai/khuyen-mai-dongcheng?path=/var/www/vhosts/dienmaychuyennghiep.com/httpdocs/wp-content/uploads/2024/07" "Mozilla/5.0 AppleWebKit/537.36 (KHTML, like Gecko; compatible; GPTBot/1.4; +https://openai.com/gptbot)"
74.7.227.40 - - [10/Jun/2026:03:49:24 +0700] "GET /%22https:/bizweb.dktcdn.net/100/489/103/files/8.jpg?filesrc=/var/www/vhosts/dienmaychuyennghiep.com/httpdocs/wp-content/uploads/2024/07/GA4032-3-300x300.png&path=/var/www/vhosts/dienmaychuyennghiep.com/httpdocs/wp-content/uploads/2024/07 HTTP/2" 200 88236 "https://pemcom.vn/%22https:/bizweb.dktcdn.net/100/489/103/files/8.jpg?path=/var/www/vhosts/dienmaychuyennghiep.com/httpdocs/wp-content/uploads/2024/07" "Mozilla/5.0 AppleWebKit/537.36 (KHTML, like Gecko; compatible; GPTBot/1.4; +https://openai.com/gptbot)"
103.138.88.26 - - [10/Jun/2026:03:49:26 +0700] "POST /wp-cron.php?doing_wp_cron=1781038166.5376350879669189453125 HTTP/1.1" 200 474 "-" "WordPress/7.0; https://www.pemco.vn"
216.73.216.74 - - [10/Jun/2026:03:49:25 +0700] "GET /wp-sitemap.xml?filesrc=%2Fvar%2Fwww%2Fvhosts%2Fdienmaychuyennghiep.com%2Fhttpdocs%2Fwp-content%2Fuploads%2F2025%2F09%2FDW735-KR-510x399.jpg&path=%2Fvar%2Fwww%2Fvhosts%2Fdienmaychuyennghiep.com%2Fhttpdocs%2Fwp-content%2Fuploads%2F2025%2F09 HTTP/2" 200 50303 "-" "Mozilla/5.0 AppleWebKit/537.36 (KHTML, like Gecko; compatible; ClaudeBot/1.0; +claudebot@anthropic.com)"
103.138.88.26 - - [10/Jun/2026:03:49:26 +0700] "POST /wp-cron.php?doing_wp_cron=1781038166.5542960166931152343750 HTTP/1.1" 200 474 "-" "WordPress/7.0; https://dienmaychuyennghiep.com"
74.7.242.23 - - [10/Jun/2026:03:49:25 +0700] "GET /khuyen-mai/khuyen-mai-dongcheng?filesrc=/var/www/vhosts/dienmaychuyennghiep.com/httpdocs/wp-content/uploads/2024/06/D100-ASM15-100B-4-510x510.png&path=/var/www/vhosts/dienmaychuyennghiep.com/httpdocs/wp-content/uploads/2024/06 HTTP/2" 200 109418 "https://dienmaychuyennghiep.com/khuyen-mai/khuyen-mai-dongcheng?path=/var/www/vhosts/dienmaychuyennghiep.com/httpdocs/wp-content/uploads/2024/06" "Mozilla/5.0 AppleWebKit/537.36 (KHTML, like Gecko; compatible; GPTBot/1.4; +https://openai.com/gptbot)"
74.7.227.40 - - [10/Jun/2026:03:49:25 +0700] "GET /%22https:/bizweb.dktcdn.net/100/489/103/files/8.jpg?filesrc=/var/www/vhosts/dienmaychuyennghiep.com/httpdocs/wp-content/uploads/2024/07/M9512B-1-247x296.png&path=/var/www/vhosts/dienmaychuyennghiep.com/httpdocs/wp-content/uploads/2024/07 HTTP/2" 200 78094 "https://pemcom.vn/%22https:/bizweb.dktcdn.net/100/489/103/files/8.jpg?path=/var/www/vhosts/dienmaychuyennghiep.com/httpdocs/wp-content/uploads/2024/07" "Mozilla/5.0 AppleWebKit/537.36 (KHTML, like Gecko; compatible; GPTBot/1.4; +https://openai.com/gptbot)"
103.138.88.26 - - [10/Jun/2026:03:49:27 +0700] "POST /wp-cron.php?doing_wp_cron=1781038166.8782761096954345703125 HTTP/1.1" 200 474 "-" "WordPress/7.0; https://pemcom.vn"
103.138.88.26 - - [10/Jun/2026:03:49:27 +0700] "POST /wp-cron.php?doing_wp_cron=1781038167.8248560428619384765625 HTTP/1.1" 200 474 "-" "WordPress/7.0; https://pemco.com.vn"
74.7.241.19 - - [10/Jun/2026:03:49:24 +0700] "GET /san-pham/may-cua-da-goc-laser-makita-ls1016/ HTTP/2" 200 63249 "https://pemco.com.vn/wp-sitemap-posts-product-1.xml" "Mozilla/5.0 AppleWebKit/537.36 (KHTML, like Gecko; compatible; GPTBot/1.4; +https://openai.com/gptbot)"
40.77.167.243 - - [10/Jun/2026:03:49:27 +0700] "GET /wp-content/uploads/2024/07/3600H-2-1024x1024.png HTTP/2" 200 503138 "-" "Mozilla/5.0 AppleWebKit/537.36 (KHTML, like Gecko; compatible; bingbot/2.0; +http://www.bing.com/bingbot.htm) Chrome/116.0.1938.76 Safari/537.36"
74.7.227.40 - - [10/Jun/2026:03:49:27 +0700] "GET /%22https:/bizweb.dktcdn.net/100/489/103/files/8.jpg?filesrc=/var/www/vhosts/dienmaychuyennghiep.com/httpdocs/wp-content/uploads/2024/07/M2403B-5-300x300.png&path=/var/www/vhosts/dienmaychuyennghiep.com/httpdocs/wp-content/uploads/2024/07 HTTP/2" 200 83047 "https://pemcom.vn/%22https:/bizweb.dktcdn.net/100/489/103/files/8.jpg?path=/var/www/vhosts/dienmaychuyennghiep.com/httpdocs/wp-content/uploads/2024/07" "Mozilla/5.0 AppleWebKit/537.36 (KHTML, like Gecko; compatible; GPTBot/1.4; +https://openai.com/gptbot)"
74.7.242.23 - - [10/Jun/2026:03:49:26 +0700] "GET /khuyen-mai/khuyen-mai-dongcheng?filesrc=/var/www/vhosts/dienmaychuyennghiep.com/httpdocs/wp-content/uploads/2024/06/D28413-B1-1-300x169.png&path=/var/www/vhosts/dienmaychuyennghiep.com/httpdocs/wp-content/uploads/2024/06 HTTP/2" 200 60263 "https://dienmaychuyennghiep.com/khuyen-mai/khuyen-mai-dongcheng?path=/var/www/vhosts/dienmaychuyennghiep.com/httpdocs/wp-content/uploads/2024/06" "Mozilla/5.0 AppleWebKit/537.36 (KHTML, like Gecko; compatible; GPTBot/1.4; +https://openai.com/gptbot)"
5.39.1.231 - - [10/Jun/2026:03:49:26 +0700] "GET /products/46497212917 HTTP/2" 200 19517 "-" "Mozilla/5.0 (compatible; AhrefsBot/7.0; +http://ahrefs.com/robot/)"
216.73.216.74 - - [10/Jun/2026:03:49:27 +0700] "GET /wp-sitemap.xml?filesrc=%2Fvar%2Fwww%2Fvhosts%2Fdienmaychuyennghiep.com%2Fhttpdocs%2Fwp-content%2Fuploads%2F2025%2F07%2FRB-22-2-400x400.jpg&path=%2Fvar%2Fwww%2Fvhosts%2Fdienmaychuyennghiep.com%2Fhttpdocs%2Fwp-content%2Fuploads%2F2025%2F07 HTTP/2" 200 33078 "-" "Mozilla/5.0 AppleWebKit/537.36 (KHTML, like Gecko; compatible; ClaudeBot/1.0; +claudebot@anthropic.com)"
37.59.204.142 - - [10/Jun/2026:03:49:29 +0700] "GET /products/46497213290 HTTP/2" 200 19499 "-" "Mozilla/5.0 (compatible; AhrefsBot/7.0; +http://ahrefs.com/robot/)"
74.7.242.23 - - [10/Jun/2026:03:49:29 +0700] "GET /khuyen-mai/khuyen-mai-dongcheng?filesrc=/var/www/vhosts/dienmaychuyennghiep.com/httpdocs/wp-content/uploads/2024/07/Sencan-531015-dau-10-4-150x150.png&path=/var/www/vhosts/dienmaychuyennghiep.com/httpdocs/wp-content/uploads/2024/07 HTTP/2" 200 52849 "https://dienmaychuyennghiep.com/khuyen-mai/khuyen-mai-dongcheng?path=/var/www/vhosts/dienmaychuyennghiep.com/httpdocs/wp-content/uploads/2024/07" "Mozilla/5.0 AppleWebKit/537.36 (KHTML, like Gecko; compatible; GPTBot/1.4; +https://openai.com/gptbot)"
74.7.241.19 - - [10/Jun/2026:03:49:28 +0700] "GET /san-pham/may-han-mig-tay-sung-doi-nb-160e-jasic/ HTTP/2" 200 63300 "https://pemco.com.vn/wp-sitemap-posts-product-1.xml" "Mozilla/5.0 AppleWebKit/537.36 (KHTML, like Gecko; compatible; GPTBot/1.4; +https://openai.com/gptbot)"
74.7.227.40 - - [10/Jun/2026:03:49:30 +0700] "GET /%22https:/bizweb.dktcdn.net/100/489/103/files/8.jpg?filesrc=/var/www/vhosts/dienmaychuyennghiep.com/httpdocs/wp-content/uploads/2024/07/M6200B-2-768x768.png&path=/var/www/vhosts/dienmaychuyennghiep.com/httpdocs/wp-content/uploads/2024/07 HTTP/2" 200 291487 "https://pemcom.vn/%22https:/bizweb.dktcdn.net/100/489/103/files/8.jpg?path=/var/www/vhosts/dienmaychuyennghiep.com/httpdocs/wp-content/uploads/2024/07" "Mozilla/5.0 AppleWebKit/537.36 (KHTML, like Gecko; compatible; GPTBot/1.4; +https://openai.com/gptbot)"
216.73.216.74 - - [10/Jun/2026:03:49:30 +0700] "GET /wp-sitemap.xml?filesrc=%2Fvar%2Fwww%2Fvhosts%2Fdienmaychuyennghiep.com%2Fhttpdocs%2Fwp-content%2Fuploads%2F2025%2F07%2FMIG500-N388-510x510.png&path=%2Fvar%2Fwww%2Fvhosts%2Fdienmaychuyennghiep.com%2Fhttpdocs%2Fwp-content%2Fuploads%2F2025%2F07 HTTP/2" 200 66518 "-" "Mozilla/5.0 AppleWebKit/537.36 (KHTML, like Gecko; compatible; ClaudeBot/1.0; +claudebot@anthropic.com)"
74.7.242.23 - - [10/Jun/2026:03:49:31 +0700] "GET /khuyen-mai/khuyen-mai-dongcheng?filesrc=/var/www/vhosts/dienmaychuyennghiep.com/httpdocs/wp-content/uploads/2024/06/D100-ASM04-100B-6-150x150.png&path=/var/www/vhosts/dienmaychuyennghiep.com/httpdocs/wp-content/uploads/2024/06 HTTP/2" 200 40021 "https://dienmaychuyennghiep.com/khuyen-mai/khuyen-mai-dongcheng?path=/var/www/vhosts/dienmaychuyennghiep.com/httpdocs/wp-content/uploads/2024/06" "Mozilla/5.0 AppleWebKit/537.36 (KHTML, like Gecko; compatible; GPTBot/1.4; +https://openai.com/gptbot)"
74.7.227.40 - - [10/Jun/2026:03:49:31 +0700] "GET /%22https:/bizweb.dktcdn.net/100/489/103/files/8.jpg?filesrc=/var/www/vhosts/dienmaychuyennghiep.com/httpdocs/wp-content/uploads/2024/07/M6000B-5-150x150.png&path=/var/www/vhosts/dienmaychuyennghiep.com/httpdocs/wp-content/uploads/2024/07 HTTP/2" 200 44709 "https://pemcom.vn/%22https:/bizweb.dktcdn.net/100/489/103/files/8.jpg?path=/var/www/vhosts/dienmaychuyennghiep.com/httpdocs/wp-content/uploads/2024/07" "Mozilla/5.0 AppleWebKit/537.36 (KHTML, like Gecko; compatible; GPTBot/1.4; +https://openai.com/gptbot)"
74.7.227.40 - - [10/Jun/2026:03:49:33 +0700] "GET /%22https:/bizweb.dktcdn.net/100/489/103/files/8.jpg?filesrc=/var/www/vhosts/dienmaychuyennghiep.com/httpdocs/wp-content/uploads/2024/07/GA6020-4-768x768.png&path=/var/www/vhosts/dienmaychuyennghiep.com/httpdocs/wp-content/uploads/2024/07 HTTP/2" 200 372645 "https://pemcom.vn/%22https:/bizweb.dktcdn.net/100/489/103/files/8.jpg?path=/var/www/vhosts/dienmaychuyennghiep.com/httpdocs/wp-content/uploads/2024/07" "Mozilla/5.0 AppleWebKit/537.36 (KHTML, like Gecko; compatible; GPTBot/1.4; +https://openai.com/gptbot)"
74.7.241.19 - - [10/Jun/2026:03:49:32 +0700] "GET /san-pham/may-cat-sat-thuy-luc-cam-tay-hm-rc-20-vt-cs02/ HTTP/2" 200 63150 "https://pemco.com.vn/wp-sitemap-posts-product-1.xml" "Mozilla/5.0 AppleWebKit/537.36 (KHTML, like Gecko; compatible; GPTBot/1.4; +https://openai.com/gptbot)"
74.7.242.23 - - [10/Jun/2026:03:49:33 +0700] "GET /khuyen-mai/khuyen-mai-dongcheng?filesrc=/var/www/vhosts/dienmaychuyennghiep.com/httpdocs/wp-content/uploads/2024/06/D100-ASM15-100B-4-600x600.png&path=/var/www/vhosts/dienmaychuyennghiep.com/httpdocs/wp-content/uploads/2024/06 HTTP/2" 200 138293 "https://dienmaychuyennghiep.com/khuyen-mai/khuyen-mai-dongcheng?path=/var/www/vhosts/dienmaychuyennghiep.com/httpdocs/wp-content/uploads/2024/06" "Mozilla/5.0 AppleWebKit/537.36 (KHTML, like Gecko; compatible; GPTBot/1.4; +https://openai.com/gptbot)"
216.73.216.74 - - [10/Jun/2026:03:49:33 +0700] "GET /wp-sitemap.xml?filesrc=%2Fvar%2Fwww%2Fvhosts%2Fdienmaychuyennghiep.com%2Fhttpdocs%2Fwp-content%2Fuploads%2F2025%2F09%2Fkmb82-1-1-400x400.jpg&path=%2Fvar%2Fwww%2Fvhosts%2Fdienmaychuyennghiep.com%2Fhttpdocs%2Fwp-content%2Fuploads%2F2025%2F09 HTTP/2" 200 33339 "-" "Mozilla/5.0 AppleWebKit/537.36 (KHTML, like Gecko; compatible; ClaudeBot/1.0; +claudebot@anthropic.com)"
74.7.227.40 - - [10/Jun/2026:03:49:35 +0700] "GET /%22https:/bizweb.dktcdn.net/100/489/103/files/8.jpg?filesrc=/var/www/vhosts/dienmaychuyennghiep.com/httpdocs/wp-content/uploads/2024/07/LS1019L-3-300x300.png&path=/var/www/vhosts/dienmaychuyennghiep.com/httpdocs/wp-content/uploads/2024/07 HTTP/2" 200 107972 "https://pemcom.vn/%22https:/bizweb.dktcdn.net/100/489/103/files/8.jpg?path=/var/www/vhosts/dienmaychuyennghiep.com/httpdocs/wp-content/uploads/2024/07" "Mozilla/5.0 AppleWebKit/537.36 (KHTML, like Gecko; compatible; GPTBot/1.4; +https://openai.com/gptbot)"
74.7.242.23 - - [10/Jun/2026:03:49:35 +0700] "GET /khuyen-mai/khuyen-mai-dongcheng?filesrc=/var/www/vhosts/dienmaychuyennghiep.com/httpdocs/wp-content/uploads/2024/06/D100-ASM17-100-1-300x169.png&path=/var/www/vhosts/dienmaychuyennghiep.com/httpdocs/wp-content/uploads/2024/06 HTTP/2" 200 61609 "https://dienmaychuyennghiep.com/khuyen-mai/khuyen-mai-dongcheng?path=/var/www/vhosts/dienmaychuyennghiep.com/httpdocs/wp-content/uploads/2024/06" "Mozilla/5.0 AppleWebKit/537.36 (KHTML, like Gecko; compatible; GPTBot/1.4; +https://openai.com/gptbot)"
190.104.45.91 - - [10/Jun/2026:03:49:35 +0700] "GET /products/4566521040 HTTP/1.1" 200 20214 "https://dienmaychuyennghiep.com/sitemap647.xml" "Mozilla/5.0 (iPhone; CPU iPhone OS 18_2 like Mac OS X) AppleWebKit/605.1.15 (KHTML, like Gecko) Version/18.2 Mobile/15E148 Safari/604.1 MicroMessenger/8.0.47(0x18001B3F) NetType/WIFI Language/zh_CN"
216.73.216.74 - - [10/Jun/2026:03:49:36 +0700] "GET /wp-sitemap.xml?filesrc=%2Fvar%2Fwww%2Fvhosts%2Fdienmaychuyennghiep.com%2Fhttpdocs%2Fwp-content%2Fuploads%2F2025%2F07%2Fgx50-1-768x614.jpg&path=%2Fvar%2Fwww%2Fvhosts%2Fdienmaychuyennghiep.com%2Fhttpdocs%2Fwp-content%2Fuploads%2F2025%2F07 HTTP/2" 200 46022 "-" "Mozilla/5.0 AppleWebKit/537.36 (KHTML, like Gecko; compatible; ClaudeBot/1.0; +claudebot@anthropic.com)"
74.7.241.19 - - [10/Jun/2026:03:49:34 +0700] "GET /san-pham/may-cat-sat-thuy-luc-cam-tay-hm-rc-25-vt-cs03/ HTTP/2" 200 62571 "https://pemco.com.vn/wp-sitemap-posts-product-1.xml" "Mozilla/5.0 AppleWebKit/537.36 (KHTML, like Gecko; compatible; GPTBot/1.4; +https://openai.com/gptbot)"
74.7.227.40 - - [10/Jun/2026:03:49:37 +0700] "GET /%22https:/bizweb.dktcdn.net/100/489/103/files/8.jpg?filesrc=/var/www/vhosts/dienmaychuyennghiep.com/httpdocs/wp-content/uploads/2024/07/M9200B-4-247x296.png&path=/var/www/vhosts/dienmaychuyennghiep.com/httpdocs/wp-content/uploads/2024/07 HTTP/2" 200 80580 "https://pemcom.vn/%22https:/bizweb.dktcdn.net/100/489/103/files/8.jpg?path=/var/www/vhosts/dienmaychuyennghiep.com/httpdocs/wp-content/uploads/2024/07" "Mozilla/5.0 AppleWebKit/537.36 (KHTML, like Gecko; compatible; GPTBot/1.4; +https://openai.com/gptbot)"
74.7.242.23 - - [10/Jun/2026:03:49:37 +0700] "GET /khuyen-mai/khuyen-mai-dongcheng?filesrc=/var/www/vhosts/dienmaychuyennghiep.com/httpdocs/wp-content/uploads/2024/07/Sencan-530603-dau-6-6-510x510.png&path=/var/www/vhosts/dienmaychuyennghiep.com/httpdocs/wp-content/uploads/2024/07 HTTP/2" 200 151105 "https://dienmaychuyennghiep.com/khuyen-mai/khuyen-mai-dongcheng?path=/var/www/vhosts/dienmaychuyennghiep.com/httpdocs/wp-content/uploads/2024/07" "Mozilla/5.0 AppleWebKit/537.36 (KHTML, like Gecko; compatible; GPTBot/1.4; +https://openai.com/gptbot)"
74.7.227.40 - - [10/Jun/2026:03:49:38 +0700] "GET /%22https:/bizweb.dktcdn.net/100/489/103/files/8.jpg?filesrc=/var/www/vhosts/dienmaychuyennghiep.com/httpdocs/wp-content/uploads/2024/07/BO4557-4-600x600.png&path=/var/www/vhosts/dienmaychuyennghiep.com/httpdocs/wp-content/uploads/2024/07 HTTP/2" 200 231980 "https://pemcom.vn/%22https:/bizweb.dktcdn.net/100/489/103/files/8.jpg?path=/var/www/vhosts/dienmaychuyennghiep.com/httpdocs/wp-content/uploads/2024/07" "Mozilla/5.0 AppleWebKit/537.36 (KHTML, like Gecko; compatible; GPTBot/1.4; +https://openai.com/gptbot)"
74.7.242.23 - - [10/Jun/2026:03:49:38 +0700] "GET /khuyen-mai/khuyen-mai-dongcheng?filesrc=/var/www/vhosts/dienmaychuyennghiep.com/httpdocs/wp-content/uploads/2024/06/D28413-B1-5-600x600.png&path=/var/www/vhosts/dienmaychuyennghiep.com/httpdocs/wp-content/uploads/2024/06 HTTP/2" 200 133585 "https://dienmaychuyennghiep.com/khuyen-mai/khuyen-mai-dongcheng?path=/var/www/vhosts/dienmaychuyennghiep.com/httpdocs/wp-content/uploads/2024/06" "Mozilla/5.0 AppleWebKit/537.36 (KHTML, like Gecko; compatible; GPTBot/1.4; +https://openai.com/gptbot)"
74.7.242.23 - - [10/Jun/2026:03:49:40 +0700] "GET /khuyen-mai/khuyen-mai-dongcheng?filesrc=/var/www/vhosts/dienmaychuyennghiep.com/httpdocs/wp-content/uploads/2024/06/GWS-2200-230-2-1024x1024.png&path=/var/www/vhosts/dienmaychuyennghiep.com/httpdocs/wp-content/uploads/2024/06 HTTP/2" 200 297984 "https://dienmaychuyennghiep.com/khuyen-mai/khuyen-mai-dongcheng?path=/var/www/vhosts/dienmaychuyennghiep.com/httpdocs/wp-content/uploads/2024/06" "Mozilla/5.0 AppleWebKit/537.36 (KHTML, like Gecko; compatible; GPTBot/1.4; +https://openai.com/gptbot)"
216.73.216.74 - - [10/Jun/2026:03:49:39 +0700] "GET /wp-sitemap.xml?filesrc=%2Fvar%2Fwww%2Fvhosts%2Fdienmaychuyennghiep.com%2Fhttpdocs%2Fwp-content%2Fuploads%2F2025%2F07%2FRB-22-2-247x296.jpg&path=%2Fvar%2Fwww%2Fvhosts%2Fdienmaychuyennghiep.com%2Fhttpdocs%2Fwp-content%2Fuploads%2F2025%2F07 HTTP/2" 200 28090 "-" "Mozilla/5.0 AppleWebKit/537.36 (KHTML, like Gecko; compatible; ClaudeBot/1.0; +claudebot@anthropic.com)"
74.7.227.40 - - [10/Jun/2026:03:49:40 +0700] "GET /%22https:/bizweb.dktcdn.net/100/489/103/files/8.jpg?filesrc=/var/www/vhosts/dienmaychuyennghiep.com/httpdocs/wp-content/uploads/2024/07/M2300B-5-247x296.png&path=/var/www/vhosts/dienmaychuyennghiep.com/httpdocs/wp-content/uploads/2024/07 HTTP/2" 200 94085 "https://pemcom.vn/%22https:/bizweb.dktcdn.net/100/489/103/files/8.jpg?path=/var/www/vhosts/dienmaychuyennghiep.com/httpdocs/wp-content/uploads/2024/07" "Mozilla/5.0 AppleWebKit/537.36 (KHTML, like Gecko; compatible; GPTBot/1.4; +https://openai.com/gptbot)"
74.7.227.40 - - [10/Jun/2026:03:49:41 +0700] "GET /%22https:/bizweb.dktcdn.net/100/489/103/files/8.jpg?filesrc=/var/www/vhosts/dienmaychuyennghiep.com/httpdocs/wp-content/uploads/2024/07/SP6000-6-247x296.png&path=/var/www/vhosts/dienmaychuyennghiep.com/httpdocs/wp-content/uploads/2024/07 HTTP/2" 200 80609 "https://pemcom.vn/%22https:/bizweb.dktcdn.net/100/489/103/files/8.jpg?path=/var/www/vhosts/dienmaychuyennghiep.com/httpdocs/wp-content/uploads/2024/07" "Mozilla/5.0 AppleWebKit/537.36 (KHTML, like Gecko; compatible; GPTBot/1.4; +https://openai.com/gptbot)"
216.73.216.74 - - [10/Jun/2026:03:49:42 +0700] "GET /wp-sitemap.xml?filesrc=%2Fvar%2Fwww%2Fvhosts%2Fdienmaychuyennghiep.com%2Fhttpdocs%2Fwp-content%2Fuploads%2F2025%2F07%2Fumk450t_6-407x400.png&path=%2Fvar%2Fwww%2Fvhosts%2Fdienmaychuyennghiep.com%2Fhttpdocs%2Fwp-content%2Fuploads%2F2025%2F07 HTTP/2" 200 43328 "-" "Mozilla/5.0 AppleWebKit/537.36 (KHTML, like Gecko; compatible; ClaudeBot/1.0; +claudebot@anthropic.com)"
37.59.204.153 - - [10/Jun/2026:03:49:43 +0700] "GET /products/46497207902 HTTP/2" 200 19517 "-" "Mozilla/5.0 (compatible; AhrefsBot/7.0; +http://ahrefs.com/robot/)"
74.7.242.23 - - [10/Jun/2026:03:49:42 +0700] "GET /khuyen-mai/khuyen-mai-dongcheng?filesrc=/var/www/vhosts/dienmaychuyennghiep.com/httpdocs/wp-content/uploads/2024/06/D28413-B1-3-1-1024x1024.png&path=/var/www/vhosts/dienmaychuyennghiep.com/httpdocs/wp-content/uploads/2024/06 HTTP/2" 200 404929 "https://dienmaychuyennghiep.com/khuyen-mai/khuyen-mai-dongcheng?path=/var/www/vhosts/dienmaychuyennghiep.com/httpdocs/wp-content/uploads/2024/06" "Mozilla/5.0 AppleWebKit/537.36 (KHTML, like Gecko; compatible; GPTBot/1.4; +https://openai.com/gptbot)"
74.7.227.40 - - [10/Jun/2026:03:49:43 +0700] "GET /%22https:/bizweb.dktcdn.net/100/489/103/files/8.jpg?filesrc=/var/www/vhosts/dienmaychuyennghiep.com/httpdocs/wp-content/uploads/2024/07/UT2204-2-300x300.png&path=/var/www/vhosts/dienmaychuyennghiep.com/httpdocs/wp-content/uploads/2024/07 HTTP/2" 200 97121 "https://pemcom.vn/%22https:/bizweb.dktcdn.net/100/489/103/files/8.jpg?path=/var/www/vhosts/dienmaychuyennghiep.com/httpdocs/wp-content/uploads/2024/07" "Mozilla/5.0 AppleWebKit/537.36 (KHTML, like Gecko; compatible; GPTBot/1.4; +https://openai.com/gptbot)"
74.7.242.23 - - [10/Jun/2026:03:49:44 +0700] "GET /khuyen-mai/khuyen-mai-dongcheng?filesrc=/var/www/vhosts/dienmaychuyennghiep.com/httpdocs/wp-content/uploads/2024/07/Sencan-530603-dau-6-3-1024x1024.png&path=/var/www/vhosts/dienmaychuyennghiep.com/httpdocs/wp-content/uploads/2024/07 HTTP/2" 200 466133 "https://dienmaychuyennghiep.com/khuyen-mai/khuyen-mai-dongcheng?path=/var/www/vhosts/dienmaychuyennghiep.com/httpdocs/wp-content/uploads/2024/07" "Mozilla/5.0 AppleWebKit/537.36 (KHTML, like Gecko; compatible; GPTBot/1.4; +https://openai.com/gptbot)"
74.7.241.19 - - [10/Jun/2026:03:49:37 +0700] "GET /san-pham/may-khoan-bat-vit-dongcheng-djz08-10/ HTTP/2" 200 62952 "https://pemco.com.vn/wp-sitemap-posts-product-1.xml" "Mozilla/5.0 AppleWebKit/537.36 (KHTML, like Gecko; compatible; GPTBot/1.4; +https://openai.com/gptbot)"
216.73.216.74 - - [10/Jun/2026:03:49:45 +0700] "GET /wp-sitemap.xml?filesrc=%2Fvar%2Fwww%2Fvhosts%2Fdienmaychuyennghiep.com%2Fhttpdocs%2Fwp-content%2Fuploads%2F2025%2F07%2Fdownload-1-247x296.png&path=%2Fvar%2Fwww%2Fvhosts%2Fdienmaychuyennghiep.com%2Fhttpdocs%2Fwp-content%2Fuploads%2F2025%2F07 HTTP/2" 200 50105 "-" "Mozilla/5.0 AppleWebKit/537.36 (KHTML, like Gecko; compatible; ClaudeBot/1.0; +claudebot@anthropic.com)"
74.7.227.40 - - [10/Jun/2026:03:49:45 +0700] "GET /%22https:/bizweb.dktcdn.net/100/489/103/files/8.jpg?filesrc=/var/www/vhosts/dienmaychuyennghiep.com/httpdocs/wp-content/uploads/2024/07/AF504Z-5-600x600.png&path=/var/www/vhosts/dienmaychuyennghiep.com/httpdocs/wp-content/uploads/2024/07 HTTP/2" 200 269523 "https://pemcom.vn/%22https:/bizweb.dktcdn.net/100/489/103/files/8.jpg?path=/var/www/vhosts/dienmaychuyennghiep.com/httpdocs/wp-content/uploads/2024/07" "Mozilla/5.0 AppleWebKit/537.36 (KHTML, like Gecko; compatible; GPTBot/1.4; +https://openai.com/gptbot)"
92.222.104.219 - - [10/Jun/2026:03:49:45 +0700] "GET /products/46497203344 HTTP/2" 200 19517 "-" "Mozilla/5.0 (compatible; AhrefsBot/7.0; +http://ahrefs.com/robot/)"
74.7.242.23 - - [10/Jun/2026:03:49:46 +0700] "GET /khuyen-mai/khuyen-mai-dongcheng?filesrc=/var/www/vhosts/dienmaychuyennghiep.com/httpdocs/wp-content/uploads/2024/06/D100-ASM05-100B-5-300x300.png&path=/var/www/vhosts/dienmaychuyennghiep.com/httpdocs/wp-content/uploads/2024/06 HTTP/2" 200 76242 "https://dienmaychuyennghiep.com/khuyen-mai/khuyen-mai-dongcheng?path=/var/www/vhosts/dienmaychuyennghiep.com/httpdocs/wp-content/uploads/2024/06" "Mozilla/5.0 AppleWebKit/537.36 (KHTML, like Gecko; compatible; GPTBot/1.4; +https://openai.com/gptbot)"
74.7.227.40 - - [10/Jun/2026:03:49:47 +0700] "GET /%22https:/bizweb.dktcdn.net/100/489/103/files/8.jpg?filesrc=/var/www/vhosts/dienmaychuyennghiep.com/httpdocs/wp-content/uploads/2024/07/GD0801C-1-247x296.png&path=/var/www/vhosts/dienmaychuyennghiep.com/httpdocs/wp-content/uploads/2024/07 HTTP/2" 200 65921 "https://pemcom.vn/%22https:/bizweb.dktcdn.net/100/489/103/files/8.jpg?path=/var/www/vhosts/dienmaychuyennghiep.com/httpdocs/wp-content/uploads/2024/07" "Mozilla/5.0 AppleWebKit/537.36 (KHTML, like Gecko; compatible; GPTBot/1.4; +https://openai.com/gptbot)"
74.7.241.19 - - [10/Jun/2026:03:49:46 +0700] "GET /san-pham/may-hut-bui-cong-nghiep-3-chuc-nang-stanley-sl19199-16a/ HTTP/2" 200 62805 "https://pemco.com.vn/wp-sitemap-posts-product-1.xml" "Mozilla/5.0 AppleWebKit/537.36 (KHTML, like Gecko; compatible; GPTBot/1.4; +https://openai.com/gptbot)"
74.7.242.23 - - [10/Jun/2026:03:49:48 +0700] "GET /khuyen-mai/khuyen-mai-dongcheng?filesrc=/var/www/vhosts/dienmaychuyennghiep.com/httpdocs/wp-content/uploads/2024/06/D100-ASM17-100-2-510x510.png&path=/var/www/vhosts/dienmaychuyennghiep.com/httpdocs/wp-content/uploads/2024/06 HTTP/2" 200 124332 "https://dienmaychuyennghiep.com/khuyen-mai/khuyen-mai-dongcheng?path=/var/www/vhosts/dienmaychuyennghiep.com/httpdocs/wp-content/uploads/2024/06" "Mozilla/5.0 AppleWebKit/537.36 (KHTML, like Gecko; compatible; GPTBot/1.4; +https://openai.com/gptbot)"
74.7.227.40 - - [10/Jun/2026:03:49:49 +0700] "GET /%22https:/bizweb.dktcdn.net/100/489/103/files/8.jpg?filesrc=/var/www/vhosts/dienmaychuyennghiep.com/httpdocs/wp-content/uploads/2024/07/M0910B-4-247x296.png&path=/var/www/vhosts/dienmaychuyennghiep.com/httpdocs/wp-content/uploads/2024/07 HTTP/2" 200 62662 "https://pemcom.vn/%22https:/bizweb.dktcdn.net/100/489/103/files/8.jpg?path=/var/www/vhosts/dienmaychuyennghiep.com/httpdocs/wp-content/uploads/2024/07" "Mozilla/5.0 AppleWebKit/537.36 (KHTML, like Gecko; compatible; GPTBot/1.4; +https://openai.com/gptbot)"
216.73.216.74 - - [10/Jun/2026:03:49:51 +0700] "GET /wp-sitemap.xml?filesrc=%2Fvar%2Fwww%2Fvhosts%2Fdienmaychuyennghiep.com%2Fhttpdocs%2Fwp-content%2Fuploads%2F2024%2F06%2FDCD999-1.png&path=%2Fvar%2Fwww%2Fvhosts%2Fdienmaychuyennghiep.com%2Fhttpdocs%2Fwp-content%2Fuploads%2F2024%2F06 HTTP/2" 200 442916 "-" "Mozilla/5.0 AppleWebKit/537.36 (KHTML, like Gecko; compatible; ClaudeBot/1.0; +claudebot@anthropic.com)"
74.7.242.23 - - [10/Jun/2026:03:49:50 +0700] "GET /khuyen-mai/khuyen-mai-dongcheng?filesrc=/var/www/vhosts/dienmaychuyennghiep.com/httpdocs/wp-content/uploads/2024/06/D100-ASM06-100-6-300x300.png&path=/var/www/vhosts/dienmaychuyennghiep.com/httpdocs/wp-content/uploads/2024/06 HTTP/2" 200 72855 "https://dienmaychuyennghiep.com/khuyen-mai/khuyen-mai-dongcheng?path=/var/www/vhosts/dienmaychuyennghiep.com/httpdocs/wp-content/uploads/2024/06" "Mozilla/5.0 AppleWebKit/537.36 (KHTML, like Gecko; compatible; GPTBot/1.4; +https://openai.com/gptbot)"
74.7.227.40 - - [10/Jun/2026:03:49:51 +0700] "GET /%22https:/bizweb.dktcdn.net/100/489/103/files/8.jpg?filesrc=/var/www/vhosts/dienmaychuyennghiep.com/httpdocs/wp-content/uploads/2024/07/M4301B-6-768x768.png&path=/var/www/vhosts/dienmaychuyennghiep.com/httpdocs/wp-content/uploads/2024/07 HTTP/2" 200 378033 "https://pemcom.vn/%22https:/bizweb.dktcdn.net/100/489/103/files/8.jpg?path=/var/www/vhosts/dienmaychuyennghiep.com/httpdocs/wp-content/uploads/2024/07" "Mozilla/5.0 AppleWebKit/537.36 (KHTML, like Gecko; compatible; GPTBot/1.4; +https://openai.com/gptbot)"
74.7.242.23 - - [10/Jun/2026:03:49:52 +0700] "GET /khuyen-mai/khuyen-mai-dongcheng?filesrc=/var/www/vhosts/dienmaychuyennghiep.com/httpdocs/wp-content/uploads/2024/07/Sencan-530603-dau-6-6-300x300.png&path=/var/www/vhosts/dienmaychuyennghiep.com/httpdocs/wp-content/uploads/2024/07 HTTP/2" 200 74954 "https://dienmaychuyennghiep.com/khuyen-mai/khuyen-mai-dongcheng?path=/var/www/vhosts/dienmaychuyennghiep.com/httpdocs/wp-content/uploads/2024/07" "Mozilla/5.0 AppleWebKit/537.36 (KHTML, like Gecko; compatible; GPTBot/1.4; +https://openai.com/gptbot)"
74.7.241.19 - - [10/Jun/2026:03:49:50 +0700] "GET /san-pham/may-cua-vong-dung-pin-dewalt-dcs374n-kr/ HTTP/2" 200 63005 "https://pemco.com.vn/wp-sitemap-posts-product-1.xml" "Mozilla/5.0 AppleWebKit/537.36 (KHTML, like Gecko; compatible; GPTBot/1.4; +https://openai.com/gptbot)"
216.73.216.74 - - [10/Jun/2026:03:49:53 +0700] "GET /wp-sitemap.xml?filesrc=%2Fvar%2Fwww%2Fvhosts%2Fdienmaychuyennghiep.com%2Fhttpdocs%2Fwp-content%2Fuploads%2F2024%2F06%2FGW060-2.png&path=%2Fvar%2Fwww%2Fvhosts%2Fdienmaychuyennghiep.com%2Fhttpdocs%2Fwp-content%2Fuploads%2F2024%2F06 HTTP/2" 200 464176 "-" "Mozilla/5.0 AppleWebKit/537.36 (KHTML, like Gecko; compatible; ClaudeBot/1.0; +claudebot@anthropic.com)"
116.179.37.107 - - [10/Jun/2026:03:49:54 +0700] "GET /wp-content/uploads/2025/07/TIG400-W23-1080x1080-1-247x296.jpg HTTP/1.1" 200 14122 "https://dienmaychuyennghiep.com/san-pham/may-han-tig-acdc-xung-que-hong-ky-master-hktig320ax/" "Mozilla/5.0 (compatible; Baiduspider-render/2.0; +http://www.baidu.com/search/spider.html)"
74.7.227.40 - - [10/Jun/2026:03:49:53 +0700] "GET /%22https:/bizweb.dktcdn.net/100/489/103/files/8.jpg?filesrc=/var/www/vhosts/dienmaychuyennghiep.com/httpdocs/wp-content/uploads/2024/07/M0801B-5-300x300.png&path=/var/www/vhosts/dienmaychuyennghiep.com/httpdocs/wp-content/uploads/2024/07 HTTP/2" 200 85121 "https://pemcom.vn/%22https:/bizweb.dktcdn.net/100/489/103/files/8.jpg?path=/var/www/vhosts/dienmaychuyennghiep.com/httpdocs/wp-content/uploads/2024/07" "Mozilla/5.0 AppleWebKit/537.36 (KHTML, like Gecko; compatible; GPTBot/1.4; +https://openai.com/gptbot)"
116.179.37.2 - - [10/Jun/2026:03:49:55 +0700] "GET /wp-content/uploads/2025/07/HKTIG320AX-510x401.webp HTTP/1.1" 200 16153 "https://dienmaychuyennghiep.com/san-pham/may-han-tig-acdc-xung-que-hong-ky-master-hktig320ax/" "Mozilla/5.0 (compatible; Baiduspider-render/2.0; +http://www.baidu.com/search/spider.html)"
116.179.37.201 - - [10/Jun/2026:03:49:56 +0700] "GET /wp-content/uploads/2025/07/HKTIG320AX-2-510x510.webp HTTP/1.1" 200 17893 "https://dienmaychuyennghiep.com/san-pham/may-han-tig-acdc-xung-que-hong-ky-master-hktig320ax/" "Mozilla/5.0 (compatible; Baiduspider-render/2.0; +http://www.baidu.com/search/spider.html)"
116.179.37.236 - - [10/Jun/2026:03:49:56 +0700] "GET /wp-content/uploads/2025/07/HKTIG320AX-4-247x296.webp HTTP/1.1" 200 8298 "https://dienmaychuyennghiep.com/san-pham/may-han-tig-acdc-xung-que-hong-ky-master-hktig320ax/" "Mozilla/5.0 (compatible; Baiduspider-render/2.0; +http://www.baidu.com/search/spider.html)"
116.179.37.237 - - [10/Jun/2026:03:49:56 +0700] "GET /wp-content/uploads/2025/07/HKTIG320AX-4-510x330.webp HTTP/1.1" 200 9388 "https://dienmaychuyennghiep.com/san-pham/may-han-tig-acdc-xung-que-hong-ky-master-hktig320ax/" "Mozilla/5.0 (compatible; Baiduspider-render/2.0; +http://www.baidu.com/search/spider.html)"
116.179.37.50 - - [10/Jun/2026:03:49:56 +0700] "GET /wp-content/uploads/2025/07/HKTIG320AX-3-510x510.webp HTTP/1.1" 200 17717 "https://dienmaychuyennghiep.com/san-pham/may-han-tig-acdc-xung-que-hong-ky-master-hktig320ax/" "Mozilla/5.0 (compatible; Baiduspider-render/2.0; +http://www.baidu.com/search/spider.html)"
74.7.242.23 - - [10/Jun/2026:03:49:54 +0700] "GET /khuyen-mai/khuyen-mai-dongcheng?filesrc=/var/www/vhosts/dienmaychuyennghiep.com/httpdocs/wp-content/uploads/2024/06/D28413-B1-6-510x510.png&path=/var/www/vhosts/dienmaychuyennghiep.com/httpdocs/wp-content/uploads/2024/06 HTTP/2" 200 417356 "https://dienmaychuyennghiep.com/khuyen-mai/khuyen-mai-dongcheng?path=/var/www/vhosts/dienmaychuyennghiep.com/httpdocs/wp-content/uploads/2024/06" "Mozilla/5.0 AppleWebKit/537.36 (KHTML, like Gecko; compatible; GPTBot/1.4; +https://openai.com/gptbot)"
116.179.37.196 - - [10/Jun/2026:03:49:56 +0700] "GET /wp-content/uploads/2025/07/HKTIG320AX-3-247x296.webp HTTP/1.1" 200 9480 "https://dienmaychuyennghiep.com/san-pham/may-han-tig-acdc-xung-que-hong-ky-master-hktig320ax/" "Mozilla/5.0 (compatible; Baiduspider-render/2.0; +http://www.baidu.com/search/spider.html)"
74.7.241.19 - - [10/Jun/2026:03:49:54 +0700] "GET /san-pham/may-khoan-dong-luc-makita-mt-m8100b/ HTTP/2" 200 63170 "https://pemco.com.vn/wp-sitemap-posts-product-1.xml" "Mozilla/5.0 AppleWebKit/537.36 (KHTML, like Gecko; compatible; GPTBot/1.4; +https://openai.com/gptbot)"
116.179.37.38 - - [10/Jun/2026:03:49:57 +0700] "GET /wp-content/uploads/2025/07/HKTIG320AX.webp HTTP/1.1" 200 83514 "https://dienmaychuyennghiep.com/san-pham/may-han-tig-acdc-xung-que-hong-ky-master-hktig320ax/" "Mozilla/5.0 (compatible; Baiduspider-render/2.0; +http://www.baidu.com/search/spider.html)"
216.73.216.74 - - [10/Jun/2026:03:49:56 +0700] "GET /wp-sitemap.xml?filesrc=%2Fvar%2Fwww%2Fvhosts%2Fdienmaychuyennghiep.com%2Fhttpdocs%2Fwp-content%2Fuploads%2F2024%2F06%2F9533B.5.png&path=%2Fvar%2Fwww%2Fvhosts%2Fdienmaychuyennghiep.com%2Fhttpdocs%2Fwp-content%2Fuploads%2F2024%2F06 HTTP/2" 200 235611 "-" "Mozilla/5.0 AppleWebKit/537.36 (KHTML, like Gecko; compatible; ClaudeBot/1.0; +claudebot@anthropic.com)"
74.7.242.23 - - [10/Jun/2026:03:49:56 +0700] "GET /khuyen-mai/khuyen-mai-dongcheng?filesrc=/var/www/vhosts/dienmaychuyennghiep.com/httpdocs/wp-content/uploads/2024/07/Sencan-531011-3-1-100x100.png&path=/var/www/vhosts/dienmaychuyennghiep.com/httpdocs/wp-content/uploads/2024/07 HTTP/2" 200 30289 "https://dienmaychuyennghiep.com/khuyen-mai/khuyen-mai-dongcheng?path=/var/www/vhosts/dienmaychuyennghiep.com/httpdocs/wp-content/uploads/2024/07" "Mozilla/5.0 AppleWebKit/537.36 (KHTML, like Gecko; compatible; GPTBot/1.4; +https://openai.com/gptbot)"
74.7.227.40 - - [10/Jun/2026:03:49:55 +0700] "GET /%22https:/bizweb.dktcdn.net/100/489/103/files/8.jpg?filesrc=/var/www/vhosts/dienmaychuyennghiep.com/httpdocs/wp-content/uploads/2024/07/M9508B-6-300x300.png&path=/var/www/vhosts/dienmaychuyennghiep.com/httpdocs/wp-content/uploads/2024/07 HTTP/2" 200 66618 "https://pemcom.vn/%22https:/bizweb.dktcdn.net/100/489/103/files/8.jpg?path=/var/www/vhosts/dienmaychuyennghiep.com/httpdocs/wp-content/uploads/2024/07" "Mozilla/5.0 AppleWebKit/537.36 (KHTML, like Gecko; compatible; GPTBot/1.4; +https://openai.com/gptbot)"
74.7.241.19 - - [10/Jun/2026:03:49:57 +0700] "GET /wp-content/uploads/2025/10/may-van-vit-thach-cao-dung-pin-20v-dewalt-dcf630b-chua-pin-sac-1687923243-247x296.jpg HTTP/2" 200 18462 "https://pemco.com.vn/danh-muc-san-pham/may-bat-vit-dung-pin/" "Mozilla/5.0 AppleWebKit/537.36 (KHTML, like Gecko; compatible; GPTBot/1.4; +https://openai.com/gptbot)"
74.7.241.19 - - [10/Jun/2026:03:49:58 +0700] "GET /wp-content/uploads/2025/09/may-cat-canh-dung-pin-20v-dck-kdyd25type-bm-1705030055-247x296.jpg HTTP/2" 200 16299 "https://pemco.com.vn/tu-khoa-san-pham/may-cat-canh-dung-pin/" "Mozilla/5.0 AppleWebKit/537.36 (KHTML, like Gecko; compatible; GPTBot/1.4; +https://openai.com/gptbot)"
94.23.188.215 - - [10/Jun/2026:03:49:57 +0700] "GET /products/4649720699 HTTP/2" 200 19517 "-" "Mozilla/5.0 (compatible; AhrefsBot/7.0; +http://ahrefs.com/robot/)"
74.7.227.40 - - [10/Jun/2026:03:49:57 +0700] "GET /%22https:/bizweb.dktcdn.net/100/489/103/files/8.jpg?filesrc=/var/www/vhosts/dienmaychuyennghiep.com/httpdocs/wp-content/uploads/2024/07/M4000B-5-100x100.png&path=/var/www/vhosts/dienmaychuyennghiep.com/httpdocs/wp-content/uploads/2024/07 HTTP/2" 200 30713 "https://pemcom.vn/%22https:/bizweb.dktcdn.net/100/489/103/files/8.jpg?path=/var/www/vhosts/dienmaychuyennghiep.com/httpdocs/wp-content/uploads/2024/07" "Mozilla/5.0 AppleWebKit/537.36 (KHTML, like Gecko; compatible; GPTBot/1.4; +https://openai.com/gptbot)"
74.7.242.23 - - [10/Jun/2026:03:49:57 +0700] "GET /khuyen-mai/khuyen-mai-dongcheng?filesrc=/var/www/vhosts/dienmaychuyennghiep.com/httpdocs/wp-content/uploads/2024/06/D100-ASM15-100B-5-600x600.png&path=/var/www/vhosts/dienmaychuyennghiep.com/httpdocs/wp-content/uploads/2024/06 HTTP/2" 200 200292 "https://dienmaychuyennghiep.com/khuyen-mai/khuyen-mai-dongcheng?path=/var/www/vhosts/dienmaychuyennghiep.com/httpdocs/wp-content/uploads/2024/06" "Mozilla/5.0 AppleWebKit/537.36 (KHTML, like Gecko; compatible; GPTBot/1.4; +https://openai.com/gptbot)"
216.73.216.74 - - [10/Jun/2026:03:49:59 +0700] "GET /wp-sitemap.xml?filesrc=%2Fvar%2Fwww%2Fvhosts%2Fdienmaychuyennghiep.com%2Fhttpdocs%2Fwp-content%2Fuploads%2F2024%2F06%2FGWS-6-100s.png&path=%2Fvar%2Fwww%2Fvhosts%2Fdienmaychuyennghiep.com%2Fhttpdocs%2Fwp-content%2Fuploads%2F2024%2F06 HTTP/2" 200 515808 "-" "Mozilla/5.0 AppleWebKit/537.36 (KHTML, like Gecko; compatible; ClaudeBot/1.0; +claudebot@anthropic.com)"
74.7.241.19 - - [10/Jun/2026:03:49:58 +0700] "GET /?p=8626 HTTP/2" 200 19760 "https://pemco.com.vn/san-pham/may-thoi-hoidung-pin-dewalt-dcm562n-kr/" "Mozilla/5.0 AppleWebKit/537.36 (KHTML, like Gecko; compatible; GPTBot/1.4; +https://openai.com/gptbot)"
74.7.227.40 - - [10/Jun/2026:03:49:59 +0700] "GET /%22https:/bizweb.dktcdn.net/100/489/103/files/8.jpg?filesrc=/var/www/vhosts/dienmaychuyennghiep.com/httpdocs/wp-content/uploads/2024/07/FS6300-1-1024x576.png&path=/var/www/vhosts/dienmaychuyennghiep.com/httpdocs/wp-content/uploads/2024/07 HTTP/2" 200 247992 "https://pemcom.vn/%22https:/bizweb.dktcdn.net/100/489/103/files/8.jpg?path=/var/www/vhosts/dienmaychuyennghiep.com/httpdocs/wp-content/uploads/2024/07" "Mozilla/5.0 AppleWebKit/537.36 (KHTML, like Gecko; compatible; GPTBot/1.4; +https://openai.com/gptbot)"
74.7.242.23 - - [10/Jun/2026:03:49:59 +0700] "GET /khuyen-mai/khuyen-mai-dongcheng?filesrc=/var/www/vhosts/dienmaychuyennghiep.com/httpdocs/wp-content/uploads/2024/06/DSM-05-100B-6-1024x1024.png&path=/var/www/vhosts/dienmaychuyennghiep.com/httpdocs/wp-content/uploads/2024/06 HTTP/2" 200 373107 "https://dienmaychuyennghiep.com/khuyen-mai/khuyen-mai-dongcheng?path=/var/www/vhosts/dienmaychuyennghiep.com/httpdocs/wp-content/uploads/2024/06" "Mozilla/5.0 AppleWebKit/537.36 (KHTML, like Gecko; compatible; GPTBot/1.4; +https://openai.com/gptbot)"
74.7.241.19 - - [10/Jun/2026:03:50:00 +0700] "GET /?p=3425 HTTP/2" 200 19517 "https://pemco.com.vn/san-pham/may-cua-da-goc-laser-makita-ls1016/" "Mozilla/5.0 AppleWebKit/537.36 (KHTML, like Gecko; compatible; GPTBot/1.4; +https://openai.com/gptbot)"
74.7.227.40 - - [10/Jun/2026:03:50:00 +0700] "GET /%22https:/bizweb.dktcdn.net/100/489/103/files/8.jpg?filesrc=/var/www/vhosts/dienmaychuyennghiep.com/httpdocs/wp-content/uploads/2024/07/N1900B-4-247x296.png&path=/var/www/vhosts/dienmaychuyennghiep.com/httpdocs/wp-content/uploads/2024/07 HTTP/2" 200 82649 "https://pemcom.vn/%22https:/bizweb.dktcdn.net/100/489/103/files/8.jpg?path=/var/www/vhosts/dienmaychuyennghiep.com/httpdocs/wp-content/uploads/2024/07" "Mozilla/5.0 AppleWebKit/537.36 (KHTML, like Gecko; compatible; GPTBot/1.4; +https://openai.com/gptbot)"
74.7.242.23 - - [10/Jun/2026:03:50:01 +0700] "GET /khuyen-mai/khuyen-mai-dongcheng?filesrc=/var/www/vhosts/dienmaychuyennghiep.com/httpdocs/wp-content/uploads/2024/06/GWS-12-125S-5-1024x1024.png&path=/var/www/vhosts/dienmaychuyennghiep.com/httpdocs/wp-content/uploads/2024/06 HTTP/2" 200 337414 "https://dienmaychuyennghiep.com/khuyen-mai/khuyen-mai-dongcheng?path=/var/www/vhosts/dienmaychuyennghiep.com/httpdocs/wp-content/uploads/2024/06" "Mozilla/5.0 AppleWebKit/537.36 (KHTML, like Gecko; compatible; GPTBot/1.4; +https://openai.com/gptbot)"
216.73.216.74 - - [10/Jun/2026:03:50:02 +0700] "GET /wp-sitemap.xml?filesrc=%2Fvar%2Fwww%2Fvhosts%2Fdienmaychuyennghiep.com%2Fhttpdocs%2Fwp-content%2Fuploads%2F2024%2F06%2F6412-3.png&path=%2Fvar%2Fwww%2Fvhosts%2Fdienmaychuyennghiep.com%2Fhttpdocs%2Fwp-content%2Fuploads%2F2024%2F06 HTTP/2" 200 532873 "-" "Mozilla/5.0 AppleWebKit/537.36 (KHTML, like Gecko; compatible; ClaudeBot/1.0; +claudebot@anthropic.com)"
74.7.227.40 - - [10/Jun/2026:03:50:02 +0700] "GET /%22https:/bizweb.dktcdn.net/100/489/103/files/8.jpg?filesrc=/var/www/vhosts/dienmaychuyennghiep.com/httpdocs/wp-content/uploads/2024/07/GA5020-6-300x300.png&path=/var/www/vhosts/dienmaychuyennghiep.com/httpdocs/wp-content/uploads/2024/07 HTTP/2" 200 69566 "https://pemcom.vn/%22https:/bizweb.dktcdn.net/100/489/103/files/8.jpg?path=/var/www/vhosts/dienmaychuyennghiep.com/httpdocs/wp-content/uploads/2024/07" "Mozilla/5.0 AppleWebKit/537.36 (KHTML, like Gecko; compatible; GPTBot/1.4; +https://openai.com/gptbot)"
74.7.241.19 - - [10/Jun/2026:03:50:02 +0700] "GET /?p=6346 HTTP/2" 200 19760 "https://pemco.com.vn/san-pham/may-han-mig-tay-sung-doi-nb-160e-jasic/" "Mozilla/5.0 AppleWebKit/537.36 (KHTML, like Gecko; compatible; GPTBot/1.4; +https://openai.com/gptbot)"
74.7.241.19 - - [10/Jun/2026:03:50:04 +0700] "GET /?p=6983 HTTP/2" 200 19499 "https://pemco.com.vn/san-pham/may-cat-sat-thuy-luc-cam-tay-hm-rc-20-vt-cs02/" "Mozilla/5.0 AppleWebKit/537.36 (KHTML, like Gecko; compatible; GPTBot/1.4; +https://openai.com/gptbot)"
5.39.1.251 - - [10/Jun/2026:03:50:04 +0700] "GET /products/46497191068 HTTP/2" 200 19499 "-" "Mozilla/5.0 (compatible; AhrefsBot/7.0; +http://ahrefs.com/robot/)"
74.7.242.23 - - [10/Jun/2026:03:50:04 +0700] "GET /khuyen-mai/khuyen-mai-dongcheng?filesrc=/var/www/vhosts/dienmaychuyennghiep.com/httpdocs/wp-content/uploads/2024/06/D100-ASM04-100B-5-150x150.png&path=/var/www/vhosts/dienmaychuyennghiep.com/httpdocs/wp-content/uploads/2024/06 HTTP/2" 200 37171 "https://dienmaychuyennghiep.com/khuyen-mai/khuyen-mai-dongcheng?path=/var/www/vhosts/dienmaychuyennghiep.com/httpdocs/wp-content/uploads/2024/06" "Mozilla/5.0 AppleWebKit/537.36 (KHTML, like Gecko; compatible; GPTBot/1.4; +https://openai.com/gptbot)"
