216.73.216.203 - - [10/Jun/2026:03:42:18 +0700] "GET /?filesrc=%2Fvar%2Fwww%2Fvhosts%2Fdienmaychuyennghiep.com%2Fhttpdocs%2Fwp-admin%2Fcss%2Fview-transitions.min.css&path=%2Fvar%2Fwww%2Fvhosts%2Fdienmaychuyennghiep.com%2Fhttpdocs%2Fwp-admin%2Fcss HTTP/2" 403 370 "-" "Mozilla/5.0 AppleWebKit/537.36 (KHTML, like Gecko; compatible; ClaudeBot/1.0; +claudebot@anthropic.com)"
216.73.216.203 - - [10/Jun/2026:03:42:18 +0700] "GET /?filesrc=%2Fvar%2Fwww%2Fvhosts%2Fdienmaychuyennghiep.com%2Fhttpdocs%2Fwp-admin%2Fcss%2Ffarbtastic-rtl.min.css&path=%2Fvar%2Fwww%2Fvhosts%2Fdienmaychuyennghiep.com%2Fhttpdocs%2Fwp-admin%2Fcss HTTP/2" 403 370 "-" "Mozilla/5.0 AppleWebKit/537.36 (KHTML, like Gecko; compatible; ClaudeBot/1.0; +claudebot@anthropic.com)"
216.73.216.203 - - [10/Jun/2026:03:42:18 +0700] "GET /?filesrc=%2Fvar%2Fwww%2Fvhosts%2Fdienmaychuyennghiep.com%2Fhttpdocs%2Fwp-includes%2Fwidgets%2Fclass-wp-widget-pages.php&path=%2Fvar%2Fwww%2Fvhosts%2Fdienmaychuyennghiep.com%2Fhttpdocs%2Fwp-includes%2Fwidgets HTTP/2" 403 370 "-" "Mozilla/5.0 AppleWebKit/537.36 (KHTML, like Gecko; compatible; ClaudeBot/1.0; +claudebot@anthropic.com)"
216.73.216.203 - - [10/Jun/2026:03:42:18 +0700] "GET /?filesrc=%2Fvar%2Fwww%2Fvhosts%2Fdienmaychuyennghiep.com%2Fhttpdocs%2Fwp-includes%2Fblocks%2Fnavigation-submenu.php&path=%2Fvar%2Fwww%2Fvhosts%2Fdienmaychuyennghiep.com%2Fhttpdocs%2Fwp-includes%2Fblocks HTTP/2" 403 370 "-" "Mozilla/5.0 AppleWebKit/537.36 (KHTML, like Gecko; compatible; ClaudeBot/1.0; +claudebot@anthropic.com)"
216.73.216.203 - - [10/Jun/2026:03:42:18 +0700] "GET /?filesrc=%2Fvar%2Fwww%2Fvhosts%2Fdienmaychuyennghiep.com%2Fhttpdocs%2Fwp-includes%2Fcss%2Fjquery-ui-dialog-rtl.css&path=%2Fvar%2Fwww%2Fvhosts%2Fdienmaychuyennghiep.com%2Fhttpdocs%2Fwp-includes%2Fcss HTTP/2" 403 370 "-" "Mozilla/5.0 AppleWebKit/537.36 (KHTML, like Gecko; compatible; ClaudeBot/1.0; +claudebot@anthropic.com)"
216.73.216.203 - - [10/Jun/2026:03:42:18 +0700] "GET /?filesrc=%2Fvar%2Fwww%2Fvhosts%2Fdienmaychuyennghiep.com%2Fhttpdocs%2Fwp-admin%2Fincludes%2Fnav-menu.php&path=%2Fvar%2Fwww%2Fvhosts%2Fdienmaychuyennghiep.com%2Fhttpdocs%2Fwp-admin%2Fincludes HTTP/2" 403 370 "-" "Mozilla/5.0 AppleWebKit/537.36 (KHTML, like Gecko; compatible; ClaudeBot/1.0; +claudebot@anthropic.com)"
216.73.216.203 - - [10/Jun/2026:03:42:18 +0700] "GET /?filesrc=%2Fvar%2Fwww%2Fvhosts%2Fdienmaychuyennghiep.com%2Fhttpdocs%2Fwp-admin%2Fcss%2Fthemes.min.css&path=%2Fvar%2Fwww%2Fvhosts%2Fdienmaychuyennghiep.com%2Fhttpdocs%2Fwp-admin%2Fcss HTTP/2" 403 370 "-" "Mozilla/5.0 AppleWebKit/537.36 (KHTML, like Gecko; compatible; ClaudeBot/1.0; +claudebot@anthropic.com)"
216.73.216.203 - - [10/Jun/2026:03:42:18 +0700] "GET /?filesrc=%2Fvar%2Fwww%2Fvhosts%2Fdienmaychuyennghiep.com%2Fhttpdocs%2Fwp-admin%2Fincludes%2Fclass-wp-filesystem-direct.php&path=%2Fvar%2Fwww%2Fvhosts%2Fdienmaychuyennghiep.com%2Fhttpdocs%2Fwp-admin%2Fincludes HTTP/2" 403 370 "-" "Mozilla/5.0 AppleWebKit/537.36 (KHTML, like Gecko; compatible; ClaudeBot/1.0; +claudebot@anthropic.com)"
74.7.242.23 - - [10/Jun/2026:03:42:14 +0700] "GET /khuyen-mai/khuyen-mai-dongcheng?filesrc=/var/www/vhosts/dienmaychuyennghiep.com/httpdocs/wp-content/uploads/2024/07/Sencan-531306-dau-13-6-247x296.png&path=/var/www/vhosts/dienmaychuyennghiep.com/httpdocs/wp-content/uploads/2024/07 HTTP/2" 200 64034 "https://dienmaychuyennghiep.com/khuyen-mai/khuyen-mai-dongcheng?path=/var/www/vhosts/dienmaychuyennghiep.com/httpdocs/wp-content/uploads/2024/07" "Mozilla/5.0 AppleWebKit/537.36 (KHTML, like Gecko; compatible; GPTBot/1.4; +https://openai.com/gptbot)"
216.73.216.203 - - [10/Jun/2026:03:42:19 +0700] "GET /?path=%2Fvar%2Fwww%2Fvhosts%2Fdienmaychuyennghiep.com%2Fhttpdocs%2Fwp-includes%2Fblocks%2Faccordion-item HTTP/2" 403 370 "-" "Mozilla/5.0 AppleWebKit/537.36 (KHTML, like Gecko; compatible; ClaudeBot/1.0; +claudebot@anthropic.com)"
40.77.167.61 - - [10/Jun/2026:03:42:15 +0700] "GET /products/5964844704 HTTP/2" 200 19760 "-" "Mozilla/5.0 AppleWebKit/537.36 (KHTML, like Gecko; compatible; bingbot/2.0; +http://www.bing.com/bingbot.htm) Chrome/116.0.1938.76 Safari/537.36"
51.68.247.214 - - [10/Jun/2026:03:42:14 +0700] "GET /products/4649763639 HTTP/2" 200 19517 "-" "Mozilla/5.0 (compatible; AhrefsBot/7.0; +http://ahrefs.com/robot/)"
92.222.108.101 - - [10/Jun/2026:03:42:15 +0700] "GET /products/5572712938 HTTP/2" 200 19760 "-" "Mozilla/5.0 (compatible; AhrefsBot/7.0; +http://ahrefs.com/robot/)"
51.75.236.159 - - [10/Jun/2026:03:42:16 +0700] "GET /products/55727149116 HTTP/2" 200 19760 "-" "Mozilla/5.0 (compatible; AhrefsBot/7.0; +http://ahrefs.com/robot/)"
40.77.167.121 - - [10/Jun/2026:03:42:16 +0700] "GET /products/3337397589 HTTP/2" 200 19517 "-" "Mozilla/5.0 AppleWebKit/537.36 (KHTML, like Gecko; compatible; bingbot/2.0; +http://www.bing.com/bingbot.htm) Chrome/116.0.1938.76 Safari/537.36"
216.73.216.74 - - [10/Jun/2026:03:42:16 +0700] "GET /wp-sitemap.xml?filesrc=%2Fvar%2Fwww%2Fvhosts%2Fdienmaychuyennghiep.com%2Fhttpdocs%2Fwp-content%2Fuploads%2F2025%2F09%2FDW735-KR.jpg&path=%2Fvar%2Fwww%2Fvhosts%2Fdienmaychuyennghiep.com%2Fhttpdocs%2Fwp-content%2Fuploads%2F2025%2F09 HTTP/2" 200 227009 "-" "Mozilla/5.0 AppleWebKit/537.36 (KHTML, like Gecko; compatible; ClaudeBot/1.0; +claudebot@anthropic.com)"
103.138.88.26 - - [10/Jun/2026:03:42:22 +0700] "POST /wp-cron.php?doing_wp_cron=1781037742.3505949974060058593750 HTTP/1.1" 200 474 "-" "WordPress/7.0; https://www.pemco.vn"
74.7.227.40 - - [10/Jun/2026:03:42:16 +0700] "GET /%22https:/bizweb.dktcdn.net/100/489/103/files/8.jpg?filesrc=/var/www/vhosts/dienmaychuyennghiep.com/httpdocs/wp-content/uploads/2024/07/LS1018L-4-300x300.png&path=/var/www/vhosts/dienmaychuyennghiep.com/httpdocs/wp-content/uploads/2024/07 HTTP/2" 200 93149 "https://pemcom.vn/%22https:/bizweb.dktcdn.net/100/489/103/files/8.jpg?path=/var/www/vhosts/dienmaychuyennghiep.com/httpdocs/wp-content/uploads/2024/07" "Mozilla/5.0 AppleWebKit/537.36 (KHTML, like Gecko; compatible; GPTBot/1.4; +https://openai.com/gptbot)"
40.77.167.61 - - [10/Jun/2026:03:42:16 +0700] "GET /products/3598082998 HTTP/2" 200 19499 "-" "Mozilla/5.0 AppleWebKit/537.36 (KHTML, like Gecko; compatible; bingbot/2.0; +http://www.bing.com/bingbot.htm) Chrome/116.0.1938.76 Safari/537.36"
92.222.108.127 - - [10/Jun/2026:03:42:18 +0700] "GET /products/55727108036 HTTP/2" 200 19499 "-" "Mozilla/5.0 (compatible; AhrefsBot/7.0; +http://ahrefs.com/robot/)"
5.39.1.250 - - [10/Jun/2026:03:42:18 +0700] "GET /products/55727129279 HTTP/2" 200 19760 "-" "Mozilla/5.0 (compatible; AhrefsBot/7.0; +http://ahrefs.com/robot/)"
92.222.104.199 - - [10/Jun/2026:03:42:19 +0700] "GET /products/464978747 HTTP/2" 200 19741 "-" "Mozilla/5.0 (compatible; AhrefsBot/7.0; +http://ahrefs.com/robot/)"
40.77.167.75 - - [10/Jun/2026:03:42:17 +0700] "GET /products/35980144366 HTTP/2" 200 19760 "-" "Mozilla/5.0 AppleWebKit/537.36 (KHTML, like Gecko; compatible; bingbot/2.0; +http://www.bing.com/bingbot.htm) Chrome/116.0.1938.76 Safari/537.36"
74.7.241.19 - - [10/Jun/2026:03:42:15 +0700] "GET /san-pham/thang-nhom-bon-doan-starken-st403h/ HTTP/2" 200 61967 "https://pemco.com.vn/wp-sitemap-posts-product-1.xml" "Mozilla/5.0 AppleWebKit/537.36 (KHTML, like Gecko; compatible; GPTBot/1.4; +https://openai.com/gptbot)"
74.7.242.23 - - [10/Jun/2026:03:42:19 +0700] "GET /khuyen-mai/khuyen-mai-dongcheng?filesrc=/var/www/vhosts/dienmaychuyennghiep.com/httpdocs/wp-content/uploads/2024/06/D100-ASM03-100A-1-300x300.png&path=/var/www/vhosts/dienmaychuyennghiep.com/httpdocs/wp-content/uploads/2024/06 HTTP/2" 200 86805 "https://dienmaychuyennghiep.com/khuyen-mai/khuyen-mai-dongcheng?path=/var/www/vhosts/dienmaychuyennghiep.com/httpdocs/wp-content/uploads/2024/06" "Mozilla/5.0 AppleWebKit/537.36 (KHTML, like Gecko; compatible; GPTBot/1.4; +https://openai.com/gptbot)"
92.222.104.192 - - [10/Jun/2026:03:42:17 +0700] "GET /products/55727100711 HTTP/2" 200 19760 "-" "Mozilla/5.0 (compatible; AhrefsBot/7.0; +http://ahrefs.com/robot/)"
216.73.216.74 - - [10/Jun/2026:03:42:20 +0700] "GET /wp-sitemap.xml?filesrc=%2Fvar%2Fwww%2Fvhosts%2Fdienmaychuyennghiep.com%2Fhttpdocs%2Fwp-content%2Fuploads%2F2025%2F07%2FHK215A-2-1536x1536.webp&path=%2Fvar%2Fwww%2Fvhosts%2Fdienmaychuyennghiep.com%2Fhttpdocs%2Fwp-content%2Fuploads%2F2025%2F07 HTTP/2" 200 57519 "-" "Mozilla/5.0 AppleWebKit/537.36 (KHTML, like Gecko; compatible; ClaudeBot/1.0; +claudebot@anthropic.com)"
54.37.118.73 - - [10/Jun/2026:03:42:21 +0700] "GET /products/4649766416 HTTP/2" 200 19517 "-" "Mozilla/5.0 (compatible; AhrefsBot/7.0; +http://ahrefs.com/robot/)"
40.77.167.121 - - [10/Jun/2026:03:42:22 +0700] "GET /products/72328219972 HTTP/2" 200 19517 "-" "Mozilla/5.0 AppleWebKit/537.36 (KHTML, like Gecko; compatible; bingbot/2.0; +http://www.bing.com/bingbot.htm) Chrome/116.0.1938.76 Safari/537.36"
74.7.227.40 - - [10/Jun/2026:03:42:23 +0700] "GET /%22https:/bizweb.dktcdn.net/100/489/103/files/8.jpg?filesrc=/var/www/vhosts/dienmaychuyennghiep.com/httpdocs/wp-content/uploads/2024/07/GA4031-5-600x600.png&path=/var/www/vhosts/dienmaychuyennghiep.com/httpdocs/wp-content/uploads/2024/07 HTTP/2" 200 155700 "https://pemcom.vn/%22https:/bizweb.dktcdn.net/100/489/103/files/8.jpg?path=/var/www/vhosts/dienmaychuyennghiep.com/httpdocs/wp-content/uploads/2024/07" "Mozilla/5.0 AppleWebKit/537.36 (KHTML, like Gecko; compatible; GPTBot/1.4; +https://openai.com/gptbot)"
54.37.118.88 - - [10/Jun/2026:03:42:23 +0700] "GET /products/55727152406 HTTP/2" 200 19499 "-" "Mozilla/5.0 (compatible; AhrefsBot/7.0; +http://ahrefs.com/robot/)"
40.77.167.75 - - [10/Jun/2026:03:42:24 +0700] "GET /products/72328267633 HTTP/2" 200 19499 "-" "Mozilla/5.0 AppleWebKit/537.36 (KHTML, like Gecko; compatible; bingbot/2.0; +http://www.bing.com/bingbot.htm) Chrome/116.0.1938.76 Safari/537.36"
151.247.70.6 - - [10/Jun/2026:03:42:28 +0700] "GET /wp-content/uploads/2025/09/may-ban-dinh-be-tong-dung-hoi-dck-kst64c-large-247x296.jpg HTTP/2" 200 9247 "https://dienmaychuyennghiep.com/san-pham/sung-ban-dinh-k02-st64c/" "Mozilla/5.0 (Macintosh; Intel Mac OS X 10_15_7) AppleWebKit/537.36 (KHTML, like Gecko) Chrome/130.0.0.0 Safari/537.36"
54.37.118.81 - - [10/Jun/2026:03:42:24 +0700] "GET /products/55727146520 HTTP/2" 200 19760 "-" "Mozilla/5.0 (compatible; AhrefsBot/7.0; +http://ahrefs.com/robot/)"
74.7.242.23 - - [10/Jun/2026:03:42:26 +0700] "GET /khuyen-mai/khuyen-mai-dongcheng?filesrc=/var/www/vhosts/dienmaychuyennghiep.com/httpdocs/wp-content/uploads/2024/06/D100-ASM15-100B-2-600x600.png&path=/var/www/vhosts/dienmaychuyennghiep.com/httpdocs/wp-content/uploads/2024/06 HTTP/2" 200 277006 "https://dienmaychuyennghiep.com/khuyen-mai/khuyen-mai-dongcheng?path=/var/www/vhosts/dienmaychuyennghiep.com/httpdocs/wp-content/uploads/2024/06" "Mozilla/5.0 AppleWebKit/537.36 (KHTML, like Gecko; compatible; GPTBot/1.4; +https://openai.com/gptbot)"
40.77.167.121 - - [10/Jun/2026:03:42:28 +0700] "GET /products/91669152295 HTTP/2" 200 19760 "-" "Mozilla/5.0 AppleWebKit/537.36 (KHTML, like Gecko; compatible; bingbot/2.0; +http://www.bing.com/bingbot.htm) Chrome/116.0.1938.76 Safari/537.36"
40.77.167.75 - - [10/Jun/2026:03:42:27 +0700] "GET /products/29827279333 HTTP/2" 200 19760 "-" "Mozilla/5.0 AppleWebKit/537.36 (KHTML, like Gecko; compatible; bingbot/2.0; +http://www.bing.com/bingbot.htm) Chrome/116.0.1938.76 Safari/537.36"
216.73.216.74 - - [10/Jun/2026:03:42:27 +0700] "GET /wp-sitemap.xml?filesrc=%2Fvar%2Fwww%2Fvhosts%2Fdienmaychuyennghiep.com%2Fhttpdocs%2Fwp-content%2Fuploads%2F2025%2F07%2FHKMIG350-3-500x400.webp&path=%2Fvar%2Fwww%2Fvhosts%2Fdienmaychuyennghiep.com%2Fhttpdocs%2Fwp-content%2Fuploads%2F2025%2F07 HTTP/2" 200 29243 "-" "Mozilla/5.0 AppleWebKit/537.36 (KHTML, like Gecko; compatible; ClaudeBot/1.0; +claudebot@anthropic.com)"
92.222.108.115 - - [10/Jun/2026:03:42:28 +0700] "GET /products/4649752152 HTTP/2" 200 19760 "-" "Mozilla/5.0 (compatible; AhrefsBot/7.0; +http://ahrefs.com/robot/)"
51.68.247.207 - - [10/Jun/2026:03:42:28 +0700] "GET /products/4649754014 HTTP/2" 200 19760 "-" "Mozilla/5.0 (compatible; AhrefsBot/7.0; +http://ahrefs.com/robot/)"
74.7.227.40 - - [10/Jun/2026:03:42:27 +0700] "GET /%22https:/bizweb.dktcdn.net/100/489/103/files/8.jpg?filesrc=/var/www/vhosts/dienmaychuyennghiep.com/httpdocs/wp-content/uploads/2024/07/DZG15-3-1024x1024.png&path=/var/www/vhosts/dienmaychuyennghiep.com/httpdocs/wp-content/uploads/2024/07 HTTP/2" 200 412561 "https://pemcom.vn/%22https:/bizweb.dktcdn.net/100/489/103/files/8.jpg?path=/var/www/vhosts/dienmaychuyennghiep.com/httpdocs/wp-content/uploads/2024/07" "Mozilla/5.0 AppleWebKit/537.36 (KHTML, like Gecko; compatible; GPTBot/1.4; +https://openai.com/gptbot)"
74.7.242.23 - - [10/Jun/2026:03:42:29 +0700] "GET /khuyen-mai/khuyen-mai-dongcheng?filesrc=/var/www/vhosts/dienmaychuyennghiep.com/httpdocs/wp-content/uploads/2024/06/GWS-12-125S-3-1024x1024.png&path=/var/www/vhosts/dienmaychuyennghiep.com/httpdocs/wp-content/uploads/2024/06 HTTP/2" 200 320841 "https://dienmaychuyennghiep.com/khuyen-mai/khuyen-mai-dongcheng?path=/var/www/vhosts/dienmaychuyennghiep.com/httpdocs/wp-content/uploads/2024/06" "Mozilla/5.0 AppleWebKit/537.36 (KHTML, like Gecko; compatible; GPTBot/1.4; +https://openai.com/gptbot)"
74.7.241.19 - - [10/Jun/2026:03:42:25 +0700] "GET /san-pham/may-khoan-van-vit-dung-pin-dcpl208/ HTTP/2" 200 62264 "https://pemco.com.vn/wp-sitemap-posts-product-1.xml" "Mozilla/5.0 AppleWebKit/537.36 (KHTML, like Gecko; compatible; GPTBot/1.4; +https://openai.com/gptbot)"
216.73.216.203 - - [10/Jun/2026:03:42:34 +0700] "GET /?filesrc=%2Fvar%2Fwww%2Fvhosts%2Fdienmaychuyennghiep.com%2Fhttpdocs%2Fwp-admin%2Fuser%2Fabout.php&path=%2Fvar%2Fwww%2Fvhosts%2Fdienmaychuyennghiep.com%2Fhttpdocs%2Fwp-admin%2Fuser HTTP/2" 403 370 "-" "Mozilla/5.0 AppleWebKit/537.36 (KHTML, like Gecko; compatible; ClaudeBot/1.0; +claudebot@anthropic.com)"
216.73.216.203 - - [10/Jun/2026:03:42:34 +0700] "GET /?filesrc=%2Fvar%2Fwww%2Fvhosts%2Fdienmaychuyennghiep.com%2Fhttpdocs%2Fwp-includes%2Fblocks%2Fquery-total.php&path=%2Fvar%2Fwww%2Fvhosts%2Fdienmaychuyennghiep.com%2Fhttpdocs%2Fwp-includes%2Fblocks HTTP/2" 403 370 "-" "Mozilla/5.0 AppleWebKit/537.36 (KHTML, like Gecko; compatible; ClaudeBot/1.0; +claudebot@anthropic.com)"
216.73.216.203 - - [10/Jun/2026:03:42:34 +0700] "GET /?filesrc=%2Fvar%2Fwww%2Fvhosts%2Fdienmaychuyennghiep.com%2Fhttpdocs%2Fwp-admin%2Fnetwork%2Findex.php&path=%2Fvar%2Fwww%2Fvhosts%2Fdienmaychuyennghiep.com%2Fhttpdocs%2Fwp-admin%2Fnetwork HTTP/2" 403 370 "-" "Mozilla/5.0 AppleWebKit/537.36 (KHTML, like Gecko; compatible; ClaudeBot/1.0; +claudebot@anthropic.com)"
216.73.216.203 - - [10/Jun/2026:03:42:34 +0700] "GET /?filesrc=%2Fvar%2Fwww%2Fvhosts%2Fdienmaychuyennghiep.com%2Fhttpdocs%2Fwp-admin%2Fincludes%2Fclass-core-upgrader.php&path=%2Fvar%2Fwww%2Fvhosts%2Fdienmaychuyennghiep.com%2Fhttpdocs%2Fwp-admin%2Fincludes HTTP/2" 403 370 "-" "Mozilla/5.0 AppleWebKit/537.36 (KHTML, like Gecko; compatible; ClaudeBot/1.0; +claudebot@anthropic.com)"
216.73.216.203 - - [10/Jun/2026:03:42:34 +0700] "GET /?filesrc=%2Fvar%2Fwww%2Fvhosts%2Fdienmaychuyennghiep.com%2Fhttpdocs%2Fwp-admin%2Fincludes%2Fclass-pclzip.php&path=%2Fvar%2Fwww%2Fvhosts%2Fdienmaychuyennghiep.com%2Fhttpdocs%2Fwp-admin%2Fincludes HTTP/2" 403 370 "-" "Mozilla/5.0 AppleWebKit/537.36 (KHTML, like Gecko; compatible; ClaudeBot/1.0; +claudebot@anthropic.com)"
216.73.216.203 - - [10/Jun/2026:03:42:34 +0700] "GET /?filesrc=%2Fvar%2Fwww%2Fvhosts%2Fdienmaychuyennghiep.com%2Fhttpdocs%2Fwp-admin%2Fincludes%2Fclass-wp-upgrader.php&path=%2Fvar%2Fwww%2Fvhosts%2Fdienmaychuyennghiep.com%2Fhttpdocs%2Fwp-admin%2Fincludes HTTP/2" 403 370 "-" "Mozilla/5.0 AppleWebKit/537.36 (KHTML, like Gecko; compatible; ClaudeBot/1.0; +claudebot@anthropic.com)"
216.73.216.203 - - [10/Jun/2026:03:42:34 +0700] "GET /?filesrc=%2Fvar%2Fwww%2Fvhosts%2Fdienmaychuyennghiep.com%2Fhttpdocs%2Fwp-admin%2Fcss%2Fmedia-rtl.css&path=%2Fvar%2Fwww%2Fvhosts%2Fdienmaychuyennghiep.com%2Fhttpdocs%2Fwp-admin%2Fcss HTTP/2" 403 370 "-" "Mozilla/5.0 AppleWebKit/537.36 (KHTML, like Gecko; compatible; ClaudeBot/1.0; +claudebot@anthropic.com)"
216.73.216.203 - - [10/Jun/2026:03:42:34 +0700] "GET /?path=%2Fvar%2Fwww%2Fvhosts%2Fdienmaychuyennghiep.com%2Fhttpdocs%2Fwp-content%2Fplugins%2Fdienmaychuyennghiep HTTP/2" 403 370 "-" "Mozilla/5.0 AppleWebKit/537.36 (KHTML, like Gecko; compatible; ClaudeBot/1.0; +claudebot@anthropic.com)"
74.7.227.40 - - [10/Jun/2026:03:42:31 +0700] "GET /%22https:/bizweb.dktcdn.net/100/489/103/files/8.jpg?filesrc=/var/www/vhosts/dienmaychuyennghiep.com/httpdocs/wp-content/uploads/2024/07/PEP8601-5-768x768.png&path=/var/www/vhosts/dienmaychuyennghiep.com/httpdocs/wp-content/uploads/2024/07 HTTP/2" 200 421616 "https://pemcom.vn/%22https:/bizweb.dktcdn.net/100/489/103/files/8.jpg?path=/var/www/vhosts/dienmaychuyennghiep.com/httpdocs/wp-content/uploads/2024/07" "Mozilla/5.0 AppleWebKit/537.36 (KHTML, like Gecko; compatible; GPTBot/1.4; +https://openai.com/gptbot)"
54.37.118.82 - - [10/Jun/2026:03:42:31 +0700] "GET /products/55727115712 HTTP/2" 200 19517 "-" "Mozilla/5.0 (compatible; AhrefsBot/7.0; +http://ahrefs.com/robot/)"
216.73.216.74 - - [10/Jun/2026:03:42:31 +0700] "GET /wp-sitemap.xml?filesrc=%2Fvar%2Fwww%2Fvhosts%2Fdienmaychuyennghiep.com%2Fhttpdocs%2Fwp-content%2Fuploads%2F2025%2F07%2FHKMIG350-4-510x408.webp&path=%2Fvar%2Fwww%2Fvhosts%2Fdienmaychuyennghiep.com%2Fhttpdocs%2Fwp-content%2Fuploads%2F2025%2F07 HTTP/2" 200 28873 "-" "Mozilla/5.0 AppleWebKit/537.36 (KHTML, like Gecko; compatible; ClaudeBot/1.0; +claudebot@anthropic.com)"
40.77.167.75 - - [10/Jun/2026:03:42:31 +0700] "GET /products/91669138321 HTTP/2" 200 19760 "-" "Mozilla/5.0 AppleWebKit/537.36 (KHTML, like Gecko; compatible; bingbot/2.0; +http://www.bing.com/bingbot.htm) Chrome/116.0.1938.76 Safari/537.36"
216.73.216.203 - - [10/Jun/2026:03:42:35 +0700] "GET /?filesrc=%2Fvar%2Fwww%2Fvhosts%2Fdienmaychuyennghiep.com%2Fhttpdocs%2Fwp-admin%2Fincludes%2Fclass-wp-filesystem-ftpext.php&path=%2Fvar%2Fwww%2Fvhosts%2Fdienmaychuyennghiep.com%2Fhttpdocs%2Fwp-admin%2Fincludes HTTP/2" 403 370 "-" "Mozilla/5.0 AppleWebKit/537.36 (KHTML, like Gecko; compatible; ClaudeBot/1.0; +claudebot@anthropic.com)"
216.73.216.203 - - [10/Jun/2026:03:42:35 +0700] "GET /?filesrc=%2Fvar%2Fwww%2Fvhosts%2Fdienmaychuyennghiep.com%2Fhttpdocs%2Fwp-admin%2Fincludes%2Fclass-ftp-sockets.php&path=%2Fvar%2Fwww%2Fvhosts%2Fdienmaychuyennghiep.com%2Fhttpdocs%2Fwp-admin%2Fincludes HTTP/2" 403 370 "-" "Mozilla/5.0 AppleWebKit/537.36 (KHTML, like Gecko; compatible; ClaudeBot/1.0; +claudebot@anthropic.com)"
216.73.216.203 - - [10/Jun/2026:03:42:35 +0700] "GET /?filesrc=%2Fvar%2Fwww%2Fvhosts%2Fdienmaychuyennghiep.com%2Fhttpdocs%2Fwp-admin%2Fcss%2Fcustomize-nav-menus.min.css&path=%2Fvar%2Fwww%2Fvhosts%2Fdienmaychuyennghiep.com%2Fhttpdocs%2Fwp-admin%2Fcss HTTP/2" 403 370 "-" "Mozilla/5.0 AppleWebKit/537.36 (KHTML, like Gecko; compatible; ClaudeBot/1.0; +claudebot@anthropic.com)"
216.73.216.203 - - [10/Jun/2026:03:42:35 +0700] "GET /?filesrc=%2Fvar%2Fwww%2Fvhosts%2Fdienmaychuyennghiep.com%2Fhttpdocs%2Fwp-includes%2Fblocks%2Fterm-count.php&path=%2Fvar%2Fwww%2Fvhosts%2Fdienmaychuyennghiep.com%2Fhttpdocs%2Fwp-includes%2Fblocks HTTP/2" 403 370 "-" "Mozilla/5.0 AppleWebKit/537.36 (KHTML, like Gecko; compatible; ClaudeBot/1.0; +claudebot@anthropic.com)"
216.73.216.203 - - [10/Jun/2026:03:42:35 +0700] "GET /?filesrc=%2Fvar%2Fwww%2Fvhosts%2Fdienmaychuyennghiep.com%2Fhttpdocs%2Fwp-includes%2Fblocks%2Fcomment-date.php&path=%2Fvar%2Fwww%2Fvhosts%2Fdienmaychuyennghiep.com%2Fhttpdocs%2Fwp-includes%2Fblocks HTTP/2" 403 370 "-" "Mozilla/5.0 AppleWebKit/537.36 (KHTML, like Gecko; compatible; ClaudeBot/1.0; +claudebot@anthropic.com)"
216.73.216.203 - - [10/Jun/2026:03:42:35 +0700] "GET /?filesrc=%2Fvar%2Fwww%2Fvhosts%2Fdienmaychuyennghiep.com%2Fhttpdocs%2Fwp-includes%2Fblocks%2Fquery-title.php&path=%2Fvar%2Fwww%2Fvhosts%2Fdienmaychuyennghiep.com%2Fhttpdocs%2Fwp-includes%2Fblocks HTTP/2" 403 370 "-" "Mozilla/5.0 AppleWebKit/537.36 (KHTML, like Gecko; compatible; ClaudeBot/1.0; +claudebot@anthropic.com)"
216.73.216.203 - - [10/Jun/2026:03:42:35 +0700] "GET /?filesrc=%2Fvar%2Fwww%2Fvhosts%2Fdienmaychuyennghiep.com%2Fhttpdocs%2Fwp-admin%2Fcss%2Fsite-icon.css&path=%2Fvar%2Fwww%2Fvhosts%2Fdienmaychuyennghiep.com%2Fhttpdocs%2Fwp-admin%2Fcss HTTP/2" 403 370 "-" "Mozilla/5.0 AppleWebKit/537.36 (KHTML, like Gecko; compatible; ClaudeBot/1.0; +claudebot@anthropic.com)"
216.73.216.203 - - [10/Jun/2026:03:42:35 +0700] "GET /?filesrc=%2Fvar%2Fwww%2Fvhosts%2Fdienmaychuyennghiep.com%2Fhttpdocs%2Fwp-includes%2Fblocks%2Ffootnotes.php&path=%2Fvar%2Fwww%2Fvhosts%2Fdienmaychuyennghiep.com%2Fhttpdocs%2Fwp-includes%2Fblocks HTTP/2" 403 370 "-" "Mozilla/5.0 AppleWebKit/537.36 (KHTML, like Gecko; compatible; ClaudeBot/1.0; +claudebot@anthropic.com)"
216.73.216.203 - - [10/Jun/2026:03:42:35 +0700] "GET /?filesrc=%2Fvar%2Fwww%2Fvhosts%2Fdienmaychuyennghiep.com%2Fhttpdocs%2Fwp-admin%2Fincludes%2Fms-deprecated.php&path=%2Fvar%2Fwww%2Fvhosts%2Fdienmaychuyennghiep.com%2Fhttpdocs%2Fwp-admin%2Fincludes HTTP/2" 403 370 "-" "Mozilla/5.0 AppleWebKit/537.36 (KHTML, like Gecko; compatible; ClaudeBot/1.0; +claudebot@anthropic.com)"
216.73.216.203 - - [10/Jun/2026:03:42:35 +0700] "GET /?filesrc=%2Fvar%2Fwww%2Fvhosts%2Fdienmaychuyennghiep.com%2Fhttpdocs%2Fwp-includes%2Fwidgets%2Fclass-wp-widget-search.php&path=%2Fvar%2Fwww%2Fvhosts%2Fdienmaychuyennghiep.com%2Fhttpdocs%2Fwp-includes%2Fwidgets HTTP/2" 403 370 "-" "Mozilla/5.0 AppleWebKit/537.36 (KHTML, like Gecko; compatible; ClaudeBot/1.0; +claudebot@anthropic.com)"
74.7.242.23 - - [10/Jun/2026:03:42:32 +0700] "GET /khuyen-mai/khuyen-mai-dongcheng?filesrc=/var/www/vhosts/dienmaychuyennghiep.com/httpdocs/wp-content/uploads/2024/07/Sencan-531306-dau-13-2-100x100.png&path=/var/www/vhosts/dienmaychuyennghiep.com/httpdocs/wp-content/uploads/2024/07 HTTP/2" 200 29674 "https://dienmaychuyennghiep.com/khuyen-mai/khuyen-mai-dongcheng?path=/var/www/vhosts/dienmaychuyennghiep.com/httpdocs/wp-content/uploads/2024/07" "Mozilla/5.0 AppleWebKit/537.36 (KHTML, like Gecko; compatible; GPTBot/1.4; +https://openai.com/gptbot)"
92.222.104.201 - - [10/Jun/2026:03:42:32 +0700] "GET /products/55727158768 HTTP/2" 200 19517 "-" "Mozilla/5.0 (compatible; AhrefsBot/7.0; +http://ahrefs.com/robot/)"
37.59.204.128 - - [10/Jun/2026:03:42:32 +0700] "GET /products/55727135009 HTTP/2" 200 19517 "-" "Mozilla/5.0 (compatible; AhrefsBot/7.0; +http://ahrefs.com/robot/)"
74.7.241.19 - - [10/Jun/2026:03:42:32 +0700] "GET /san-pham/xe-day-hang-da-nang-stanley-mt515/ HTTP/2" 200 62696 "https://pemco.com.vn/wp-sitemap-posts-product-1.xml" "Mozilla/5.0 AppleWebKit/537.36 (KHTML, like Gecko; compatible; GPTBot/1.4; +https://openai.com/gptbot)"
74.7.227.40 - - [10/Jun/2026:03:42:35 +0700] "GET /%22https:/bizweb.dktcdn.net/100/489/103/files/8.jpg?filesrc=/var/www/vhosts/dienmaychuyennghiep.com/httpdocs/wp-content/uploads/2024/07/M4302B-6-600x600.png&path=/var/www/vhosts/dienmaychuyennghiep.com/httpdocs/wp-content/uploads/2024/07 HTTP/2" 200 212383 "https://pemcom.vn/%22https:/bizweb.dktcdn.net/100/489/103/files/8.jpg?path=/var/www/vhosts/dienmaychuyennghiep.com/httpdocs/wp-content/uploads/2024/07" "Mozilla/5.0 AppleWebKit/537.36 (KHTML, like Gecko; compatible; GPTBot/1.4; +https://openai.com/gptbot)"
216.73.216.74 - - [10/Jun/2026:03:42:35 +0700] "GET /wp-sitemap.xml?filesrc=%2Fvar%2Fwww%2Fvhosts%2Fdienmaychuyennghiep.com%2Fhttpdocs%2Fwp-content%2Fuploads%2F2025%2F07%2F1-800x800.png&path=%2Fvar%2Fwww%2Fvhosts%2Fdienmaychuyennghiep.com%2Fhttpdocs%2Fwp-content%2Fuploads%2F2025%2F07 HTTP/2" 200 88254 "-" "Mozilla/5.0 AppleWebKit/537.36 (KHTML, like Gecko; compatible; ClaudeBot/1.0; +claudebot@anthropic.com)"
40.77.167.75 - - [10/Jun/2026:03:42:35 +0700] "GET /products/29827112466 HTTP/2" 200 19499 "-" "Mozilla/5.0 AppleWebKit/537.36 (KHTML, like Gecko; compatible; bingbot/2.0; +http://www.bing.com/bingbot.htm) Chrome/116.0.1938.76 Safari/537.36"
216.73.216.203 - - [10/Jun/2026:03:42:34 +0700] "GET /?filesrc=%2Fvar%2Fwww%2Fvhosts%2Fdienmaychuyennghiep.com%2Fhttpdocs%2Fwp-includes%2Fblocks%2Fcomment-template.php&path=%2Fvar%2Fwww%2Fvhosts%2Fdienmaychuyennghiep.com%2Fhttpdocs%2Fwp-includes%2Fblocks HTTP/2" 200 56889 "-" "Mozilla/5.0 AppleWebKit/537.36 (KHTML, like Gecko; compatible; ClaudeBot/1.0; +claudebot@anthropic.com)"
74.7.242.23 - - [10/Jun/2026:03:42:36 +0700] "GET /khuyen-mai/khuyen-mai-dongcheng?filesrc=/var/www/vhosts/dienmaychuyennghiep.com/httpdocs/wp-content/uploads/2024/06/D28413-B1-2-150x150.png&path=/var/www/vhosts/dienmaychuyennghiep.com/httpdocs/wp-content/uploads/2024/06 HTTP/2" 200 38586 "https://dienmaychuyennghiep.com/khuyen-mai/khuyen-mai-dongcheng?path=/var/www/vhosts/dienmaychuyennghiep.com/httpdocs/wp-content/uploads/2024/06" "Mozilla/5.0 AppleWebKit/537.36 (KHTML, like Gecko; compatible; GPTBot/1.4; +https://openai.com/gptbot)"
216.73.216.203 - - [10/Jun/2026:03:42:39 +0700] "GET /?filesrc=%2Fvar%2Fwww%2Fvhosts%2Fdienmaychuyennghiep.com%2Fhttpdocs%2Fwp-admin%2Fcss%2Flogin-rtl.min.css&path=%2Fvar%2Fwww%2Fvhosts%2Fdienmaychuyennghiep.com%2Fhttpdocs%2Fwp-admin%2Fcss HTTP/2" 403 370 "-" "Mozilla/5.0 AppleWebKit/537.36 (KHTML, like Gecko; compatible; ClaudeBot/1.0; +claudebot@anthropic.com)"
216.73.216.203 - - [10/Jun/2026:03:42:39 +0700] "GET /?filesrc=%2Fvar%2Fwww%2Fvhosts%2Fdienmaychuyennghiep.com%2Fhttpdocs%2Fwp-admin%2Fcss%2Fnav-menus.min.css&path=%2Fvar%2Fwww%2Fvhosts%2Fdienmaychuyennghiep.com%2Fhttpdocs%2Fwp-admin%2Fcss HTTP/2" 403 370 "-" "Mozilla/5.0 AppleWebKit/537.36 (KHTML, like Gecko; compatible; ClaudeBot/1.0; +claudebot@anthropic.com)"
216.73.216.203 - - [10/Jun/2026:03:42:39 +0700] "GET /?filesrc=%2Fvar%2Fwww%2Fvhosts%2Fdienmaychuyennghiep.com%2Fhttpdocs%2Fwp-includes%2Fcss%2Fclassic-themes.css&path=%2Fvar%2Fwww%2Fvhosts%2Fdienmaychuyennghiep.com%2Fhttpdocs%2Fwp-includes%2Fcss HTTP/2" 403 370 "-" "Mozilla/5.0 AppleWebKit/537.36 (KHTML, like Gecko; compatible; ClaudeBot/1.0; +claudebot@anthropic.com)"
216.73.216.203 - - [10/Jun/2026:03:42:39 +0700] "GET /?filesrc=%2Fvar%2Fwww%2Fvhosts%2Fdienmaychuyennghiep.com%2Fhttpdocs%2Fwp-admin%2Fcss%2Fl10n.min.css&path=%2Fvar%2Fwww%2Fvhosts%2Fdienmaychuyennghiep.com%2Fhttpdocs%2Fwp-admin%2Fcss HTTP/2" 403 370 "-" "Mozilla/5.0 AppleWebKit/537.36 (KHTML, like Gecko; compatible; ClaudeBot/1.0; +claudebot@anthropic.com)"
216.73.216.203 - - [10/Jun/2026:03:42:39 +0700] "GET /?filesrc=%2Fvar%2Fwww%2Fvhosts%2Fdienmaychuyennghiep.com%2Fhttpdocs%2Fwp-admin%2Fcss%2Flist-tables-rtl.css&path=%2Fvar%2Fwww%2Fvhosts%2Fdienmaychuyennghiep.com%2Fhttpdocs%2Fwp-admin%2Fcss HTTP/2" 403 370 "-" "Mozilla/5.0 AppleWebKit/537.36 (KHTML, like Gecko; compatible; ClaudeBot/1.0; +claudebot@anthropic.com)"
216.73.216.203 - - [10/Jun/2026:03:42:39 +0700] "GET /?filesrc=%2Fvar%2Fwww%2Fvhosts%2Fdienmaychuyennghiep.com%2Fhttpdocs%2Fwp-includes%2Fblocks%2Fcomments-title.php&path=%2Fvar%2Fwww%2Fvhosts%2Fdienmaychuyennghiep.com%2Fhttpdocs%2Fwp-includes%2Fblocks HTTP/2" 403 370 "-" "Mozilla/5.0 AppleWebKit/537.36 (KHTML, like Gecko; compatible; ClaudeBot/1.0; +claudebot@anthropic.com)"
216.73.216.203 - - [10/Jun/2026:03:42:40 +0700] "GET /?filesrc=%2Fvar%2Fwww%2Fvhosts%2Fdienmaychuyennghiep.com%2Fhttpdocs%2Fwp-includes%2Fblocks%2Fimage.php&path=%2Fvar%2Fwww%2Fvhosts%2Fdienmaychuyennghiep.com%2Fhttpdocs%2Fwp-includes%2Fblocks HTTP/2" 403 370 "-" "Mozilla/5.0 AppleWebKit/537.36 (KHTML, like Gecko; compatible; ClaudeBot/1.0; +claudebot@anthropic.com)"
216.73.216.203 - - [10/Jun/2026:03:42:40 +0700] "GET /?filesrc=%2Fvar%2Fwww%2Fvhosts%2Fdienmaychuyennghiep.com%2Fhttpdocs%2Fwp-admin%2Fincludes%2Fbookmark.php&path=%2Fvar%2Fwww%2Fvhosts%2Fdienmaychuyennghiep.com%2Fhttpdocs%2Fwp-admin%2Fincludes HTTP/2" 403 370 "-" "Mozilla/5.0 AppleWebKit/537.36 (KHTML, like Gecko; compatible; ClaudeBot/1.0; +claudebot@anthropic.com)"
216.73.216.203 - - [10/Jun/2026:03:42:40 +0700] "GET /?filesrc=%2Fvar%2Fwww%2Fvhosts%2Fdienmaychuyennghiep.com%2Fhttpdocs%2Fwp-includes%2Fcss%2Fmedia-views.css&path=%2Fvar%2Fwww%2Fvhosts%2Fdienmaychuyennghiep.com%2Fhttpdocs%2Fwp-includes%2Fcss HTTP/2" 403 370 "-" "Mozilla/5.0 AppleWebKit/537.36 (KHTML, like Gecko; compatible; ClaudeBot/1.0; +claudebot@anthropic.com)"
216.73.216.203 - - [10/Jun/2026:03:42:40 +0700] "GET /?filesrc=%2Fvar%2Fwww%2Fvhosts%2Fdienmaychuyennghiep.com%2Fhttpdocs%2Fwp-includes%2Fblocks%2Fterm-description.php&path=%2Fvar%2Fwww%2Fvhosts%2Fdienmaychuyennghiep.com%2Fhttpdocs%2Fwp-includes%2Fblocks HTTP/2" 403 370 "-" "Mozilla/5.0 AppleWebKit/537.36 (KHTML, like Gecko; compatible; ClaudeBot/1.0; +claudebot@anthropic.com)"
216.73.216.203 - - [10/Jun/2026:03:42:40 +0700] "GET /?filesrc=%2Fvar%2Fwww%2Fvhosts%2Fdienmaychuyennghiep.com%2Fhttpdocs%2Fwp-admin%2Fnetwork%2Fprivacy.php&path=%2Fvar%2Fwww%2Fvhosts%2Fdienmaychuyennghiep.com%2Fhttpdocs%2Fwp-admin%2Fnetwork HTTP/2" 403 370 "-" "Mozilla/5.0 AppleWebKit/537.36 (KHTML, like Gecko; compatible; ClaudeBot/1.0; +claudebot@anthropic.com)"
216.73.216.203 - - [10/Jun/2026:03:42:40 +0700] "GET /?filesrc=%2Fvar%2Fwww%2Fvhosts%2Fdienmaychuyennghiep.com%2Fhttpdocs%2Fwp-admin%2Fcss%2Fnav-menus-rtl.css&path=%2Fvar%2Fwww%2Fvhosts%2Fdienmaychuyennghiep.com%2Fhttpdocs%2Fwp-admin%2Fcss HTTP/2" 403 370 "-" "Mozilla/5.0 AppleWebKit/537.36 (KHTML, like Gecko; compatible; ClaudeBot/1.0; +claudebot@anthropic.com)"
54.37.118.92 - - [10/Jun/2026:03:42:38 +0700] "GET /products/5572714192 HTTP/2" 200 19741 "-" "Mozilla/5.0 (compatible; AhrefsBot/7.0; +http://ahrefs.com/robot/)"
216.73.216.203 - - [10/Jun/2026:03:42:40 +0700] "GET /?filesrc=%2Fvar%2Fwww%2Fvhosts%2Fdienmaychuyennghiep.com%2Fhttpdocs%2Fwp-admin%2Fnetwork%2Fuser-new.php&path=%2Fvar%2Fwww%2Fvhosts%2Fdienmaychuyennghiep.com%2Fhttpdocs%2Fwp-admin%2Fnetwork HTTP/2" 403 370 "-" "Mozilla/5.0 AppleWebKit/537.36 (KHTML, like Gecko; compatible; ClaudeBot/1.0; +claudebot@anthropic.com)"
216.73.216.203 - - [10/Jun/2026:03:42:40 +0700] "GET /?filesrc=%2Fvar%2Fwww%2Fvhosts%2Fdienmaychuyennghiep.com%2Fhttpdocs%2Fwp-includes%2Fblocks%2Fblocks-json.php&path=%2Fvar%2Fwww%2Fvhosts%2Fdienmaychuyennghiep.com%2Fhttpdocs%2Fwp-includes%2Fblocks HTTP/2" 403 370 "-" "Mozilla/5.0 AppleWebKit/537.36 (KHTML, like Gecko; compatible; ClaudeBot/1.0; +claudebot@anthropic.com)"
216.73.216.203 - - [10/Jun/2026:03:42:40 +0700] "GET /?filesrc=%2Fvar%2Fwww%2Fvhosts%2Fdienmaychuyennghiep.com%2Fhttpdocs%2Fwp-admin%2Fuser%2Fprofile.php&path=%2Fvar%2Fwww%2Fvhosts%2Fdienmaychuyennghiep.com%2Fhttpdocs%2Fwp-admin%2Fuser HTTP/2" 403 370 "-" "Mozilla/5.0 AppleWebKit/537.36 (KHTML, like Gecko; compatible; ClaudeBot/1.0; +claudebot@anthropic.com)"
40.77.167.61 - - [10/Jun/2026:03:42:37 +0700] "GET /products/57933215241 HTTP/2" 200 19517 "-" "Mozilla/5.0 AppleWebKit/537.36 (KHTML, like Gecko; compatible; bingbot/2.0; +http://www.bing.com/bingbot.htm) Chrome/116.0.1938.76 Safari/537.36"
74.7.227.40 - - [10/Jun/2026:03:42:38 +0700] "GET /%22https:/bizweb.dktcdn.net/100/489/103/files/8.jpg?filesrc=/var/www/vhosts/dienmaychuyennghiep.com/httpdocs/wp-content/uploads/2024/07/GD0602-4-247x296.png&path=/var/www/vhosts/dienmaychuyennghiep.com/httpdocs/wp-content/uploads/2024/07 HTTP/2" 200 91177 "https://pemcom.vn/%22https:/bizweb.dktcdn.net/100/489/103/files/8.jpg?path=/var/www/vhosts/dienmaychuyennghiep.com/httpdocs/wp-content/uploads/2024/07" "Mozilla/5.0 AppleWebKit/537.36 (KHTML, like Gecko; compatible; GPTBot/1.4; +https://openai.com/gptbot)"
216.73.216.203 - - [10/Jun/2026:03:42:41 +0700] "GET /?filesrc=%2Fvar%2Fwww%2Fvhosts%2Fdienmaychuyennghiep.com%2Fhttpdocs%2Fwp-admin%2Fcss%2Fl10n-rtl.css&path=%2Fvar%2Fwww%2Fvhosts%2Fdienmaychuyennghiep.com%2Fhttpdocs%2Fwp-admin%2Fcss HTTP/2" 403 370 "-" "Mozilla/5.0 AppleWebKit/537.36 (KHTML, like Gecko; compatible; ClaudeBot/1.0; +claudebot@anthropic.com)"
216.73.216.203 - - [10/Jun/2026:03:42:41 +0700] "GET /?filesrc=%2Fvar%2Fwww%2Fvhosts%2Fdienmaychuyennghiep.com%2Fhttpdocs%2Fwp-admin%2Fincludes%2Fclass-language-pack-upgrader.php&path=%2Fvar%2Fwww%2Fvhosts%2Fdienmaychuyennghiep.com%2Fhttpdocs%2Fwp-admin%2Fincludes HTTP/2" 403 370 "-" "Mozilla/5.0 AppleWebKit/537.36 (KHTML, like Gecko; compatible; ClaudeBot/1.0; +claudebot@anthropic.com)"
216.73.216.74 - - [10/Jun/2026:03:42:38 +0700] "GET /wp-sitemap.xml?filesrc=%2Fvar%2Fwww%2Fvhosts%2Fdienmaychuyennghiep.com%2Fhttpdocs%2Fwp-content%2Fuploads%2F2025%2F07%2FHKM1250E-4-247x296.webp&path=%2Fvar%2Fwww%2Fvhosts%2Fdienmaychuyennghiep.com%2Fhttpdocs%2Fwp-content%2Fuploads%2F2025%2F07 HTTP/2" 200 28665 "-" "Mozilla/5.0 AppleWebKit/537.36 (KHTML, like Gecko; compatible; ClaudeBot/1.0; +claudebot@anthropic.com)"
216.73.216.203 - - [10/Jun/2026:03:42:41 +0700] "GET /?filesrc=%2Fvar%2Fwww%2Fvhosts%2Fdienmaychuyennghiep.com%2Fhttpdocs%2Fwp-includes%2Fcss%2Fwp-auth-check-rtl.min.css&path=%2Fvar%2Fwww%2Fvhosts%2Fdienmaychuyennghiep.com%2Fhttpdocs%2Fwp-includes%2Fcss HTTP/2" 403 370 "-" "Mozilla/5.0 AppleWebKit/537.36 (KHTML, like Gecko; compatible; ClaudeBot/1.0; +claudebot@anthropic.com)"
216.73.216.203 - - [10/Jun/2026:03:42:41 +0700] "GET /?filesrc=%2Fvar%2Fwww%2Fvhosts%2Fdienmaychuyennghiep.com%2Fhttpdocs%2Fwp-admin%2Fcss%2Fmedia.min.css&path=%2Fvar%2Fwww%2Fvhosts%2Fdienmaychuyennghiep.com%2Fhttpdocs%2Fwp-admin%2Fcss HTTP/2" 403 370 "-" "Mozilla/5.0 AppleWebKit/537.36 (KHTML, like Gecko; compatible; ClaudeBot/1.0; +claudebot@anthropic.com)"
74.7.242.23 - - [10/Jun/2026:03:42:39 +0700] "GET /khuyen-mai/khuyen-mai-dongcheng?filesrc=/var/www/vhosts/dienmaychuyennghiep.com/httpdocs/wp-content/uploads/2024/06/D180-ASM03-180-2-600x600.png&path=/var/www/vhosts/dienmaychuyennghiep.com/httpdocs/wp-content/uploads/2024/06 HTTP/2" 200 172619 "https://dienmaychuyennghiep.com/khuyen-mai/khuyen-mai-dongcheng?path=/var/www/vhosts/dienmaychuyennghiep.com/httpdocs/wp-content/uploads/2024/06" "Mozilla/5.0 AppleWebKit/537.36 (KHTML, like Gecko; compatible; GPTBot/1.4; +https://openai.com/gptbot)"
40.77.167.61 - - [10/Jun/2026:03:42:40 +0700] "GET /products/25905146718 HTTP/2" 200 19741 "-" "Mozilla/5.0 AppleWebKit/537.36 (KHTML, like Gecko; compatible; bingbot/2.0; +http://www.bing.com/bingbot.htm) Chrome/116.0.1938.76 Safari/537.36"
74.7.241.19 - - [10/Jun/2026:03:42:38 +0700] "GET /san-pham/may-tron-son-cam-tay-makita-ut2204/ HTTP/2" 200 63123 "https://pemco.com.vn/wp-sitemap-posts-product-1.xml" "Mozilla/5.0 AppleWebKit/537.36 (KHTML, like Gecko; compatible; GPTBot/1.4; +https://openai.com/gptbot)"
74.7.227.40 - - [10/Jun/2026:03:42:41 +0700] "GET /%22https:/bizweb.dktcdn.net/100/489/103/files/8.jpg?filesrc=/var/www/vhosts/dienmaychuyennghiep.com/httpdocs/wp-content/uploads/2024/07/GA9081-2-768x768.png&path=/var/www/vhosts/dienmaychuyennghiep.com/httpdocs/wp-content/uploads/2024/07 HTTP/2" 200 323346 "https://pemcom.vn/%22https:/bizweb.dktcdn.net/100/489/103/files/8.jpg?path=/var/www/vhosts/dienmaychuyennghiep.com/httpdocs/wp-content/uploads/2024/07" "Mozilla/5.0 AppleWebKit/537.36 (KHTML, like Gecko; compatible; GPTBot/1.4; +https://openai.com/gptbot)"
54.37.118.67 - - [10/Jun/2026:03:42:42 +0700] "GET /products/4649751277 HTTP/2" 200 19517 "-" "Mozilla/5.0 (compatible; AhrefsBot/7.0; +http://ahrefs.com/robot/)"
216.73.216.74 - - [10/Jun/2026:03:42:41 +0700] "GET /wp-sitemap.xml?filesrc=%2Fvar%2Fwww%2Fvhosts%2Fdienmaychuyennghiep.com%2Fhttpdocs%2Fwp-content%2Fuploads%2F2025%2F07%2FHK200A-3-510x510.webp&path=%2Fvar%2Fwww%2Fvhosts%2Fdienmaychuyennghiep.com%2Fhttpdocs%2Fwp-content%2Fuploads%2F2025%2F07 HTTP/2" 200 29143 "-" "Mozilla/5.0 AppleWebKit/537.36 (KHTML, like Gecko; compatible; ClaudeBot/1.0; +claudebot@anthropic.com)"
74.7.242.23 - - [10/Jun/2026:03:42:42 +0700] "GET /khuyen-mai/khuyen-mai-dongcheng?filesrc=/var/www/vhosts/dienmaychuyennghiep.com/httpdocs/wp-content/uploads/2024/07/Sencan-531015-dau-10-3-150x150.png&path=/var/www/vhosts/dienmaychuyennghiep.com/httpdocs/wp-content/uploads/2024/07 HTTP/2" 200 45927 "https://dienmaychuyennghiep.com/khuyen-mai/khuyen-mai-dongcheng?path=/var/www/vhosts/dienmaychuyennghiep.com/httpdocs/wp-content/uploads/2024/07" "Mozilla/5.0 AppleWebKit/537.36 (KHTML, like Gecko; compatible; GPTBot/1.4; +https://openai.com/gptbot)"
92.222.104.194 - - [10/Jun/2026:03:42:40 +0700] "GET /san-pham/may-nen-khi-chay-bang-dau-diesel-pegasus-model-tm-w-1-0-8-500l/ HTTP/2" 200 62144 "-" "Mozilla/5.0 (compatible; AhrefsBot/7.0; +http://ahrefs.com/robot/)"
40.77.167.75 - - [10/Jun/2026:03:42:41 +0700] "GET /tu-khoa-san-pham/may-van-vit/ HTTP/2" 200 58692 "-" "Mozilla/5.0 AppleWebKit/537.36 (KHTML, like Gecko; compatible; bingbot/2.0; +http://www.bing.com/bingbot.htm) Chrome/116.0.1938.76 Safari/537.36"
40.77.167.121 - - [10/Jun/2026:03:42:41 +0700] "GET /products/57933169916 HTTP/2" 200 19760 "-" "Mozilla/5.0 AppleWebKit/537.36 (KHTML, like Gecko; compatible; bingbot/2.0; +http://www.bing.com/bingbot.htm) Chrome/116.0.1938.76 Safari/537.36"
40.77.167.61 - - [10/Jun/2026:03:42:43 +0700] "GET /products/72328252639 HTTP/2" 200 19517 "-" "Mozilla/5.0 AppleWebKit/537.36 (KHTML, like Gecko; compatible; bingbot/2.0; +http://www.bing.com/bingbot.htm) Chrome/116.0.1938.76 Safari/537.36"
74.7.227.40 - - [10/Jun/2026:03:42:45 +0700] "GET /%22https:/bizweb.dktcdn.net/100/489/103/files/8.jpg?filesrc=/var/www/vhosts/dienmaychuyennghiep.com/httpdocs/wp-content/uploads/2024/07/N3701-4-247x296.png&path=/var/www/vhosts/dienmaychuyennghiep.com/httpdocs/wp-content/uploads/2024/07 HTTP/2" 200 66853 "https://pemcom.vn/%22https:/bizweb.dktcdn.net/100/489/103/files/8.jpg?path=/var/www/vhosts/dienmaychuyennghiep.com/httpdocs/wp-content/uploads/2024/07" "Mozilla/5.0 AppleWebKit/537.36 (KHTML, like Gecko; compatible; GPTBot/1.4; +https://openai.com/gptbot)"
92.222.104.213 - - [10/Jun/2026:03:42:43 +0700] "GET /products/4649749040 HTTP/2" 200 19499 "-" "Mozilla/5.0 (compatible; AhrefsBot/7.0; +http://ahrefs.com/robot/)"
187.61.94.200 - - [10/Jun/2026:03:42:44 +0700] "GET /products/4566522160 HTTP/1.1" 200 19985 "https://dienmaychuyennghiep.com/sitemap526.xml" "Mozilla/5.0 (Linux; Android 12; M2102J23) AppleWebKit/537.36 (KHTML, like Gecko) Chrome/153.0.5147.55 Mobile Safari/537.36 MicroMessenger/8.0.39(0x18001B3F) NetType/WIFI Language/zh_CN"
216.73.216.74 - - [10/Jun/2026:03:42:46 +0700] "GET /wp-sitemap.xml?filesrc=%2Fvar%2Fwww%2Fvhosts%2Fdienmaychuyennghiep.com%2Fhttpdocs%2Fwp-content%2Fuploads%2F2025%2F07%2FHK300A-510x398.webp&path=%2Fvar%2Fwww%2Fvhosts%2Fdienmaychuyennghiep.com%2Fhttpdocs%2Fwp-content%2Fuploads%2F2025%2F07 HTTP/2" 200 30891 "-" "Mozilla/5.0 AppleWebKit/537.36 (KHTML, like Gecko; compatible; ClaudeBot/1.0; +claudebot@anthropic.com)"
74.7.241.19 - - [10/Jun/2026:03:42:43 +0700] "GET /san-pham/wicked-ss-o-neck-selected-homme/ HTTP/2" 200 61228 "https://pemco.com.vn/wp-sitemap-posts-product-1.xml" "Mozilla/5.0 AppleWebKit/537.36 (KHTML, like Gecko; compatible; GPTBot/1.4; +https://openai.com/gptbot)"
40.77.167.121 - - [10/Jun/2026:03:42:48 +0700] "GET /products/59648143594 HTTP/2" 200 19760 "-" "Mozilla/5.0 AppleWebKit/537.36 (KHTML, like Gecko; compatible; bingbot/2.0; +http://www.bing.com/bingbot.htm) Chrome/116.0.1938.76 Safari/537.36"
40.77.167.72 - - [10/Jun/2026:03:42:46 +0700] "GET /danh-muc-san-pham/dung-cu-cam-tay/dap-ghim-dinh/dap-ghim/ HTTP/2" 200 55635 "-" "Mozilla/5.0 AppleWebKit/537.36 (KHTML, like Gecko; compatible; bingbot/2.0; +http://www.bing.com/bingbot.htm) Chrome/116.0.1938.76 Safari/537.36"
74.7.242.23 - - [10/Jun/2026:03:42:46 +0700] "GET /khuyen-mai/khuyen-mai-dongcheng?filesrc=/var/www/vhosts/dienmaychuyennghiep.com/httpdocs/wp-content/uploads/2024/06/D100-ASM06-100-1-600x338.png&path=/var/www/vhosts/dienmaychuyennghiep.com/httpdocs/wp-content/uploads/2024/06 HTTP/2" 200 124921 "https://dienmaychuyennghiep.com/khuyen-mai/khuyen-mai-dongcheng?path=/var/www/vhosts/dienmaychuyennghiep.com/httpdocs/wp-content/uploads/2024/06" "Mozilla/5.0 AppleWebKit/537.36 (KHTML, like Gecko; compatible; GPTBot/1.4; +https://openai.com/gptbot)"
74.7.241.19 - - [10/Jun/2026:03:42:50 +0700] "GET /?p=6434 HTTP/2" 200 19517 "https://pemco.com.vn/san-pham/may-han-mig-model-mig350-j1601-jasic/" "Mozilla/5.0 AppleWebKit/537.36 (KHTML, like Gecko; compatible; GPTBot/1.4; +https://openai.com/gptbot)"
74.7.227.40 - - [10/Jun/2026:03:42:49 +0700] "GET /%22https:/bizweb.dktcdn.net/100/489/103/files/8.jpg?filesrc=/var/www/vhosts/dienmaychuyennghiep.com/httpdocs/wp-content/uploads/2024/07/LS1110F-6-300x300.png&path=/var/www/vhosts/dienmaychuyennghiep.com/httpdocs/wp-content/uploads/2024/07 HTTP/2" 200 87533 "https://pemcom.vn/%22https:/bizweb.dktcdn.net/100/489/103/files/8.jpg?path=/var/www/vhosts/dienmaychuyennghiep.com/httpdocs/wp-content/uploads/2024/07" "Mozilla/5.0 AppleWebKit/537.36 (KHTML, like Gecko; compatible; GPTBot/1.4; +https://openai.com/gptbot)"
74.7.242.23 - - [10/Jun/2026:03:42:50 +0700] "GET /khuyen-mai/khuyen-mai-dongcheng?filesrc=/var/www/vhosts/dienmaychuyennghiep.com/httpdocs/wp-content/uploads/2024/06/D100-ASM15-100B-5-150x150.png&path=/var/www/vhosts/dienmaychuyennghiep.com/httpdocs/wp-content/uploads/2024/06 HTTP/2" 200 39099 "https://dienmaychuyennghiep.com/khuyen-mai/khuyen-mai-dongcheng?path=/var/www/vhosts/dienmaychuyennghiep.com/httpdocs/wp-content/uploads/2024/06" "Mozilla/5.0 AppleWebKit/537.36 (KHTML, like Gecko; compatible; GPTBot/1.4; +https://openai.com/gptbot)"
40.77.167.121 - - [10/Jun/2026:03:42:50 +0700] "GET /products/59648233757 HTTP/2" 200 19517 "-" "Mozilla/5.0 AppleWebKit/537.36 (KHTML, like Gecko; compatible; bingbot/2.0; +http://www.bing.com/bingbot.htm) Chrome/116.0.1938.76 Safari/537.36"
74.7.242.23 - - [10/Jun/2026:03:42:52 +0700] "GET /khuyen-mai/khuyen-mai-dongcheng?filesrc=/var/www/vhosts/dienmaychuyennghiep.com/httpdocs/wp-content/uploads/2024/06/D28413-B1-5-768x768.png&path=/var/www/vhosts/dienmaychuyennghiep.com/httpdocs/wp-content/uploads/2024/06 HTTP/2" 200 184695 "https://dienmaychuyennghiep.com/khuyen-mai/khuyen-mai-dongcheng?path=/var/www/vhosts/dienmaychuyennghiep.com/httpdocs/wp-content/uploads/2024/06" "Mozilla/5.0 AppleWebKit/537.36 (KHTML, like Gecko; compatible; GPTBot/1.4; +https://openai.com/gptbot)"
94.23.188.195 - - [10/Jun/2026:03:42:51 +0700] "GET /products/4649740813 HTTP/2" 200 19517 "-" "Mozilla/5.0 (compatible; AhrefsBot/7.0; +http://ahrefs.com/robot/)"
74.7.227.40 - - [10/Jun/2026:03:42:51 +0700] "GET /%22https:/bizweb.dktcdn.net/100/489/103/files/8.jpg?filesrc=/var/www/vhosts/dienmaychuyennghiep.com/httpdocs/wp-content/uploads/2024/07/M0910B-1-510x287.png&path=/var/www/vhosts/dienmaychuyennghiep.com/httpdocs/wp-content/uploads/2024/07 HTTP/2" 200 111159 "https://pemcom.vn/%22https:/bizweb.dktcdn.net/100/489/103/files/8.jpg?path=/var/www/vhosts/dienmaychuyennghiep.com/httpdocs/wp-content/uploads/2024/07" "Mozilla/5.0 AppleWebKit/537.36 (KHTML, like Gecko; compatible; GPTBot/1.4; +https://openai.com/gptbot)"
74.7.242.23 - - [10/Jun/2026:03:42:54 +0700] "GET /khuyen-mai/khuyen-mai-dongcheng?filesrc=/var/www/vhosts/dienmaychuyennghiep.com/httpdocs/wp-content/uploads/2024/07/Sencan-531306-dau-13-1-1536x864.png&path=/var/www/vhosts/dienmaychuyennghiep.com/httpdocs/wp-content/uploads/2024/07 HTTP/2" 200 355787 "https://dienmaychuyennghiep.com/khuyen-mai/khuyen-mai-dongcheng?path=/var/www/vhosts/dienmaychuyennghiep.com/httpdocs/wp-content/uploads/2024/07" "Mozilla/5.0 AppleWebKit/537.36 (KHTML, like Gecko; compatible; GPTBot/1.4; +https://openai.com/gptbot)"
52.167.144.222 - - [10/Jun/2026:03:42:51 +0700] "GET /san-pham/may-mai-goc-gws-18-150l/ HTTP/2" 200 63394 "-" "Mozilla/5.0 AppleWebKit/537.36 (KHTML, like Gecko; compatible; bingbot/2.0; +http://www.bing.com/bingbot.htm) Chrome/116.0.1938.76 Safari/537.36"
74.7.241.19 - - [10/Jun/2026:03:42:52 +0700] "GET /san-pham/may-han-mig-hong-ky-master-hkmig350/ HTTP/2" 200 63767 "https://pemco.com.vn/wp-sitemap-posts-product-1.xml" "Mozilla/5.0 AppleWebKit/537.36 (KHTML, like Gecko; compatible; GPTBot/1.4; +https://openai.com/gptbot)"
74.7.227.40 - - [10/Jun/2026:03:42:53 +0700] "GET /%22https:/bizweb.dktcdn.net/100/489/103/files/8.jpg?filesrc=/var/www/vhosts/dienmaychuyennghiep.com/httpdocs/wp-content/uploads/2024/07/JS3201-4-247x296.png&path=/var/www/vhosts/dienmaychuyennghiep.com/httpdocs/wp-content/uploads/2024/07 HTTP/2" 200 79174 "https://pemcom.vn/%22https:/bizweb.dktcdn.net/100/489/103/files/8.jpg?path=/var/www/vhosts/dienmaychuyennghiep.com/httpdocs/wp-content/uploads/2024/07" "Mozilla/5.0 AppleWebKit/537.36 (KHTML, like Gecko; compatible; GPTBot/1.4; +https://openai.com/gptbot)"
216.73.216.74 - - [10/Jun/2026:03:42:54 +0700] "GET /wp-sitemap.xml?filesrc=%2Fvar%2Fwww%2Fvhosts%2Fdienmaychuyennghiep.com%2Fhttpdocs%2Fwp-content%2Fuploads%2F2025%2F07%2FHKM1250E-4-430x400.webp&path=%2Fvar%2Fwww%2Fvhosts%2Fdienmaychuyennghiep.com%2Fhttpdocs%2Fwp-content%2Fuploads%2F2025%2F07 HTTP/2" 200 32329 "-" "Mozilla/5.0 AppleWebKit/537.36 (KHTML, like Gecko; compatible; ClaudeBot/1.0; +claudebot@anthropic.com)"
74.7.241.19 - - [10/Jun/2026:03:42:56 +0700] "GET /?p=3491 HTTP/2" 200 19517 "https://pemco.com.vn/san-pham/may-cua-da-goc-truot-makita-ls1219l/" "Mozilla/5.0 AppleWebKit/537.36 (KHTML, like Gecko; compatible; GPTBot/1.4; +https://openai.com/gptbot)"
74.7.227.40 - - [10/Jun/2026:03:42:55 +0700] "GET /%22https:/bizweb.dktcdn.net/100/489/103/files/8.jpg?filesrc=/var/www/vhosts/dienmaychuyennghiep.com/httpdocs/wp-content/uploads/2024/07/GV7000C-4-150x150.png&path=/var/www/vhosts/dienmaychuyennghiep.com/httpdocs/wp-content/uploads/2024/07 HTTP/2" 200 49335 "https://pemcom.vn/%22https:/bizweb.dktcdn.net/100/489/103/files/8.jpg?path=/var/www/vhosts/dienmaychuyennghiep.com/httpdocs/wp-content/uploads/2024/07" "Mozilla/5.0 AppleWebKit/537.36 (KHTML, like Gecko; compatible; GPTBot/1.4; +https://openai.com/gptbot)"
74.7.242.23 - - [10/Jun/2026:03:42:55 +0700] "GET /khuyen-mai/khuyen-mai-dongcheng?filesrc=/var/www/vhosts/dienmaychuyennghiep.com/httpdocs/wp-content/uploads/2024/07/Sencan-530603-dau-6-6-768x768.png&path=/var/www/vhosts/dienmaychuyennghiep.com/httpdocs/wp-content/uploads/2024/07 HTTP/2" 200 281549 "https://dienmaychuyennghiep.com/khuyen-mai/khuyen-mai-dongcheng?path=/var/www/vhosts/dienmaychuyennghiep.com/httpdocs/wp-content/uploads/2024/07" "Mozilla/5.0 AppleWebKit/537.36 (KHTML, like Gecko; compatible; GPTBot/1.4; +https://openai.com/gptbot)"
92.222.108.114 - - [10/Jun/2026:03:42:56 +0700] "GET /products/55727148886 HTTP/2" 200 19760 "-" "Mozilla/5.0 (compatible; AhrefsBot/7.0; +http://ahrefs.com/robot/)"
52.167.144.147 - - [10/Jun/2026:03:42:57 +0700] "GET /products/33373226802 HTTP/2" 200 19517 "-" "Mozilla/5.0 AppleWebKit/537.36 (KHTML, like Gecko; compatible; bingbot/2.0; +http://www.bing.com/bingbot.htm) Chrome/116.0.1938.76 Safari/537.36"
5.39.1.235 - - [10/Jun/2026:03:42:56 +0700] "GET /products/55727138322 HTTP/2" 200 19760 "-" "Mozilla/5.0 (compatible; AhrefsBot/7.0; +http://ahrefs.com/robot/)"
216.73.216.74 - - [10/Jun/2026:03:42:56 +0700] "GET /wp-sitemap.xml?filesrc=%2Fvar%2Fwww%2Fvhosts%2Fdienmaychuyennghiep.com%2Fhttpdocs%2Fwp-content%2Fuploads%2F2025%2F07%2FPLA-H1134.jpg&path=%2Fvar%2Fwww%2Fvhosts%2Fdienmaychuyennghiep.com%2Fhttpdocs%2Fwp-content%2Fuploads%2F2025%2F07 HTTP/2" 200 76814 "-" "Mozilla/5.0 AppleWebKit/537.36 (KHTML, like Gecko; compatible; ClaudeBot/1.0; +claudebot@anthropic.com)"
51.75.236.136 - - [10/Jun/2026:03:42:57 +0700] "GET /products/4649736105 HTTP/2" 200 19760 "-" "Mozilla/5.0 (compatible; AhrefsBot/7.0; +http://ahrefs.com/robot/)"
74.7.241.19 - - [10/Jun/2026:03:42:58 +0700] "GET /?p=8810 HTTP/2" 200 19760 "https://pemco.com.vn/san-pham/may-hut-bui-gia-dung-stanley-sl19128p/" "Mozilla/5.0 AppleWebKit/537.36 (KHTML, like Gecko; compatible; GPTBot/1.4; +https://openai.com/gptbot)"
74.7.227.40 - - [10/Jun/2026:03:42:57 +0700] "GET /%22https:/bizweb.dktcdn.net/100/489/103/files/8.jpg?filesrc=/var/www/vhosts/dienmaychuyennghiep.com/httpdocs/wp-content/uploads/2024/07/AF504Z-3-768x768.png&path=/var/www/vhosts/dienmaychuyennghiep.com/httpdocs/wp-content/uploads/2024/07 HTTP/2" 200 266669 "https://pemcom.vn/%22https:/bizweb.dktcdn.net/100/489/103/files/8.jpg?path=/var/www/vhosts/dienmaychuyennghiep.com/httpdocs/wp-content/uploads/2024/07" "Mozilla/5.0 AppleWebKit/537.36 (KHTML, like Gecko; compatible; GPTBot/1.4; +https://openai.com/gptbot)"
74.7.242.23 - - [10/Jun/2026:03:42:57 +0700] "GET /khuyen-mai/khuyen-mai-dongcheng?filesrc=/var/www/vhosts/dienmaychuyennghiep.com/httpdocs/wp-content/uploads/2024/07/Sencan-531011-2-1-300x300.png&path=/var/www/vhosts/dienmaychuyennghiep.com/httpdocs/wp-content/uploads/2024/07 HTTP/2" 200 57295 "https://dienmaychuyennghiep.com/khuyen-mai/khuyen-mai-dongcheng?path=/var/www/vhosts/dienmaychuyennghiep.com/httpdocs/wp-content/uploads/2024/07" "Mozilla/5.0 AppleWebKit/537.36 (KHTML, like Gecko; compatible; GPTBot/1.4; +https://openai.com/gptbot)"
74.7.227.40 - - [10/Jun/2026:03:43:00 +0700] "GET /%22https:/bizweb.dktcdn.net/100/489/103/files/8.jpg?filesrc=/var/www/vhosts/dienmaychuyennghiep.com/httpdocs/wp-content/uploads/2024/07/M9204B-6-247x296.png&path=/var/www/vhosts/dienmaychuyennghiep.com/httpdocs/wp-content/uploads/2024/07 HTTP/2" 200 101831 "https://pemcom.vn/%22https:/bizweb.dktcdn.net/100/489/103/files/8.jpg?path=/var/www/vhosts/dienmaychuyennghiep.com/httpdocs/wp-content/uploads/2024/07" "Mozilla/5.0 AppleWebKit/537.36 (KHTML, like Gecko; compatible; GPTBot/1.4; +https://openai.com/gptbot)"
74.7.241.19 - - [10/Jun/2026:03:43:00 +0700] "GET /?p=8909 HTTP/2" 200 19517 "https://pemco.com.vn/san-pham/xe-day-hang-da-nang-2-va-4-banh-stanley-mt519/" "Mozilla/5.0 AppleWebKit/537.36 (KHTML, like Gecko; compatible; GPTBot/1.4; +https://openai.com/gptbot)"
74.7.242.23 - - [10/Jun/2026:03:43:00 +0700] "GET /khuyen-mai/khuyen-mai-dongcheng?filesrc=/var/www/vhosts/dienmaychuyennghiep.com/httpdocs/wp-content/uploads/2024/06/D100-ASM17-100-8-510x510.png&path=/var/www/vhosts/dienmaychuyennghiep.com/httpdocs/wp-content/uploads/2024/06 HTTP/2" 200 153699 "https://dienmaychuyennghiep.com/khuyen-mai/khuyen-mai-dongcheng?path=/var/www/vhosts/dienmaychuyennghiep.com/httpdocs/wp-content/uploads/2024/06" "Mozilla/5.0 AppleWebKit/537.36 (KHTML, like Gecko; compatible; GPTBot/1.4; +https://openai.com/gptbot)"
