176.31.139.18 - - [10/Jun/2026:03:56:14 +0700] "GET /products/46497151075 HTTP/2" 200 19741 "-" "Mozilla/5.0 (compatible; AhrefsBot/7.0; +http://ahrefs.com/robot/)"
74.7.242.23 - - [10/Jun/2026:03:56:14 +0700] "GET /khuyen-mai/khuyen-mai-dongcheng?filesrc=/var/www/vhosts/dienmaychuyennghiep.com/httpdocs/wp-content/uploads/2024/07/Sencan-531015-dau-10-6-600x600.png&path=/var/www/vhosts/dienmaychuyennghiep.com/httpdocs/wp-content/uploads/2024/07 HTTP/2" 200 247796 "https://dienmaychuyennghiep.com/khuyen-mai/khuyen-mai-dongcheng?path=/var/www/vhosts/dienmaychuyennghiep.com/httpdocs/wp-content/uploads/2024/07" "Mozilla/5.0 AppleWebKit/537.36 (KHTML, like Gecko; compatible; GPTBot/1.4; +https://openai.com/gptbot)"
74.7.241.19 - - [10/Jun/2026:03:56:14 +0700] "GET /tu-khoa-san-pham/may-hut-bui-dung-pin/ HTTP/2" 200 56866 "https://pemco.com.vn/wp-sitemap-taxonomies-product_tag-1.xml" "Mozilla/5.0 AppleWebKit/537.36 (KHTML, like Gecko; compatible; GPTBot/1.4; +https://openai.com/gptbot)"
74.7.227.40 - - [10/Jun/2026:03:56:16 +0700] "GET /%22https:/bizweb.dktcdn.net/100/489/103/files/8.jpg?filesrc=/var/www/vhosts/dienmaychuyennghiep.com/httpdocs/wp-content/uploads/2024/07/RP0900-5-510x510.png&path=/var/www/vhosts/dienmaychuyennghiep.com/httpdocs/wp-content/uploads/2024/07 HTTP/2" 200 176688 "https://pemcom.vn/%22https:/bizweb.dktcdn.net/100/489/103/files/8.jpg?path=/var/www/vhosts/dienmaychuyennghiep.com/httpdocs/wp-content/uploads/2024/07" "Mozilla/5.0 AppleWebKit/537.36 (KHTML, like Gecko; compatible; GPTBot/1.4; +https://openai.com/gptbot)"
74.7.242.23 - - [10/Jun/2026:03:56:16 +0700] "GET /khuyen-mai/khuyen-mai-dongcheng?filesrc=/var/www/vhosts/dienmaychuyennghiep.com/httpdocs/wp-content/uploads/2025/10/may-thoi-la-dung-pin-54-60v-dewalt-dcmba572n-xj-1687138543.jpg&path=/var/www/vhosts/dienmaychuyennghiep.com/httpdocs/wp-content/uploads/2025/10 HTTP/2" 200 23769 "https://dienmaychuyennghiep.com/khuyen-mai/khuyen-mai-dongcheng?path=/var/www/vhosts/dienmaychuyennghiep.com/httpdocs/wp-content/uploads/2025/10" "Mozilla/5.0 AppleWebKit/537.36 (KHTML, like Gecko; compatible; GPTBot/1.4; +https://openai.com/gptbot)"
74.7.242.23 - - [10/Jun/2026:03:56:17 +0700] "GET /wp-content/uploads/2025/09/may-nen-khi-chay-bang-dau-diesel-pegasus-tmw208330l.jpg HTTP/2" 200 37982 "https://pemco.com.vn" "Mozilla/5.0 AppleWebKit/537.36 (KHTML, like Gecko; compatible; GPTBot/1.4; +https://openai.com/gptbot)"
51.75.236.137 - - [10/Jun/2026:03:56:17 +0700] "GET /products/4566584603 HTTP/2" 200 19517 "-" "Mozilla/5.0 (compatible; AhrefsBot/7.0; +http://ahrefs.com/robot/)"
74.7.227.40 - - [10/Jun/2026:03:56:17 +0700] "GET /%22https:/bizweb.dktcdn.net/100/489/103/files/8.jpg?filesrc=/var/www/vhosts/dienmaychuyennghiep.com/httpdocs/wp-content/uploads/2024/07/STHR202K-B1-5-247x296.png&path=/var/www/vhosts/dienmaychuyennghiep.com/httpdocs/wp-content/uploads/2024/07 HTTP/2" 200 67307 "https://pemcom.vn/%22https:/bizweb.dktcdn.net/100/489/103/files/8.jpg?path=/var/www/vhosts/dienmaychuyennghiep.com/httpdocs/wp-content/uploads/2024/07" "Mozilla/5.0 AppleWebKit/537.36 (KHTML, like Gecko; compatible; GPTBot/1.4; +https://openai.com/gptbot)"
74.7.242.23 - - [10/Jun/2026:03:56:17 +0700] "GET /khuyen-mai/khuyen-mai-dongcheng?filesrc=/var/www/vhosts/dienmaychuyennghiep.com/httpdocs/wp-content/uploads/2025/08/ajz02-13_84748cd0d89f47269ed35e26390a1c30_1024x1024.jpg&path=/var/www/vhosts/dienmaychuyennghiep.com/httpdocs/wp-content/uploads/2025/08 HTTP/2" 200 55646 "https://dienmaychuyennghiep.com/khuyen-mai/khuyen-mai-dongcheng?path=/var/www/vhosts/dienmaychuyennghiep.com/httpdocs/wp-content/uploads/2025/08" "Mozilla/5.0 AppleWebKit/537.36 (KHTML, like Gecko; compatible; GPTBot/1.4; +https://openai.com/gptbot)"
74.7.227.40 - - [10/Jun/2026:03:56:18 +0700] "GET /%22https:/bizweb.dktcdn.net/100/489/103/files/8.jpg?filesrc=/var/www/vhosts/dienmaychuyennghiep.com/httpdocs/wp-content/uploads/2024/07/M6500B-6-150x150.png&path=/var/www/vhosts/dienmaychuyennghiep.com/httpdocs/wp-content/uploads/2024/07 HTTP/2" 200 36268 "https://pemcom.vn/%22https:/bizweb.dktcdn.net/100/489/103/files/8.jpg?path=/var/www/vhosts/dienmaychuyennghiep.com/httpdocs/wp-content/uploads/2024/07" "Mozilla/5.0 AppleWebKit/537.36 (KHTML, like Gecko; compatible; GPTBot/1.4; +https://openai.com/gptbot)"
74.7.241.19 - - [10/Jun/2026:03:56:17 +0700] "GET /san-pham/may-cat-da-nang-dung-pin-kdmd12-type-ek/ HTTP/2" 200 61893 "https://pemco.com.vn/wp-sitemap-posts-product-1.xml" "Mozilla/5.0 AppleWebKit/537.36 (KHTML, like Gecko; compatible; GPTBot/1.4; +https://openai.com/gptbot)"
74.7.227.40 - - [10/Jun/2026:03:56:19 +0700] "GET /%22https:/bizweb.dktcdn.net/100/489/103/files/8.jpg?filesrc=/var/www/vhosts/dienmaychuyennghiep.com/httpdocs/wp-content/uploads/2024/07/STHR272KS-B1-3-600x600.png&path=/var/www/vhosts/dienmaychuyennghiep.com/httpdocs/wp-content/uploads/2024/07 HTTP/2" 200 165324 "https://pemcom.vn/%22https:/bizweb.dktcdn.net/100/489/103/files/8.jpg?path=/var/www/vhosts/dienmaychuyennghiep.com/httpdocs/wp-content/uploads/2024/07" "Mozilla/5.0 AppleWebKit/537.36 (KHTML, like Gecko; compatible; GPTBot/1.4; +https://openai.com/gptbot)"
74.7.242.23 - - [10/Jun/2026:03:56:19 +0700] "GET /khuyen-mai/khuyen-mai-dongcheng?filesrc=/var/www/vhosts/dienmaychuyennghiep.com/httpdocs/wp-content/uploads/2025/08/main-d3a9c48b7f3e458294f524e06fe7892c-1.jpg&path=/var/www/vhosts/dienmaychuyennghiep.com/httpdocs/wp-content/uploads/2025/08 HTTP/2" 200 29356 "https://dienmaychuyennghiep.com/khuyen-mai/khuyen-mai-dongcheng?path=/var/www/vhosts/dienmaychuyennghiep.com/httpdocs/wp-content/uploads/2025/08" "Mozilla/5.0 AppleWebKit/537.36 (KHTML, like Gecko; compatible; GPTBot/1.4; +https://openai.com/gptbot)"
74.7.242.23 - - [10/Jun/2026:03:56:20 +0700] "GET /khuyen-mai/khuyen-mai-dongcheng?filesrc=/var/www/vhosts/dienmaychuyennghiep.com/httpdocs/wp-content/uploads/2025/07/may-han-laser-ls-20000f-jasic-tich-hop-dau-cap-2-day-sp2-1.jpg&path=/var/www/vhosts/dienmaychuyennghiep.com/httpdocs/wp-content/uploads/2025/07 HTTP/2" 200 77497 "https://dienmaychuyennghiep.com/khuyen-mai/khuyen-mai-dongcheng?path=/var/www/vhosts/dienmaychuyennghiep.com/httpdocs/wp-content/uploads/2025/07" "Mozilla/5.0 AppleWebKit/537.36 (KHTML, like Gecko; compatible; GPTBot/1.4; +https://openai.com/gptbot)"
74.7.241.19 - - [10/Jun/2026:03:56:19 +0700] "GET /san-pham/may-cat-da-nang-dung-pin-kdmd20-type-em/ HTTP/2" 200 61774 "https://pemco.com.vn/wp-sitemap-posts-product-1.xml" "Mozilla/5.0 AppleWebKit/537.36 (KHTML, like Gecko; compatible; GPTBot/1.4; +https://openai.com/gptbot)"
103.138.88.26 - - [10/Jun/2026:03:56:22 +0700] "POST /wp-cron.php?doing_wp_cron=1781038582.3512730598449707031250 HTTP/1.1" 200 474 "-" "WordPress/7.0; https://pemcom.vn"
74.7.227.40 - - [10/Jun/2026:03:56:21 +0700] "GET /%22https:/bizweb.dktcdn.net/100/489/103/files/8.jpg?filesrc=/var/www/vhosts/dienmaychuyennghiep.com/httpdocs/wp-content/uploads/2024/07/DZZ90-3-1024x1024.png&path=/var/www/vhosts/dienmaychuyennghiep.com/httpdocs/wp-content/uploads/2024/07 HTTP/2" 200 859311 "https://pemcom.vn/%22https:/bizweb.dktcdn.net/100/489/103/files/8.jpg?path=/var/www/vhosts/dienmaychuyennghiep.com/httpdocs/wp-content/uploads/2024/07" "Mozilla/5.0 AppleWebKit/537.36 (KHTML, like Gecko; compatible; GPTBot/1.4; +https://openai.com/gptbot)"
74.7.242.23 - - [10/Jun/2026:03:56:21 +0700] "GET /khuyen-mai/khuyen-mai-dongcheng?filesrc=/var/www/vhosts/dienmaychuyennghiep.com/httpdocs/wp-content/uploads/2024/07/932-4-1-510x510.png&path=/var/www/vhosts/dienmaychuyennghiep.com/httpdocs/wp-content/uploads/2024/07 HTTP/2" 200 180854 "https://dienmaychuyennghiep.com/khuyen-mai/khuyen-mai-dongcheng?path=/var/www/vhosts/dienmaychuyennghiep.com/httpdocs/wp-content/uploads/2024/07" "Mozilla/5.0 AppleWebKit/537.36 (KHTML, like Gecko; compatible; GPTBot/1.4; +https://openai.com/gptbot)"
74.7.227.40 - - [10/Jun/2026:03:56:22 +0700] "GET /%22https:/bizweb.dktcdn.net/100/489/103/files/8.jpg?filesrc=/var/www/vhosts/dienmaychuyennghiep.com/httpdocs/wp-content/uploads/2024/07/AF504Z-1-510x287.png&path=/var/www/vhosts/dienmaychuyennghiep.com/httpdocs/wp-content/uploads/2024/07 HTTP/2" 200 83874 "https://pemcom.vn/%22https:/bizweb.dktcdn.net/100/489/103/files/8.jpg?path=/var/www/vhosts/dienmaychuyennghiep.com/httpdocs/wp-content/uploads/2024/07" "Mozilla/5.0 AppleWebKit/537.36 (KHTML, like Gecko; compatible; GPTBot/1.4; +https://openai.com/gptbot)"
54.37.118.93 - - [10/Jun/2026:03:56:23 +0700] "GET /products/46497174715 HTTP/2" 200 19517 "-" "Mozilla/5.0 (compatible; AhrefsBot/7.0; +http://ahrefs.com/robot/)"
74.7.227.40 - - [10/Jun/2026:03:56:24 +0700] "GET /%22https:/bizweb.dktcdn.net/100/489/103/files/8.jpg?filesrc=/var/www/vhosts/dienmaychuyennghiep.com/httpdocs/wp-content/uploads/2024/07/M9512B-3-247x296.png&path=/var/www/vhosts/dienmaychuyennghiep.com/httpdocs/wp-content/uploads/2024/07 HTTP/2" 200 73540 "https://pemcom.vn/%22https:/bizweb.dktcdn.net/100/489/103/files/8.jpg?path=/var/www/vhosts/dienmaychuyennghiep.com/httpdocs/wp-content/uploads/2024/07" "Mozilla/5.0 AppleWebKit/537.36 (KHTML, like Gecko; compatible; GPTBot/1.4; +https://openai.com/gptbot)"
74.7.241.19 - - [10/Jun/2026:03:56:22 +0700] "GET /san-pham/may-khoan-ban-hong-ky-hk-kc10/ HTTP/2" 200 63225 "https://pemco.com.vn/wp-sitemap-posts-product-1.xml" "Mozilla/5.0 AppleWebKit/537.36 (KHTML, like Gecko; compatible; GPTBot/1.4; +https://openai.com/gptbot)"
85.208.96.202 - - [10/Jun/2026:03:56:22 +0700] "GET /danh-muc-san-pham/may-cam-tay/page/30/ HTTP/1.1" 200 65964 "-" "Mozilla/5.0 (compatible; SemrushBot/7~bl; +http://www.semrush.com/bot.html)"
103.138.88.26 - - [10/Jun/2026:03:56:25 +0700] "POST /wp-cron.php?doing_wp_cron=1781038584.9711890220642089843750 HTTP/1.1" 200 474 "-" "WordPress/7.0; https://pemco.com.vn"
74.7.242.23 - - [10/Jun/2026:03:56:23 +0700] "GET /khuyen-mai/khuyen-mai-dongcheng?filesrc=/var/www/vhosts/dienmaychuyennghiep.com/httpdocs/wp-content/uploads/2024/06/7070-1-1-247x296.png&path=/var/www/vhosts/dienmaychuyennghiep.com/httpdocs/wp-content/uploads/2024/06 HTTP/2" 200 58970 "https://dienmaychuyennghiep.com/khuyen-mai/khuyen-mai-dongcheng?path=/var/www/vhosts/dienmaychuyennghiep.com/httpdocs/wp-content/uploads/2024/06" "Mozilla/5.0 AppleWebKit/537.36 (KHTML, like Gecko; compatible; GPTBot/1.4; +https://openai.com/gptbot)"
74.7.242.23 - - [10/Jun/2026:03:56:25 +0700] "GET /khuyen-mai/khuyen-mai-dongcheng?filesrc=/var/www/vhosts/dienmaychuyennghiep.com/httpdocs/wp-content/uploads/2024/06/9030-2-1-247x296.png&path=/var/www/vhosts/dienmaychuyennghiep.com/httpdocs/wp-content/uploads/2024/06 HTTP/2" 200 80174 "https://dienmaychuyennghiep.com/khuyen-mai/khuyen-mai-dongcheng?path=/var/www/vhosts/dienmaychuyennghiep.com/httpdocs/wp-content/uploads/2024/06" "Mozilla/5.0 AppleWebKit/537.36 (KHTML, like Gecko; compatible; GPTBot/1.4; +https://openai.com/gptbot)"
74.7.227.40 - - [10/Jun/2026:03:56:26 +0700] "GET /%22https:/bizweb.dktcdn.net/100/489/103/files/8.jpg?filesrc=/var/www/vhosts/dienmaychuyennghiep.com/httpdocs/wp-content/uploads/2024/07/STHM10K-B1-1-600x338.png&path=/var/www/vhosts/dienmaychuyennghiep.com/httpdocs/wp-content/uploads/2024/07 HTTP/2" 200 116915 "https://pemcom.vn/%22https:/bizweb.dktcdn.net/100/489/103/files/8.jpg?path=/var/www/vhosts/dienmaychuyennghiep.com/httpdocs/wp-content/uploads/2024/07" "Mozilla/5.0 AppleWebKit/537.36 (KHTML, like Gecko; compatible; GPTBot/1.4; +https://openai.com/gptbot)"
74.7.241.19 - - [10/Jun/2026:03:56:25 +0700] "GET /san-pham/may-khoan-ban-hong-ky-hk-kc12/ HTTP/2" 200 63449 "https://pemco.com.vn/wp-sitemap-posts-product-1.xml" "Mozilla/5.0 AppleWebKit/537.36 (KHTML, like Gecko; compatible; GPTBot/1.4; +https://openai.com/gptbot)"
74.7.227.40 - - [10/Jun/2026:03:56:27 +0700] "GET /%22https:/bizweb.dktcdn.net/100/489/103/files/8.jpg?filesrc=/var/www/vhosts/dienmaychuyennghiep.com/httpdocs/wp-content/uploads/2024/07/LS1110F-6-768x768.png&path=/var/www/vhosts/dienmaychuyennghiep.com/httpdocs/wp-content/uploads/2024/07 HTTP/2" 200 338990 "https://pemcom.vn/%22https:/bizweb.dktcdn.net/100/489/103/files/8.jpg?path=/var/www/vhosts/dienmaychuyennghiep.com/httpdocs/wp-content/uploads/2024/07" "Mozilla/5.0 AppleWebKit/537.36 (KHTML, like Gecko; compatible; GPTBot/1.4; +https://openai.com/gptbot)"
74.7.242.23 - - [10/Jun/2026:03:56:26 +0700] "GET /khuyen-mai/khuyen-mai-dongcheng?filesrc=/var/www/vhosts/dienmaychuyennghiep.com/httpdocs/wp-content/uploads/2025/10/10047583-xe-day-hang-6-banh-stanley-sxwtd-ft584-4-100x100.webp&path=/var/www/vhosts/dienmaychuyennghiep.com/httpdocs/wp-content/uploads/2025/10 HTTP/2" 200 21246 "https://dienmaychuyennghiep.com/khuyen-mai/khuyen-mai-dongcheng?path=/var/www/vhosts/dienmaychuyennghiep.com/httpdocs/wp-content/uploads/2025/10" "Mozilla/5.0 AppleWebKit/537.36 (KHTML, like Gecko; compatible; GPTBot/1.4; +https://openai.com/gptbot)"
74.7.242.23 - - [10/Jun/2026:03:56:28 +0700] "GET /khuyen-mai/khuyen-mai-dongcheng?filesrc=/var/www/vhosts/dienmaychuyennghiep.com/httpdocs/wp-content/uploads/2024/06/7070-2-1-150x150.png&path=/var/www/vhosts/dienmaychuyennghiep.com/httpdocs/wp-content/uploads/2024/06 HTTP/2" 200 37508 "https://dienmaychuyennghiep.com/khuyen-mai/khuyen-mai-dongcheng?path=/var/www/vhosts/dienmaychuyennghiep.com/httpdocs/wp-content/uploads/2024/06" "Mozilla/5.0 AppleWebKit/537.36 (KHTML, like Gecko; compatible; GPTBot/1.4; +https://openai.com/gptbot)"
74.7.227.40 - - [10/Jun/2026:03:56:29 +0700] "GET /%22https:/bizweb.dktcdn.net/100/489/103/files/8.jpg?filesrc=/var/www/vhosts/dienmaychuyennghiep.com/httpdocs/wp-content/uploads/2024/07/AF201Z-6-247x296.png&path=/var/www/vhosts/dienmaychuyennghiep.com/httpdocs/wp-content/uploads/2024/07 HTTP/2" 200 72105 "https://pemcom.vn/%22https:/bizweb.dktcdn.net/100/489/103/files/8.jpg?path=/var/www/vhosts/dienmaychuyennghiep.com/httpdocs/wp-content/uploads/2024/07" "Mozilla/5.0 AppleWebKit/537.36 (KHTML, like Gecko; compatible; GPTBot/1.4; +https://openai.com/gptbot)"
74.7.242.23 - - [10/Jun/2026:03:56:29 +0700] "GET /khuyen-mai/khuyen-mai-dongcheng?filesrc=/var/www/vhosts/dienmaychuyennghiep.com/httpdocs/wp-content/uploads/2024/06/9030-3-1-100x100.png&path=/var/www/vhosts/dienmaychuyennghiep.com/httpdocs/wp-content/uploads/2024/06 HTTP/2" 200 32253 "https://dienmaychuyennghiep.com/khuyen-mai/khuyen-mai-dongcheng?path=/var/www/vhosts/dienmaychuyennghiep.com/httpdocs/wp-content/uploads/2024/06" "Mozilla/5.0 AppleWebKit/537.36 (KHTML, like Gecko; compatible; GPTBot/1.4; +https://openai.com/gptbot)"
74.7.241.19 - - [10/Jun/2026:03:56:28 +0700] "GET /san-pham/may-phun-nong-dewalt-d26414-b1/?filesrc=/var/www/vhosts/dienmaychuyennghiep.com/httpdocs/wp-mail.php&path=/var/www/vhosts/dienmaychuyennghiep.com/httpdocs HTTP/2" 200 64779 "https://pemco.com.vn/san-pham/may-phun-nong-dewalt-d26414-b1/" "Mozilla/5.0 AppleWebKit/537.36 (KHTML, like Gecko; compatible; GPTBot/1.4; +https://openai.com/gptbot)"
74.7.241.19 - - [10/Jun/2026:03:56:30 +0700] "GET /?p=6884 HTTP/2" 200 19517 "https://pemco.com.vn/san-pham/may-khoan-ban-hong-ky-kbe120c/" "Mozilla/5.0 AppleWebKit/537.36 (KHTML, like Gecko; compatible; GPTBot/1.4; +https://openai.com/gptbot)"
74.7.227.40 - - [10/Jun/2026:03:56:30 +0700] "GET /%22https:/bizweb.dktcdn.net/100/489/103/files/8.jpg?filesrc=/var/www/vhosts/dienmaychuyennghiep.com/httpdocs/wp-content/uploads/2024/07/GA4031-6-150x150.png&path=/var/www/vhosts/dienmaychuyennghiep.com/httpdocs/wp-content/uploads/2024/07 HTTP/2" 200 41196 "https://pemcom.vn/%22https:/bizweb.dktcdn.net/100/489/103/files/8.jpg?path=/var/www/vhosts/dienmaychuyennghiep.com/httpdocs/wp-content/uploads/2024/07" "Mozilla/5.0 AppleWebKit/537.36 (KHTML, like Gecko; compatible; GPTBot/1.4; +https://openai.com/gptbot)"
74.7.242.23 - - [10/Jun/2026:03:56:31 +0700] "GET /khuyen-mai/khuyen-mai-dongcheng?filesrc=/var/www/vhosts/dienmaychuyennghiep.com/httpdocs/wp-content/uploads/2025/08/3019_may_phay_go_amr02_12_01-100x100.png&path=/var/www/vhosts/dienmaychuyennghiep.com/httpdocs/wp-content/uploads/2025/08 HTTP/2" 200 22365 "https://dienmaychuyennghiep.com/khuyen-mai/khuyen-mai-dongcheng?path=/var/www/vhosts/dienmaychuyennghiep.com/httpdocs/wp-content/uploads/2025/08" "Mozilla/5.0 AppleWebKit/537.36 (KHTML, like Gecko; compatible; GPTBot/1.4; +https://openai.com/gptbot)"
74.7.227.40 - - [10/Jun/2026:03:56:32 +0700] "GET /%22https:/bizweb.dktcdn.net/100/489/103/files/8.jpg?filesrc=/var/www/vhosts/dienmaychuyennghiep.com/httpdocs/wp-content/uploads/2024/07/LS1016-4-247x296.png&path=/var/www/vhosts/dienmaychuyennghiep.com/httpdocs/wp-content/uploads/2024/07 HTTP/2" 200 104287 "https://pemcom.vn/%22https:/bizweb.dktcdn.net/100/489/103/files/8.jpg?path=/var/www/vhosts/dienmaychuyennghiep.com/httpdocs/wp-content/uploads/2024/07" "Mozilla/5.0 AppleWebKit/537.36 (KHTML, like Gecko; compatible; GPTBot/1.4; +https://openai.com/gptbot)"
74.7.241.19 - - [10/Jun/2026:03:56:32 +0700] "GET /?p=8418 HTTP/2" 200 19517 "https://pemco.com.vn/san-pham/may-phun-nong-dewalt-d26414-b1/" "Mozilla/5.0 AppleWebKit/537.36 (KHTML, like Gecko; compatible; GPTBot/1.4; +https://openai.com/gptbot)"
41.254.89.52 - - [10/Jun/2026:03:56:31 +0700] "GET /san-pham/may-hut-bui-cong-nghiep-3-chuc-nang-stanley-sl19199-16a/ HTTP/1.1" 200 63155 "https://dienmaychuyennghiep.com/tu-khoa-san-pham/stanley/page/1/" "Mozilla/5.0 (iPhone; CPU iPhone OS 18_3 like Mac OS X) AppleWebKit/605.1.15 (KHTML, like Gecko) Version/18.3 Mobile/15E148 Safari/604.1"
74.7.242.23 - - [10/Jun/2026:03:56:32 +0700] "GET /khuyen-mai/khuyen-mai-dongcheng?filesrc=/var/www/vhosts/dienmaychuyennghiep.com/httpdocs/wp-content/uploads/2024/06/7070-1-1-300x300.png&path=/var/www/vhosts/dienmaychuyennghiep.com/httpdocs/wp-content/uploads/2024/06 HTTP/2" 200 65708 "https://dienmaychuyennghiep.com/khuyen-mai/khuyen-mai-dongcheng?path=/var/www/vhosts/dienmaychuyennghiep.com/httpdocs/wp-content/uploads/2024/06" "Mozilla/5.0 AppleWebKit/537.36 (KHTML, like Gecko; compatible; GPTBot/1.4; +https://openai.com/gptbot)"
51.75.236.148 - - [10/Jun/2026:03:56:33 +0700] "GET /products/46497126253 HTTP/2" 200 19760 "-" "Mozilla/5.0 (compatible; AhrefsBot/7.0; +http://ahrefs.com/robot/)"
176.31.139.15 - - [10/Jun/2026:03:56:33 +0700] "GET /products/46497138773 HTTP/2" 200 19517 "-" "Mozilla/5.0 (compatible; AhrefsBot/7.0; +http://ahrefs.com/robot/)"
74.7.242.23 - - [10/Jun/2026:03:56:34 +0700] "GET /khuyen-mai/khuyen-mai-dongcheng?filesrc=/var/www/vhosts/dienmaychuyennghiep.com/httpdocs/wp-content/uploads/2024/06/9030-3-1-510x510.png&path=/var/www/vhosts/dienmaychuyennghiep.com/httpdocs/wp-content/uploads/2024/06 HTTP/2" 200 181732 "https://dienmaychuyennghiep.com/khuyen-mai/khuyen-mai-dongcheng?path=/var/www/vhosts/dienmaychuyennghiep.com/httpdocs/wp-content/uploads/2024/06" "Mozilla/5.0 AppleWebKit/537.36 (KHTML, like Gecko; compatible; GPTBot/1.4; +https://openai.com/gptbot)"
74.7.241.19 - - [10/Jun/2026:03:56:33 +0700] "GET /?p=4225 HTTP/2" 200 19760 "https://pemco.com.vn/san-pham/may-cat-tuong-makita-sg1251j-125mm/" "Mozilla/5.0 AppleWebKit/537.36 (KHTML, like Gecko; compatible; GPTBot/1.4; +https://openai.com/gptbot)"
74.7.227.40 - - [10/Jun/2026:03:56:33 +0700] "GET /%22https:/bizweb.dktcdn.net/100/489/103/files/8.jpg?filesrc=/var/www/vhosts/dienmaychuyennghiep.com/httpdocs/wp-content/uploads/2024/07/GV7000C-1-510x287.png&path=/var/www/vhosts/dienmaychuyennghiep.com/httpdocs/wp-content/uploads/2024/07 HTTP/2" 200 96564 "https://pemcom.vn/%22https:/bizweb.dktcdn.net/100/489/103/files/8.jpg?path=/var/www/vhosts/dienmaychuyennghiep.com/httpdocs/wp-content/uploads/2024/07" "Mozilla/5.0 AppleWebKit/537.36 (KHTML, like Gecko; compatible; GPTBot/1.4; +https://openai.com/gptbot)"
92.222.108.109 - - [10/Jun/2026:03:56:35 +0700] "GET /products/46497111453 HTTP/2" 200 19517 "-" "Mozilla/5.0 (compatible; AhrefsBot/7.0; +http://ahrefs.com/robot/)"
74.7.227.40 - - [10/Jun/2026:03:56:35 +0700] "GET /%22https:/bizweb.dktcdn.net/100/489/103/files/8.jpg?filesrc=/var/www/vhosts/dienmaychuyennghiep.com/httpdocs/wp-content/uploads/2024/07/LH1040-2-300x300.png&path=/var/www/vhosts/dienmaychuyennghiep.com/httpdocs/wp-content/uploads/2024/07 HTTP/2" 200 85679 "https://pemcom.vn/%22https:/bizweb.dktcdn.net/100/489/103/files/8.jpg?path=/var/www/vhosts/dienmaychuyennghiep.com/httpdocs/wp-content/uploads/2024/07" "Mozilla/5.0 AppleWebKit/537.36 (KHTML, like Gecko; compatible; GPTBot/1.4; +https://openai.com/gptbot)"
74.7.241.19 - - [10/Jun/2026:03:56:35 +0700] "GET /?p=5452 HTTP/2" 200 19517 "https://pemco.com.vn/san-pham/brooklyn-long-sleeve-sweater/" "Mozilla/5.0 AppleWebKit/537.36 (KHTML, like Gecko; compatible; GPTBot/1.4; +https://openai.com/gptbot)"
74.7.242.23 - - [10/Jun/2026:03:56:35 +0700] "GET /khuyen-mai/khuyen-mai-dongcheng?filesrc=/var/www/vhosts/dienmaychuyennghiep.com/httpdocs/wp-content/uploads/2025/08/may-siet-vit-dung-pin-dca-adpl208-2024-09-27-1727413020.webp&path=/var/www/vhosts/dienmaychuyennghiep.com/httpdocs/wp-content/uploads/2025/08 HTTP/2" 200 37577 "https://dienmaychuyennghiep.com/khuyen-mai/khuyen-mai-dongcheng?path=/var/www/vhosts/dienmaychuyennghiep.com/httpdocs/wp-content/uploads/2025/08" "Mozilla/5.0 AppleWebKit/537.36 (KHTML, like Gecko; compatible; GPTBot/1.4; +https://openai.com/gptbot)"
74.7.241.19 - - [10/Jun/2026:03:56:36 +0700] "GET /?p=8404 HTTP/2" 200 19517 "https://pemco.com.vn/san-pham/may-cua-da-goc-truot-dewalt-dws780-kr/" "Mozilla/5.0 AppleWebKit/537.36 (KHTML, like Gecko; compatible; GPTBot/1.4; +https://openai.com/gptbot)"
74.7.227.40 - - [10/Jun/2026:03:56:37 +0700] "GET /%22https:/bizweb.dktcdn.net/100/489/103/files/8.jpg?filesrc=/var/www/vhosts/dienmaychuyennghiep.com/httpdocs/wp-content/uploads/2024/07/AQU160-3-510x510.png&path=/var/www/vhosts/dienmaychuyennghiep.com/httpdocs/wp-content/uploads/2024/07 HTTP/2" 200 168731 "https://pemcom.vn/%22https:/bizweb.dktcdn.net/100/489/103/files/8.jpg?path=/var/www/vhosts/dienmaychuyennghiep.com/httpdocs/wp-content/uploads/2024/07" "Mozilla/5.0 AppleWebKit/537.36 (KHTML, like Gecko; compatible; GPTBot/1.4; +https://openai.com/gptbot)"
74.7.242.23 - - [10/Jun/2026:03:56:37 +0700] "GET /khuyen-mai/khuyen-mai-dongcheng?filesrc=/var/www/vhosts/dienmaychuyennghiep.com/httpdocs/wp-content/uploads/2025/08/may-hut-bui-80l-dca-avc80-2025-03-23-1742721353.webp&path=/var/www/vhosts/dienmaychuyennghiep.com/httpdocs/wp-content/uploads/2025/08 HTTP/2" 200 39186 "https://dienmaychuyennghiep.com/khuyen-mai/khuyen-mai-dongcheng?path=/var/www/vhosts/dienmaychuyennghiep.com/httpdocs/wp-content/uploads/2025/08" "Mozilla/5.0 AppleWebKit/537.36 (KHTML, like Gecko; compatible; GPTBot/1.4; +https://openai.com/gptbot)"
74.7.241.19 - - [10/Jun/2026:03:56:38 +0700] "GET /wp-content/uploads/2025/09/than-may-cua-dia-dung-pin-20v-dck-kdmy02-185type-z-1727489716-247x296.jpg HTTP/2" 200 20879 "https://pemco.com.vn/tu-khoa-san-pham/may-cua-dia-dung-pin/" "Mozilla/5.0 AppleWebKit/537.36 (KHTML, like Gecko; compatible; GPTBot/1.4; +https://openai.com/gptbot)"
74.7.242.23 - - [10/Jun/2026:03:56:38 +0700] "GET /khuyen-mai/khuyen-mai-dongcheng?filesrc=/var/www/vhosts/dienmaychuyennghiep.com/httpdocs/wp-content/uploads/2024/06/9030-2-1-510x287.png&path=/var/www/vhosts/dienmaychuyennghiep.com/httpdocs/wp-content/uploads/2024/06 HTTP/2" 200 113825 "https://dienmaychuyennghiep.com/khuyen-mai/khuyen-mai-dongcheng?path=/var/www/vhosts/dienmaychuyennghiep.com/httpdocs/wp-content/uploads/2024/06" "Mozilla/5.0 AppleWebKit/537.36 (KHTML, like Gecko; compatible; GPTBot/1.4; +https://openai.com/gptbot)"
74.7.241.19 - - [10/Jun/2026:03:56:38 +0700] "GET /?p=8080 HTTP/2" 200 19517 "https://pemco.com.vn/san-pham/may-cat-da-nang-dung-pin-kdmd12-type-ek/" "Mozilla/5.0 AppleWebKit/537.36 (KHTML, like Gecko; compatible; GPTBot/1.4; +https://openai.com/gptbot)"
74.7.227.40 - - [10/Jun/2026:03:56:38 +0700] "GET /%22https:/bizweb.dktcdn.net/100/489/103/files/8.jpg?filesrc=/var/www/vhosts/dienmaychuyennghiep.com/httpdocs/wp-content/uploads/2024/07/LS1219L-6-600x600.png&path=/var/www/vhosts/dienmaychuyennghiep.com/httpdocs/wp-content/uploads/2024/07 HTTP/2" 200 303899 "https://pemcom.vn/%22https:/bizweb.dktcdn.net/100/489/103/files/8.jpg?path=/var/www/vhosts/dienmaychuyennghiep.com/httpdocs/wp-content/uploads/2024/07" "Mozilla/5.0 AppleWebKit/537.36 (KHTML, like Gecko; compatible; GPTBot/1.4; +https://openai.com/gptbot)"
92.222.108.104 - - [10/Jun/2026:03:56:39 +0700] "GET /products/4566599343 HTTP/2" 200 19517 "-" "Mozilla/5.0 (compatible; AhrefsBot/7.0; +http://ahrefs.com/robot/)"
74.7.227.40 - - [10/Jun/2026:03:56:39 +0700] "GET /%22https:/bizweb.dktcdn.net/100/489/103/files/8.jpg?filesrc=/var/www/vhosts/dienmaychuyennghiep.com/httpdocs/wp-content/uploads/2024/07/GA9070-2-100x100.png&path=/var/www/vhosts/dienmaychuyennghiep.com/httpdocs/wp-content/uploads/2024/07 HTTP/2" 200 30393 "https://pemcom.vn/%22https:/bizweb.dktcdn.net/100/489/103/files/8.jpg?path=/var/www/vhosts/dienmaychuyennghiep.com/httpdocs/wp-content/uploads/2024/07" "Mozilla/5.0 AppleWebKit/537.36 (KHTML, like Gecko; compatible; GPTBot/1.4; +https://openai.com/gptbot)"
74.7.242.23 - - [10/Jun/2026:03:56:39 +0700] "GET /khuyen-mai/khuyen-mai-dongcheng?filesrc=/var/www/vhosts/dienmaychuyennghiep.com/httpdocs/wp-content/uploads/2024/06/9030-3-1-150x150.png&path=/var/www/vhosts/dienmaychuyennghiep.com/httpdocs/wp-content/uploads/2024/06 HTTP/2" 200 43785 "https://dienmaychuyennghiep.com/khuyen-mai/khuyen-mai-dongcheng?path=/var/www/vhosts/dienmaychuyennghiep.com/httpdocs/wp-content/uploads/2024/06" "Mozilla/5.0 AppleWebKit/537.36 (KHTML, like Gecko; compatible; GPTBot/1.4; +https://openai.com/gptbot)"
74.7.241.19 - - [10/Jun/2026:03:56:40 +0700] "GET /san-pham/may-cat-da-nang-dung-pin-kdmd20-type-em/?path=/var/www/vhosts/dienmaychuyennghiep.com/httpdocs HTTP/2" 200 61885 "https://pemco.com.vn/san-pham/may-cat-da-nang-dung-pin-kdmd20-type-em/" "Mozilla/5.0 AppleWebKit/537.36 (KHTML, like Gecko; compatible; GPTBot/1.4; +https://openai.com/gptbot)"
74.7.227.40 - - [10/Jun/2026:03:56:41 +0700] "GET /%22https:/bizweb.dktcdn.net/100/489/103/files/8.jpg?filesrc=/var/www/vhosts/dienmaychuyennghiep.com/httpdocs/wp-content/uploads/2024/07/M4301B-6-600x600.png&path=/var/www/vhosts/dienmaychuyennghiep.com/httpdocs/wp-content/uploads/2024/07 HTTP/2" 200 262956 "https://pemcom.vn/%22https:/bizweb.dktcdn.net/100/489/103/files/8.jpg?path=/var/www/vhosts/dienmaychuyennghiep.com/httpdocs/wp-content/uploads/2024/07" "Mozilla/5.0 AppleWebKit/537.36 (KHTML, like Gecko; compatible; GPTBot/1.4; +https://openai.com/gptbot)"
74.7.242.23 - - [10/Jun/2026:03:56:41 +0700] "GET /khuyen-mai/khuyen-mai-dongcheng?filesrc=/var/www/vhosts/dienmaychuyennghiep.com/httpdocs/wp-content/uploads/2024/06/7081-1-1-510x510.png&path=/var/www/vhosts/dienmaychuyennghiep.com/httpdocs/wp-content/uploads/2024/06 HTTP/2" 200 141229 "https://dienmaychuyennghiep.com/khuyen-mai/khuyen-mai-dongcheng?path=/var/www/vhosts/dienmaychuyennghiep.com/httpdocs/wp-content/uploads/2024/06" "Mozilla/5.0 AppleWebKit/537.36 (KHTML, like Gecko; compatible; GPTBot/1.4; +https://openai.com/gptbot)"
74.7.242.23 - - [10/Jun/2026:03:56:42 +0700] "GET /khuyen-mai/khuyen-mai-dongcheng?filesrc=/var/www/vhosts/dienmaychuyennghiep.com/httpdocs/wp-content/uploads/2025/10/10047583-xe-day-hang-6-banh-stanley-sxwtd-ft584-1-510x286.webp&path=/var/www/vhosts/dienmaychuyennghiep.com/httpdocs/wp-content/uploads/2025/10 HTTP/2" 200 23095 "https://dienmaychuyennghiep.com/khuyen-mai/khuyen-mai-dongcheng?path=/var/www/vhosts/dienmaychuyennghiep.com/httpdocs/wp-content/uploads/2025/10" "Mozilla/5.0 AppleWebKit/537.36 (KHTML, like Gecko; compatible; GPTBot/1.4; +https://openai.com/gptbot)"
54.37.118.84 - - [10/Jun/2026:03:56:42 +0700] "GET /products/46497110154 HTTP/2" 200 19760 "-" "Mozilla/5.0 (compatible; AhrefsBot/7.0; +http://ahrefs.com/robot/)"
74.7.241.19 - - [10/Jun/2026:03:56:43 +0700] "GET /?p=8149 HTTP/2" 200 19517 "https://pemco.com.vn/san-pham/may-cat-da-nang-dung-pin-kdmd20-type-em/" "Mozilla/5.0 AppleWebKit/537.36 (KHTML, like Gecko; compatible; GPTBot/1.4; +https://openai.com/gptbot)"
74.7.227.40 - - [10/Jun/2026:03:56:43 +0700] "GET /%22https:/bizweb.dktcdn.net/100/489/103/files/8.jpg?filesrc=/var/www/vhosts/dienmaychuyennghiep.com/httpdocs/wp-content/uploads/2024/07/SG1251J-3-247x296.png&path=/var/www/vhosts/dienmaychuyennghiep.com/httpdocs/wp-content/uploads/2024/07 HTTP/2" 200 59906 "https://pemcom.vn/%22https:/bizweb.dktcdn.net/100/489/103/files/8.jpg?path=/var/www/vhosts/dienmaychuyennghiep.com/httpdocs/wp-content/uploads/2024/07" "Mozilla/5.0 AppleWebKit/537.36 (KHTML, like Gecko; compatible; GPTBot/1.4; +https://openai.com/gptbot)"
74.7.242.23 - - [10/Jun/2026:03:56:44 +0700] "GET /khuyen-mai/khuyen-mai-dongcheng?filesrc=/var/www/vhosts/dienmaychuyennghiep.com/httpdocs/wp-content/uploads/2025/10/10047583-xe-day-hang-6-banh-stanley-sxwtd-ft584-5-100x100.webp&path=/var/www/vhosts/dienmaychuyennghiep.com/httpdocs/wp-content/uploads/2025/10 HTTP/2" 200 20573 "https://dienmaychuyennghiep.com/khuyen-mai/khuyen-mai-dongcheng?path=/var/www/vhosts/dienmaychuyennghiep.com/httpdocs/wp-content/uploads/2025/10" "Mozilla/5.0 AppleWebKit/537.36 (KHTML, like Gecko; compatible; GPTBot/1.4; +https://openai.com/gptbot)"
74.7.227.40 - - [10/Jun/2026:03:56:44 +0700] "GET /%22https:/bizweb.dktcdn.net/100/489/103/files/8.jpg?filesrc=/var/www/vhosts/dienmaychuyennghiep.com/httpdocs/wp-content/uploads/2024/07/HS6600-2-150x150.png&path=/var/www/vhosts/dienmaychuyennghiep.com/httpdocs/wp-content/uploads/2024/07 HTTP/2" 200 43217 "https://pemcom.vn/%22https:/bizweb.dktcdn.net/100/489/103/files/8.jpg?path=/var/www/vhosts/dienmaychuyennghiep.com/httpdocs/wp-content/uploads/2024/07" "Mozilla/5.0 AppleWebKit/537.36 (KHTML, like Gecko; compatible; GPTBot/1.4; +https://openai.com/gptbot)"
74.7.241.19 - - [10/Jun/2026:03:56:44 +0700] "GET /?p=6864 HTTP/2" 200 19517 "https://pemco.com.vn/san-pham/may-khoan-ban-hong-ky-hk-kc12/" "Mozilla/5.0 AppleWebKit/537.36 (KHTML, like Gecko; compatible; GPTBot/1.4; +https://openai.com/gptbot)"
74.7.227.40 - - [10/Jun/2026:03:56:46 +0700] "GET /%22https:/bizweb.dktcdn.net/100/489/103/files/8.jpg?filesrc=/var/www/vhosts/dienmaychuyennghiep.com/httpdocs/wp-content/uploads/2024/07/LS0816F-1-300x300.png&path=/var/www/vhosts/dienmaychuyennghiep.com/httpdocs/wp-content/uploads/2024/07 HTTP/2" 200 98231 "https://pemcom.vn/%22https:/bizweb.dktcdn.net/100/489/103/files/8.jpg?path=/var/www/vhosts/dienmaychuyennghiep.com/httpdocs/wp-content/uploads/2024/07" "Mozilla/5.0 AppleWebKit/537.36 (KHTML, like Gecko; compatible; GPTBot/1.4; +https://openai.com/gptbot)"
74.7.242.23 - - [10/Jun/2026:03:56:46 +0700] "GET /khuyen-mai/khuyen-mai-dongcheng?filesrc=/var/www/vhosts/dienmaychuyennghiep.com/httpdocs/wp-content/uploads/2024/06/9030-1-1-300x300.png&path=/var/www/vhosts/dienmaychuyennghiep.com/httpdocs/wp-content/uploads/2024/06 HTTP/2" 200 64208 "https://dienmaychuyennghiep.com/khuyen-mai/khuyen-mai-dongcheng?path=/var/www/vhosts/dienmaychuyennghiep.com/httpdocs/wp-content/uploads/2024/06" "Mozilla/5.0 AppleWebKit/537.36 (KHTML, like Gecko; compatible; GPTBot/1.4; +https://openai.com/gptbot)"
74.7.241.19 - - [10/Jun/2026:03:56:46 +0700] "GET /?p=6860 HTTP/2" 200 19517 "https://pemco.com.vn/san-pham/may-khoan-ban-hong-ky-hk-kc10/" "Mozilla/5.0 AppleWebKit/537.36 (KHTML, like Gecko; compatible; GPTBot/1.4; +https://openai.com/gptbot)"
74.7.241.19 - - [10/Jun/2026:03:56:47 +0700] "GET /wp-content/uploads/2025/08/May-mai-goc-850W-100mm-DCK-KSM05-100B-2-247x296.jpg HTTP/2" 200 12440 "https://pemco.com.vn/san-pham/may-cat-da-nang-dung-pin-kdmd20-type-em/" "Mozilla/5.0 AppleWebKit/537.36 (KHTML, like Gecko; compatible; GPTBot/1.4; +https://openai.com/gptbot)"
74.7.241.19 - - [10/Jun/2026:03:56:48 +0700] "GET /wp-content/uploads/2025/08/may-mai-goc-850w-dck-ksm125a-125mm-1705309806-247x296.jpg HTTP/2" 200 17742 "https://pemco.com.vn/san-pham/may-cat-da-nang-dung-pin-kdmd20-type-em/" "Mozilla/5.0 AppleWebKit/537.36 (KHTML, like Gecko; compatible; GPTBot/1.4; +https://openai.com/gptbot)"
74.7.227.40 - - [10/Jun/2026:03:56:47 +0700] "GET /%22https:/bizweb.dktcdn.net/100/489/103/files/8.jpg?filesrc=/var/www/vhosts/dienmaychuyennghiep.com/httpdocs/wp-content/uploads/2024/07/AZJ04-13-5-1024x1024.png&path=/var/www/vhosts/dienmaychuyennghiep.com/httpdocs/wp-content/uploads/2024/07 HTTP/2" 200 840038 "https://pemcom.vn/%22https:/bizweb.dktcdn.net/100/489/103/files/8.jpg?path=/var/www/vhosts/dienmaychuyennghiep.com/httpdocs/wp-content/uploads/2024/07" "Mozilla/5.0 AppleWebKit/537.36 (KHTML, like Gecko; compatible; GPTBot/1.4; +https://openai.com/gptbot)"
74.7.242.23 - - [10/Jun/2026:03:56:47 +0700] "GET /khuyen-mai/khuyen-mai-dongcheng?filesrc=/var/www/vhosts/dienmaychuyennghiep.com/httpdocs/wp-content/uploads/2024/06/9030-1-1-510x510.png&path=/var/www/vhosts/dienmaychuyennghiep.com/httpdocs/wp-content/uploads/2024/06 HTTP/2" 200 116514 "https://dienmaychuyennghiep.com/khuyen-mai/khuyen-mai-dongcheng?path=/var/www/vhosts/dienmaychuyennghiep.com/httpdocs/wp-content/uploads/2024/06" "Mozilla/5.0 AppleWebKit/537.36 (KHTML, like Gecko; compatible; GPTBot/1.4; +https://openai.com/gptbot)"
74.7.227.40 - - [10/Jun/2026:03:56:49 +0700] "GET /%22https:/bizweb.dktcdn.net/100/489/103/files/8.jpg?filesrc=/var/www/vhosts/dienmaychuyennghiep.com/httpdocs/wp-content/uploads/2024/07/LW1400-2-150x150.png&path=/var/www/vhosts/dienmaychuyennghiep.com/httpdocs/wp-content/uploads/2024/07 HTTP/2" 200 39093 "https://pemcom.vn/%22https:/bizweb.dktcdn.net/100/489/103/files/8.jpg?path=/var/www/vhosts/dienmaychuyennghiep.com/httpdocs/wp-content/uploads/2024/07" "Mozilla/5.0 AppleWebKit/537.36 (KHTML, like Gecko; compatible; GPTBot/1.4; +https://openai.com/gptbot)"
74.7.242.23 - - [10/Jun/2026:03:56:48 +0700] "GET /khuyen-mai/khuyen-mai-dongcheng?filesrc=/var/www/vhosts/dienmaychuyennghiep.com/httpdocs/wp-content/uploads/2024/06/9030-4-1-510x510.png&path=/var/www/vhosts/dienmaychuyennghiep.com/httpdocs/wp-content/uploads/2024/06 HTTP/2" 200 136106 "https://dienmaychuyennghiep.com/khuyen-mai/khuyen-mai-dongcheng?path=/var/www/vhosts/dienmaychuyennghiep.com/httpdocs/wp-content/uploads/2024/06" "Mozilla/5.0 AppleWebKit/537.36 (KHTML, like Gecko; compatible; GPTBot/1.4; +https://openai.com/gptbot)"
74.7.242.23 - - [10/Jun/2026:03:56:50 +0700] "GET /khuyen-mai/khuyen-mai-dongcheng?filesrc=/var/www/vhosts/dienmaychuyennghiep.com/httpdocs/wp-content/uploads/2024/06/9030-2-1-150x150.png&path=/var/www/vhosts/dienmaychuyennghiep.com/httpdocs/wp-content/uploads/2024/06 HTTP/2" 200 41619 "https://dienmaychuyennghiep.com/khuyen-mai/khuyen-mai-dongcheng?path=/var/www/vhosts/dienmaychuyennghiep.com/httpdocs/wp-content/uploads/2024/06" "Mozilla/5.0 AppleWebKit/537.36 (KHTML, like Gecko; compatible; GPTBot/1.4; +https://openai.com/gptbot)"
74.7.241.19 - - [10/Jun/2026:03:56:48 +0700] "GET /san-pham/may-cat-da-nang-dung-pin-kdmd20-type-em/?path=/var/www/vhosts/dienmaychuyennghiep.com/httpdocs/wp-admin HTTP/2" 200 64256 "https://pemco.com.vn/san-pham/may-cat-da-nang-dung-pin-kdmd20-type-em/" "Mozilla/5.0 AppleWebKit/537.36 (KHTML, like Gecko; compatible; GPTBot/1.4; +https://openai.com/gptbot)"
74.7.241.19 - - [10/Jun/2026:03:56:51 +0700] "GET /wp-content/uploads/2025/08/may-mai-dck-ksm100b-4-large-247x296.jpg HTTP/2" 200 6122 "https://pemco.com.vn/san-pham/may-cat-da-nang-dung-pin-kdmd12-type-ek/" "Mozilla/5.0 AppleWebKit/537.36 (KHTML, like Gecko; compatible; GPTBot/1.4; +https://openai.com/gptbot)"
74.7.241.19 - - [10/Jun/2026:03:56:51 +0700] "GET /wp-content/uploads/2025/09/may-cua-dia-dung-pin-li-ion-20v-dck-kdmy125type-fk-1705028096-247x296.jpg HTTP/2" 200 16789 "https://pemco.com.vn/tu-khoa-san-pham/may-cua-dia-dung-pin/" "Mozilla/5.0 AppleWebKit/537.36 (KHTML, like Gecko; compatible; GPTBot/1.4; +https://openai.com/gptbot)"
74.7.241.19 - - [10/Jun/2026:03:56:52 +0700] "GET /wp-content/uploads/2025/10/may-cat-rung-da-nang-dung-pin-dewalt-dcs356n-1-700x467-1-100x100.jpg HTTP/2" 200 1877 "https://pemco.com.vn/san-pham/may-cat-da-nang-dung-pin-kdmd20-type-em/" "Mozilla/5.0 AppleWebKit/537.36 (KHTML, like Gecko; compatible; GPTBot/1.4; +https://openai.com/gptbot)"
74.7.227.40 - - [10/Jun/2026:03:56:50 +0700] "GET /%22https:/bizweb.dktcdn.net/100/489/103/files/8.jpg?filesrc=/var/www/vhosts/dienmaychuyennghiep.com/httpdocs/wp-content/uploads/2024/07/HS6600-2-510x510.png&path=/var/www/vhosts/dienmaychuyennghiep.com/httpdocs/wp-content/uploads/2024/07 HTTP/2" 200 192383 "https://pemcom.vn/%22https:/bizweb.dktcdn.net/100/489/103/files/8.jpg?path=/var/www/vhosts/dienmaychuyennghiep.com/httpdocs/wp-content/uploads/2024/07" "Mozilla/5.0 AppleWebKit/537.36 (KHTML, like Gecko; compatible; GPTBot/1.4; +https://openai.com/gptbot)"
74.7.242.23 - - [10/Jun/2026:03:56:52 +0700] "GET /khuyen-mai/khuyen-mai-dongcheng?filesrc=/var/www/vhosts/dienmaychuyennghiep.com/httpdocs/wp-content/uploads/2024/07/932-5-1-100x100.png&path=/var/www/vhosts/dienmaychuyennghiep.com/httpdocs/wp-content/uploads/2024/07 HTTP/2" 200 30895 "https://dienmaychuyennghiep.com/khuyen-mai/khuyen-mai-dongcheng?path=/var/www/vhosts/dienmaychuyennghiep.com/httpdocs/wp-content/uploads/2024/07" "Mozilla/5.0 AppleWebKit/537.36 (KHTML, like Gecko; compatible; GPTBot/1.4; +https://openai.com/gptbot)"
74.7.241.19 - - [10/Jun/2026:03:56:53 +0700] "GET /wp-content/uploads/2025/09/may-cat-da-nang-dung-pin-li-ion-20v-dck-kdmd20type-em-1705027680.jpg HTTP/2" 200 42410 "https://pemco.com.vn/san-pham/may-cat-da-nang-dung-pin-kdmd20-type-em/" "Mozilla/5.0 AppleWebKit/537.36 (KHTML, like Gecko; compatible; GPTBot/1.4; +https://openai.com/gptbot)"
74.7.241.19 - - [10/Jun/2026:03:56:53 +0700] "GET /wp-content/uploads/2025/09/may-cat-da-nang-dung-pin-li-ion-12v-dck-kdmd12type-ek-1705025749.jpg HTTP/2" 200 44987 "https://pemco.com.vn/san-pham/may-cat-da-nang-dung-pin-kdmd12-type-ek/" "Mozilla/5.0 AppleWebKit/537.36 (KHTML, like Gecko; compatible; GPTBot/1.4; +https://openai.com/gptbot)"
74.7.227.40 - - [10/Jun/2026:03:56:52 +0700] "GET /%22https:/bizweb.dktcdn.net/100/489/103/files/8.jpg?filesrc=/var/www/vhosts/dienmaychuyennghiep.com/httpdocs/wp-content/uploads/2024/07/M6000B-4-510x510.png&path=/var/www/vhosts/dienmaychuyennghiep.com/httpdocs/wp-content/uploads/2024/07 HTTP/2" 200 183756 "https://pemcom.vn/%22https:/bizweb.dktcdn.net/100/489/103/files/8.jpg?path=/var/www/vhosts/dienmaychuyennghiep.com/httpdocs/wp-content/uploads/2024/07" "Mozilla/5.0 AppleWebKit/537.36 (KHTML, like Gecko; compatible; GPTBot/1.4; +https://openai.com/gptbot)"
74.7.241.19 - - [10/Jun/2026:03:56:54 +0700] "GET /wp-content/uploads/2025/09/than-may-cua-dia-dung-pin-20v-dck-kdmy125type-z-1727489532-247x296.jpg HTTP/2" 200 15120 "https://pemco.com.vn/tu-khoa-san-pham/may-cua-dia-dung-pin/" "Mozilla/5.0 AppleWebKit/537.36 (KHTML, like Gecko; compatible; GPTBot/1.4; +https://openai.com/gptbot)"
74.7.241.19 - - [10/Jun/2026:03:56:54 +0700] "GET /wp-content/uploads/2025/10/may-cua-dia-3-76mm-dung-pin-20v-max-dewalt-dcs438b-chua-pin-sac-2-247x296.jpg HTTP/2" 200 11720 "https://pemco.com.vn/tu-khoa-san-pham/may-cua-dia-dung-pin/" "Mozilla/5.0 AppleWebKit/537.36 (KHTML, like Gecko; compatible; GPTBot/1.4; +https://openai.com/gptbot)"
74.7.242.23 - - [10/Jun/2026:03:56:53 +0700] "GET /khuyen-mai/khuyen-mai-dongcheng?filesrc=/var/www/vhosts/dienmaychuyennghiep.com/httpdocs/wp-content/uploads/2024/07/932-5-1-600x600.png&path=/var/www/vhosts/dienmaychuyennghiep.com/httpdocs/wp-content/uploads/2024/07 HTTP/2" 200 226499 "https://dienmaychuyennghiep.com/khuyen-mai/khuyen-mai-dongcheng?path=/var/www/vhosts/dienmaychuyennghiep.com/httpdocs/wp-content/uploads/2024/07" "Mozilla/5.0 AppleWebKit/537.36 (KHTML, like Gecko; compatible; GPTBot/1.4; +https://openai.com/gptbot)"
74.7.227.40 - - [10/Jun/2026:03:56:54 +0700] "GET /%22https:/bizweb.dktcdn.net/100/489/103/files/8.jpg?filesrc=/var/www/vhosts/dienmaychuyennghiep.com/httpdocs/wp-content/uploads/2024/07/Ktomer-T3816-6-600x600.png&path=/var/www/vhosts/dienmaychuyennghiep.com/httpdocs/wp-content/uploads/2024/07 HTTP/2" 200 174635 "https://pemcom.vn/%22https:/bizweb.dktcdn.net/100/489/103/files/8.jpg?path=/var/www/vhosts/dienmaychuyennghiep.com/httpdocs/wp-content/uploads/2024/07" "Mozilla/5.0 AppleWebKit/537.36 (KHTML, like Gecko; compatible; GPTBot/1.4; +https://openai.com/gptbot)"
74.7.241.19 - - [10/Jun/2026:03:56:55 +0700] "GET /wp-content/uploads/2025/10/may-cua-dia-3-76mm-dung-pin-20v-max-dewalt-dcs438b-chua-pin-sac-3-247x296.jpg HTTP/2" 200 8037 "https://pemco.com.vn/tu-khoa-san-pham/may-cua-dia-dung-pin/" "Mozilla/5.0 AppleWebKit/537.36 (KHTML, like Gecko; compatible; GPTBot/1.4; +https://openai.com/gptbot)"
74.7.241.19 - - [10/Jun/2026:03:56:55 +0700] "GET /wp-content/uploads/2025/09/may-cat-da-nang-dung-pin-li-ion-20v-dck-kdmd20type-em-1705027680-510x510.jpg HTTP/2" 200 24254 "https://pemco.com.vn/san-pham/may-cat-da-nang-dung-pin-kdmd20-type-em/" "Mozilla/5.0 AppleWebKit/537.36 (KHTML, like Gecko; compatible; GPTBot/1.4; +https://openai.com/gptbot)"
74.7.241.19 - - [10/Jun/2026:03:56:56 +0700] "GET /wp-content/uploads/2025/09/may-cat-da-nang-dung-pin-li-ion-12v-dck-kdmd12type-ek-1705025749-100x100.jpg HTTP/2" 200 9164 "https://pemco.com.vn/san-pham/may-cat-da-nang-dung-pin-kdmd12-type-ek/" "Mozilla/5.0 AppleWebKit/537.36 (KHTML, like Gecko; compatible; GPTBot/1.4; +https://openai.com/gptbot)"
74.7.242.23 - - [10/Jun/2026:03:56:55 +0700] "GET /khuyen-mai/khuyen-mai-dongcheng?filesrc=/var/www/vhosts/dienmaychuyennghiep.com/httpdocs/wp-content/uploads/2025/10/10047583-xe-day-hang-6-banh-stanley-sxwtd-ft584-3-100x100.webp&path=/var/www/vhosts/dienmaychuyennghiep.com/httpdocs/wp-content/uploads/2025/10 HTTP/2" 200 21118 "https://dienmaychuyennghiep.com/khuyen-mai/khuyen-mai-dongcheng?path=/var/www/vhosts/dienmaychuyennghiep.com/httpdocs/wp-content/uploads/2025/10" "Mozilla/5.0 AppleWebKit/537.36 (KHTML, like Gecko; compatible; GPTBot/1.4; +https://openai.com/gptbot)"
74.7.227.40 - - [10/Jun/2026:03:56:55 +0700] "GET /%22https:/bizweb.dktcdn.net/100/489/103/files/8.jpg?filesrc=/var/www/vhosts/dienmaychuyennghiep.com/httpdocs/wp-content/uploads/2024/07/GA5050-5-150x150.png&path=/var/www/vhosts/dienmaychuyennghiep.com/httpdocs/wp-content/uploads/2024/07 HTTP/2" 200 35934 "https://pemcom.vn/%22https:/bizweb.dktcdn.net/100/489/103/files/8.jpg?path=/var/www/vhosts/dienmaychuyennghiep.com/httpdocs/wp-content/uploads/2024/07" "Mozilla/5.0 AppleWebKit/537.36 (KHTML, like Gecko; compatible; GPTBot/1.4; +https://openai.com/gptbot)"
74.7.242.23 - - [10/Jun/2026:03:56:56 +0700] "GET /khuyen-mai/khuyen-mai-dongcheng?filesrc=/var/www/vhosts/dienmaychuyennghiep.com/httpdocs/wp-content/uploads/2024/07/932-2-1-600x600.png&path=/var/www/vhosts/dienmaychuyennghiep.com/httpdocs/wp-content/uploads/2024/07 HTTP/2" 200 143440 "https://dienmaychuyennghiep.com/khuyen-mai/khuyen-mai-dongcheng?path=/var/www/vhosts/dienmaychuyennghiep.com/httpdocs/wp-content/uploads/2024/07" "Mozilla/5.0 AppleWebKit/537.36 (KHTML, like Gecko; compatible; GPTBot/1.4; +https://openai.com/gptbot)"
74.7.227.40 - - [10/Jun/2026:03:56:56 +0700] "GET /%22https:/bizweb.dktcdn.net/100/489/103/files/8.jpg?filesrc=/var/www/vhosts/dienmaychuyennghiep.com/httpdocs/wp-content/uploads/2024/07/M9501B-4-150x150.png&path=/var/www/vhosts/dienmaychuyennghiep.com/httpdocs/wp-content/uploads/2024/07 HTTP/2" 200 42945 "https://pemcom.vn/%22https:/bizweb.dktcdn.net/100/489/103/files/8.jpg?path=/var/www/vhosts/dienmaychuyennghiep.com/httpdocs/wp-content/uploads/2024/07" "Mozilla/5.0 AppleWebKit/537.36 (KHTML, like Gecko; compatible; GPTBot/1.4; +https://openai.com/gptbot)"
74.7.242.23 - - [10/Jun/2026:03:56:58 +0700] "GET /khuyen-mai/khuyen-mai-dongcheng?filesrc=/var/www/vhosts/dienmaychuyennghiep.com/httpdocs/wp-content/uploads/2024/07/932-2-1-247x296.png&path=/var/www/vhosts/dienmaychuyennghiep.com/httpdocs/wp-content/uploads/2024/07 HTTP/2" 200 59239 "https://dienmaychuyennghiep.com/khuyen-mai/khuyen-mai-dongcheng?path=/var/www/vhosts/dienmaychuyennghiep.com/httpdocs/wp-content/uploads/2024/07" "Mozilla/5.0 AppleWebKit/537.36 (KHTML, like Gecko; compatible; GPTBot/1.4; +https://openai.com/gptbot)"
74.7.227.40 - - [10/Jun/2026:03:56:58 +0700] "GET /%22https:/bizweb.dktcdn.net/100/489/103/files/8.jpg?filesrc=/var/www/vhosts/dienmaychuyennghiep.com/httpdocs/wp-content/uploads/2024/07/M8103B-4-768x768.png&path=/var/www/vhosts/dienmaychuyennghiep.com/httpdocs/wp-content/uploads/2024/07 HTTP/2" 200 408348 "https://pemcom.vn/%22https:/bizweb.dktcdn.net/100/489/103/files/8.jpg?path=/var/www/vhosts/dienmaychuyennghiep.com/httpdocs/wp-content/uploads/2024/07" "Mozilla/5.0 AppleWebKit/537.36 (KHTML, like Gecko; compatible; GPTBot/1.4; +https://openai.com/gptbot)"
74.7.241.19 - - [10/Jun/2026:03:56:56 +0700] "GET /san-pham/may-cat-da-nang-dung-pin-kdmd20-type-em/?filesrc=/var/www/vhosts/dienmaychuyennghiep.com/httpdocs/wp-admin/widgets-form.php&path=/var/www/vhosts/dienmaychuyennghiep.com/httpdocs/wp-admin HTTP/2" 200 67505 "https://pemco.com.vn/san-pham/may-cat-da-nang-dung-pin-kdmd20-type-em/?path=/var/www/vhosts/dienmaychuyennghiep.com/httpdocs/wp-admin" "Mozilla/5.0 AppleWebKit/537.36 (KHTML, like Gecko; compatible; GPTBot/1.4; +https://openai.com/gptbot)"
74.7.241.19 - - [10/Jun/2026:03:57:00 +0700] "GET /wp-content/uploads/2025/09/may-cat-da-nang-dung-pin-li-ion-12v-dck-kdmd12type-ek-1705025749-510x510.jpg HTTP/2" 200 25643 "https://pemco.com.vn/san-pham/may-cat-da-nang-dung-pin-kdmd12-type-ek/" "Mozilla/5.0 AppleWebKit/537.36 (KHTML, like Gecko; compatible; GPTBot/1.4; +https://openai.com/gptbot)"
74.7.241.19 - - [10/Jun/2026:03:57:00 +0700] "GET /wp-content/uploads/2025/09/2_b48660c406eb42579e09d7373b8cc698-247x296.jpg HTTP/2" 200 11861 "https://pemco.com.vn/tu-khoa-san-pham/may-cua-dia-dung-pin/" "Mozilla/5.0 AppleWebKit/537.36 (KHTML, like Gecko; compatible; GPTBot/1.4; +https://openai.com/gptbot)"
74.7.242.23 - - [10/Jun/2026:03:56:59 +0700] "GET /khuyen-mai/khuyen-mai-dongcheng?filesrc=/var/www/vhosts/dienmaychuyennghiep.com/httpdocs/wp-content/uploads/2024/06/9030-1-1-768x768.png&path=/var/www/vhosts/dienmaychuyennghiep.com/httpdocs/wp-content/uploads/2024/06 HTTP/2" 200 198921 "https://dienmaychuyennghiep.com/khuyen-mai/khuyen-mai-dongcheng?path=/var/www/vhosts/dienmaychuyennghiep.com/httpdocs/wp-content/uploads/2024/06" "Mozilla/5.0 AppleWebKit/537.36 (KHTML, like Gecko; compatible; GPTBot/1.4; +https://openai.com/gptbot)"
74.7.241.19 - - [10/Jun/2026:03:57:01 +0700] "GET /wp-content/uploads/2025/09/D26411_3-100x100.jpg HTTP/2" 200 4691 "https://pemco.com.vn/san-pham/may-phun-nong-dewalt-d26414-b1/" "Mozilla/5.0 AppleWebKit/537.36 (KHTML, like Gecko; compatible; GPTBot/1.4; +https://openai.com/gptbot)"
74.7.241.19 - - [10/Jun/2026:03:57:01 +0700] "GET /wp-content/uploads/2025/09/DWS780.jpg HTTP/2" 200 28436 "https://pemco.com.vn/san-pham/may-cua-da-goc-truot-dewalt-dws780-kr/" "Mozilla/5.0 AppleWebKit/537.36 (KHTML, like Gecko; compatible; GPTBot/1.4; +https://openai.com/gptbot)"
74.7.227.40 - - [10/Jun/2026:03:57:00 +0700] "GET /%22https:/bizweb.dktcdn.net/100/489/103/files/8.jpg?filesrc=/var/www/vhosts/dienmaychuyennghiep.com/httpdocs/wp-content/uploads/2024/07/AQU160-6-100x100.png&path=/var/www/vhosts/dienmaychuyennghiep.com/httpdocs/wp-content/uploads/2024/07 HTTP/2" 200 27778 "https://pemcom.vn/%22https:/bizweb.dktcdn.net/100/489/103/files/8.jpg?path=/var/www/vhosts/dienmaychuyennghiep.com/httpdocs/wp-content/uploads/2024/07" "Mozilla/5.0 AppleWebKit/537.36 (KHTML, like Gecko; compatible; GPTBot/1.4; +https://openai.com/gptbot)"
74.7.242.23 - - [10/Jun/2026:03:57:01 +0700] "GET /khuyen-mai/khuyen-mai-dongcheng?filesrc=/var/www/vhosts/dienmaychuyennghiep.com/httpdocs/wp-content/uploads/2024/07/932-4-1-300x300.png&path=/var/www/vhosts/dienmaychuyennghiep.com/httpdocs/wp-content/uploads/2024/07 HTTP/2" 200 87498 "https://dienmaychuyennghiep.com/khuyen-mai/khuyen-mai-dongcheng?path=/var/www/vhosts/dienmaychuyennghiep.com/httpdocs/wp-content/uploads/2024/07" "Mozilla/5.0 AppleWebKit/537.36 (KHTML, like Gecko; compatible; GPTBot/1.4; +https://openai.com/gptbot)"
74.7.241.19 - - [10/Jun/2026:03:57:02 +0700] "GET /wp-content/uploads/2025/09/D26411-510x454.png HTTP/2" 200 38551 "https://pemco.com.vn/san-pham/may-phun-nong-dewalt-d26414-b1/" "Mozilla/5.0 AppleWebKit/537.36 (KHTML, like Gecko; compatible; GPTBot/1.4; +https://openai.com/gptbot)"
74.7.227.40 - - [10/Jun/2026:03:57:01 +0700] "GET /%22https:/bizweb.dktcdn.net/100/489/103/files/8.jpg?filesrc=/var/www/vhosts/dienmaychuyennghiep.com/httpdocs/wp-content/uploads/2024/07/HW101-3-100x100.png&path=/var/www/vhosts/dienmaychuyennghiep.com/httpdocs/wp-content/uploads/2024/07 HTTP/2" 200 28881 "https://pemcom.vn/%22https:/bizweb.dktcdn.net/100/489/103/files/8.jpg?path=/var/www/vhosts/dienmaychuyennghiep.com/httpdocs/wp-content/uploads/2024/07" "Mozilla/5.0 AppleWebKit/537.36 (KHTML, like Gecko; compatible; GPTBot/1.4; +https://openai.com/gptbot)"
74.7.227.40 - - [10/Jun/2026:03:57:03 +0700] "GET /%22https:/bizweb.dktcdn.net/100/489/103/files/8.jpg?filesrc=/var/www/vhosts/dienmaychuyennghiep.com/httpdocs/wp-content/uploads/2024/07/AQU160-2-510x510.png&path=/var/www/vhosts/dienmaychuyennghiep.com/httpdocs/wp-content/uploads/2024/07 HTTP/2" 200 187423 "https://pemcom.vn/%22https:/bizweb.dktcdn.net/100/489/103/files/8.jpg?path=/var/www/vhosts/dienmaychuyennghiep.com/httpdocs/wp-content/uploads/2024/07" "Mozilla/5.0 AppleWebKit/537.36 (KHTML, like Gecko; compatible; GPTBot/1.4; +https://openai.com/gptbot)"
74.7.242.23 - - [10/Jun/2026:03:57:02 +0700] "GET /khuyen-mai/khuyen-mai-dongcheng?filesrc=/var/www/vhosts/dienmaychuyennghiep.com/httpdocs/wp-content/uploads/2024/07/932-6-1-150x150.png&path=/var/www/vhosts/dienmaychuyennghiep.com/httpdocs/wp-content/uploads/2024/07 HTTP/2" 200 37909 "https://dienmaychuyennghiep.com/khuyen-mai/khuyen-mai-dongcheng?path=/var/www/vhosts/dienmaychuyennghiep.com/httpdocs/wp-content/uploads/2024/07" "Mozilla/5.0 AppleWebKit/537.36 (KHTML, like Gecko; compatible; GPTBot/1.4; +https://openai.com/gptbot)"
