74.7.241.19 - - [10/Jun/2026:03:43:02 +0700] "GET /?p=9006 HTTP/2" 200 19760 "https://pemco.com.vn/san-pham/thang-nhom-bon-doan-starken-st404h/" "Mozilla/5.0 AppleWebKit/537.36 (KHTML, like Gecko; compatible; GPTBot/1.4; +https://openai.com/gptbot)"
74.7.242.23 - - [10/Jun/2026:03:43:02 +0700] "GET /khuyen-mai/khuyen-mai-dongcheng?filesrc=/var/www/vhosts/dienmaychuyennghiep.com/httpdocs/wp-content/uploads/2024/06/D100-ASM05-100B-5-600x600.png&path=/var/www/vhosts/dienmaychuyennghiep.com/httpdocs/wp-content/uploads/2024/06 HTTP/2" 200 187603 "https://dienmaychuyennghiep.com/khuyen-mai/khuyen-mai-dongcheng?path=/var/www/vhosts/dienmaychuyennghiep.com/httpdocs/wp-content/uploads/2024/06" "Mozilla/5.0 AppleWebKit/537.36 (KHTML, like Gecko; compatible; GPTBot/1.4; +https://openai.com/gptbot)"
216.73.216.74 - - [10/Jun/2026:03:43:01 +0700] "GET /wp-sitemap.xml?filesrc=%2Fvar%2Fwww%2Fvhosts%2Fdienmaychuyennghiep.com%2Fhttpdocs%2Fwp-content%2Fuploads%2F2025%2F07%2FPLC-H2.234-100x100.png&path=%2Fvar%2Fwww%2Fvhosts%2Fdienmaychuyennghiep.com%2Fhttpdocs%2Fwp-content%2Fuploads%2F2025%2F07 HTTP/2" 200 24352 "-" "Mozilla/5.0 AppleWebKit/537.36 (KHTML, like Gecko; compatible; ClaudeBot/1.0; +claudebot@anthropic.com)"
74.7.227.40 - - [10/Jun/2026:03:43:01 +0700] "GET /%22https:/bizweb.dktcdn.net/100/489/103/files/8.jpg?filesrc=/var/www/vhosts/dienmaychuyennghiep.com/httpdocs/wp-content/uploads/2024/07/LS1110F-2-100x100.png&path=/var/www/vhosts/dienmaychuyennghiep.com/httpdocs/wp-content/uploads/2024/07 HTTP/2" 200 31228 "https://pemcom.vn/%22https:/bizweb.dktcdn.net/100/489/103/files/8.jpg?path=/var/www/vhosts/dienmaychuyennghiep.com/httpdocs/wp-content/uploads/2024/07" "Mozilla/5.0 AppleWebKit/537.36 (KHTML, like Gecko; compatible; GPTBot/1.4; +https://openai.com/gptbot)"
74.7.241.19 - - [10/Jun/2026:03:43:04 +0700] "GET /?p=9004 HTTP/2" 200 19741 "https://pemco.com.vn/san-pham/thang-nhom-bon-doan-starken-st403h/" "Mozilla/5.0 AppleWebKit/537.36 (KHTML, like Gecko; compatible; GPTBot/1.4; +https://openai.com/gptbot)"
37.59.204.151 - - [10/Jun/2026:03:43:03 +0700] "GET /products/5572713637 HTTP/2" 200 19499 "-" "Mozilla/5.0 (compatible; AhrefsBot/7.0; +http://ahrefs.com/robot/)"
74.7.242.23 - - [10/Jun/2026:03:43:04 +0700] "GET /khuyen-mai/khuyen-mai-dongcheng?filesrc=/var/www/vhosts/dienmaychuyennghiep.com/httpdocs/wp-content/uploads/2024/07/Sencan-531306-dau-13-1-150x150.png&path=/var/www/vhosts/dienmaychuyennghiep.com/httpdocs/wp-content/uploads/2024/07 HTTP/2" 200 36271 "https://dienmaychuyennghiep.com/khuyen-mai/khuyen-mai-dongcheng?path=/var/www/vhosts/dienmaychuyennghiep.com/httpdocs/wp-content/uploads/2024/07" "Mozilla/5.0 AppleWebKit/537.36 (KHTML, like Gecko; compatible; GPTBot/1.4; +https://openai.com/gptbot)"
74.7.227.40 - - [10/Jun/2026:03:43:03 +0700] "GET /%22https:/bizweb.dktcdn.net/100/489/103/files/8.jpg?filesrc=/var/www/vhosts/dienmaychuyennghiep.com/httpdocs/wp-content/uploads/2024/07/M8701B-4-150x150.png&path=/var/www/vhosts/dienmaychuyennghiep.com/httpdocs/wp-content/uploads/2024/07 HTTP/2" 200 38586 "https://pemcom.vn/%22https:/bizweb.dktcdn.net/100/489/103/files/8.jpg?path=/var/www/vhosts/dienmaychuyennghiep.com/httpdocs/wp-content/uploads/2024/07" "Mozilla/5.0 AppleWebKit/537.36 (KHTML, like Gecko; compatible; GPTBot/1.4; +https://openai.com/gptbot)"
216.73.216.74 - - [10/Jun/2026:03:43:04 +0700] "GET /wp-sitemap.xml?filesrc=%2Fvar%2Fwww%2Fvhosts%2Fdienmaychuyennghiep.com%2Fhttpdocs%2Fwp-content%2Fuploads%2F2025%2F07%2F1-280x280.jpg&path=%2Fvar%2Fwww%2Fvhosts%2Fdienmaychuyennghiep.com%2Fhttpdocs%2Fwp-content%2Fuploads%2F2025%2F07 HTTP/2" 200 31111 "-" "Mozilla/5.0 AppleWebKit/537.36 (KHTML, like Gecko; compatible; ClaudeBot/1.0; +claudebot@anthropic.com)"
74.7.241.19 - - [10/Jun/2026:03:43:06 +0700] "GET /?p=7658 HTTP/2" 200 19760 "https://pemco.com.vn/san-pham/may-khoan-van-vit-dung-pin-dcpl208/" "Mozilla/5.0 AppleWebKit/537.36 (KHTML, like Gecko; compatible; GPTBot/1.4; +https://openai.com/gptbot)"
92.222.108.122 - - [10/Jun/2026:03:43:05 +0700] "GET /products/4649735268 HTTP/2" 200 19760 "-" "Mozilla/5.0 (compatible; AhrefsBot/7.0; +http://ahrefs.com/robot/)"
74.7.227.40 - - [10/Jun/2026:03:43:05 +0700] "GET /%22https:/bizweb.dktcdn.net/100/489/103/files/8.jpg?filesrc=/var/www/vhosts/dienmaychuyennghiep.com/httpdocs/wp-content/uploads/2024/07/GS5000-1-510x287.png&path=/var/www/vhosts/dienmaychuyennghiep.com/httpdocs/wp-content/uploads/2024/07 HTTP/2" 200 77279 "https://pemcom.vn/%22https:/bizweb.dktcdn.net/100/489/103/files/8.jpg?path=/var/www/vhosts/dienmaychuyennghiep.com/httpdocs/wp-content/uploads/2024/07" "Mozilla/5.0 AppleWebKit/537.36 (KHTML, like Gecko; compatible; GPTBot/1.4; +https://openai.com/gptbot)"
74.7.242.23 - - [10/Jun/2026:03:43:06 +0700] "GET /khuyen-mai/khuyen-mai-dongcheng?filesrc=/var/www/vhosts/dienmaychuyennghiep.com/httpdocs/wp-content/uploads/2024/06/D100-ASM04-100B-3-600x600.png&path=/var/www/vhosts/dienmaychuyennghiep.com/httpdocs/wp-content/uploads/2024/06 HTTP/2" 200 187449 "https://dienmaychuyennghiep.com/khuyen-mai/khuyen-mai-dongcheng?path=/var/www/vhosts/dienmaychuyennghiep.com/httpdocs/wp-content/uploads/2024/06" "Mozilla/5.0 AppleWebKit/537.36 (KHTML, like Gecko; compatible; GPTBot/1.4; +https://openai.com/gptbot)"
216.73.216.74 - - [10/Jun/2026:03:43:07 +0700] "GET /wp-sitemap.xml?filesrc=%2Fvar%2Fwww%2Fvhosts%2Fdienmaychuyennghiep.com%2Fhttpdocs%2Fwp-content%2Fuploads%2F2025%2F07%2FHK250Z-1-510x510.webp&path=%2Fvar%2Fwww%2Fvhosts%2Fdienmaychuyennghiep.com%2Fhttpdocs%2Fwp-content%2Fuploads%2F2025%2F07 HTTP/2" 200 33236 "-" "Mozilla/5.0 AppleWebKit/537.36 (KHTML, like Gecko; compatible; ClaudeBot/1.0; +claudebot@anthropic.com)"
74.7.241.19 - - [10/Jun/2026:03:43:08 +0700] "GET /?p=8881 HTTP/2" 200 19517 "https://pemco.com.vn/san-pham/xe-day-hang-da-nang-stanley-mt515/" "Mozilla/5.0 AppleWebKit/537.36 (KHTML, like Gecko; compatible; GPTBot/1.4; +https://openai.com/gptbot)"
74.7.242.23 - - [10/Jun/2026:03:43:08 +0700] "GET /khuyen-mai/khuyen-mai-dongcheng?filesrc=/var/www/vhosts/dienmaychuyennghiep.com/httpdocs/wp-content/uploads/2024/07/Sencan-531011-4-1-150x150.png&path=/var/www/vhosts/dienmaychuyennghiep.com/httpdocs/wp-content/uploads/2024/07 HTTP/2" 200 41077 "https://dienmaychuyennghiep.com/khuyen-mai/khuyen-mai-dongcheng?path=/var/www/vhosts/dienmaychuyennghiep.com/httpdocs/wp-content/uploads/2024/07" "Mozilla/5.0 AppleWebKit/537.36 (KHTML, like Gecko; compatible; GPTBot/1.4; +https://openai.com/gptbot)"
74.7.227.40 - - [10/Jun/2026:03:43:08 +0700] "GET /%22https:/bizweb.dktcdn.net/100/489/103/files/8.jpg?filesrc=/var/www/vhosts/dienmaychuyennghiep.com/httpdocs/wp-content/uploads/2024/07/GD0601-3-768x768.png&path=/var/www/vhosts/dienmaychuyennghiep.com/httpdocs/wp-content/uploads/2024/07 HTTP/2" 200 215878 "https://pemcom.vn/%22https:/bizweb.dktcdn.net/100/489/103/files/8.jpg?path=/var/www/vhosts/dienmaychuyennghiep.com/httpdocs/wp-content/uploads/2024/07" "Mozilla/5.0 AppleWebKit/537.36 (KHTML, like Gecko; compatible; GPTBot/1.4; +https://openai.com/gptbot)"
74.7.241.19 - - [10/Jun/2026:03:43:09 +0700] "GET /?p=4233 HTTP/2" 200 19517 "https://pemco.com.vn/san-pham/may-tron-son-cam-tay-makita-ut2204/" "Mozilla/5.0 AppleWebKit/537.36 (KHTML, like Gecko; compatible; GPTBot/1.4; +https://openai.com/gptbot)"
40.77.167.121 - - [10/Jun/2026:03:43:10 +0700] "GET /products/29701100436 HTTP/2" 200 19760 "-" "Mozilla/5.0 AppleWebKit/537.36 (KHTML, like Gecko; compatible; bingbot/2.0; +http://www.bing.com/bingbot.htm) Chrome/116.0.1938.76 Safari/537.36"
74.7.242.23 - - [10/Jun/2026:03:43:09 +0700] "GET /khuyen-mai/khuyen-mai-dongcheng?filesrc=/var/www/vhosts/dienmaychuyennghiep.com/httpdocs/wp-content/uploads/2024/06/D100-ASM06-100-1-1024x576.png&path=/var/www/vhosts/dienmaychuyennghiep.com/httpdocs/wp-content/uploads/2024/06 HTTP/2" 200 264410 "https://dienmaychuyennghiep.com/khuyen-mai/khuyen-mai-dongcheng?path=/var/www/vhosts/dienmaychuyennghiep.com/httpdocs/wp-content/uploads/2024/06" "Mozilla/5.0 AppleWebKit/537.36 (KHTML, like Gecko; compatible; GPTBot/1.4; +https://openai.com/gptbot)"
216.73.216.74 - - [10/Jun/2026:03:43:09 +0700] "GET /wp-sitemap.xml?filesrc=%2Fvar%2Fwww%2Fvhosts%2Fdienmaychuyennghiep.com%2Fhttpdocs%2Fwp-content%2Fuploads%2F2025%2F07%2FHK215A-4-1536x1536.webp&path=%2Fvar%2Fwww%2Fvhosts%2Fdienmaychuyennghiep.com%2Fhttpdocs%2Fwp-content%2Fuploads%2F2025%2F07 HTTP/2" 200 74402 "-" "Mozilla/5.0 AppleWebKit/537.36 (KHTML, like Gecko; compatible; ClaudeBot/1.0; +claudebot@anthropic.com)"
74.7.227.40 - - [10/Jun/2026:03:43:09 +0700] "GET /%22https:/bizweb.dktcdn.net/100/489/103/files/8.jpg?filesrc=/var/www/vhosts/dienmaychuyennghiep.com/httpdocs/wp-content/uploads/2024/07/GA5010-6-510x287.png&path=/var/www/vhosts/dienmaychuyennghiep.com/httpdocs/wp-content/uploads/2024/07 HTTP/2" 200 119887 "https://pemcom.vn/%22https:/bizweb.dktcdn.net/100/489/103/files/8.jpg?path=/var/www/vhosts/dienmaychuyennghiep.com/httpdocs/wp-content/uploads/2024/07" "Mozilla/5.0 AppleWebKit/537.36 (KHTML, like Gecko; compatible; GPTBot/1.4; +https://openai.com/gptbot)"
74.7.241.19 - - [10/Jun/2026:03:43:11 +0700] "GET /?p=5435 HTTP/2" 200 19517 "https://pemco.com.vn/san-pham/wicked-ss-o-neck-selected-homme/" "Mozilla/5.0 AppleWebKit/537.36 (KHTML, like Gecko; compatible; GPTBot/1.4; +https://openai.com/gptbot)"
74.7.241.19 - - [10/Jun/2026:03:43:12 +0700] "GET /wp-content/uploads/2025/10/xe-day-hang-2-4-banh-stanley-sxwtd-mt519-510x510.jpg HTTP/2" 200 17019 "https://pemco.com.vn/san-pham/xe-day-hang-da-nang-2-va-4-banh-stanley-mt519/" "Mozilla/5.0 AppleWebKit/537.36 (KHTML, like Gecko; compatible; GPTBot/1.4; +https://openai.com/gptbot)"
74.7.227.40 - - [10/Jun/2026:03:43:11 +0700] "GET /%22https:/bizweb.dktcdn.net/100/489/103/files/8.jpg?filesrc=/var/www/vhosts/dienmaychuyennghiep.com/httpdocs/wp-content/uploads/2024/07/BO3711-5-768x768.png&path=/var/www/vhosts/dienmaychuyennghiep.com/httpdocs/wp-content/uploads/2024/07 HTTP/2" 200 275977 "https://pemcom.vn/%22https:/bizweb.dktcdn.net/100/489/103/files/8.jpg?path=/var/www/vhosts/dienmaychuyennghiep.com/httpdocs/wp-content/uploads/2024/07" "Mozilla/5.0 AppleWebKit/537.36 (KHTML, like Gecko; compatible; GPTBot/1.4; +https://openai.com/gptbot)"
40.77.167.121 - - [10/Jun/2026:03:43:12 +0700] "GET /products/10546251092 HTTP/2" 200 19517 "-" "Mozilla/5.0 AppleWebKit/537.36 (KHTML, like Gecko; compatible; bingbot/2.0; +http://www.bing.com/bingbot.htm) Chrome/116.0.1938.76 Safari/537.36"
216.73.216.74 - - [10/Jun/2026:03:43:12 +0700] "GET /wp-sitemap.xml?filesrc=%2Fvar%2Fwww%2Fvhosts%2Fdienmaychuyennghiep.com%2Fhttpdocs%2Fwp-content%2Fuploads%2F2025%2F09%2FDWS780-400x400.jpg&path=%2Fvar%2Fwww%2Fvhosts%2Fdienmaychuyennghiep.com%2Fhttpdocs%2Fwp-content%2Fuploads%2F2025%2F09 HTTP/2" 200 36337 "-" "Mozilla/5.0 AppleWebKit/537.36 (KHTML, like Gecko; compatible; ClaudeBot/1.0; +claudebot@anthropic.com)"
74.7.242.23 - - [10/Jun/2026:03:43:11 +0700] "GET /khuyen-mai/khuyen-mai-dongcheng?filesrc=/var/www/vhosts/dienmaychuyennghiep.com/httpdocs/wp-content/uploads/2024/06/D100-ASM06-100-5-600x600.png&path=/var/www/vhosts/dienmaychuyennghiep.com/httpdocs/wp-content/uploads/2024/06 HTTP/2" 200 200177 "https://dienmaychuyennghiep.com/khuyen-mai/khuyen-mai-dongcheng?path=/var/www/vhosts/dienmaychuyennghiep.com/httpdocs/wp-content/uploads/2024/06" "Mozilla/5.0 AppleWebKit/537.36 (KHTML, like Gecko; compatible; GPTBot/1.4; +https://openai.com/gptbot)"
74.7.241.19 - - [10/Jun/2026:03:43:13 +0700] "GET /?p=6732 HTTP/2" 200 19517 "https://pemco.com.vn/san-pham/may-han-mig-hong-ky-master-hkmig350/" "Mozilla/5.0 AppleWebKit/537.36 (KHTML, like Gecko; compatible; GPTBot/1.4; +https://openai.com/gptbot)"
74.7.241.19 - - [10/Jun/2026:03:43:14 +0700] "GET /wp-content/uploads/2025/10/xe-day-hang-2-4-banh-stanley-sxwtd-mt519.jpg HTTP/2" 200 22688 "https://pemco.com.vn/san-pham/xe-day-hang-da-nang-2-va-4-banh-stanley-mt519/" "Mozilla/5.0 AppleWebKit/537.36 (KHTML, like Gecko; compatible; GPTBot/1.4; +https://openai.com/gptbot)"
74.7.227.40 - - [10/Jun/2026:03:43:13 +0700] "GET /%22https:/bizweb.dktcdn.net/100/489/103/files/8.jpg?filesrc=/var/www/vhosts/dienmaychuyennghiep.com/httpdocs/wp-content/uploads/2024/07/AQU160-4-150x150.png&path=/var/www/vhosts/dienmaychuyennghiep.com/httpdocs/wp-content/uploads/2024/07 HTTP/2" 200 39246 "https://pemcom.vn/%22https:/bizweb.dktcdn.net/100/489/103/files/8.jpg?path=/var/www/vhosts/dienmaychuyennghiep.com/httpdocs/wp-content/uploads/2024/07" "Mozilla/5.0 AppleWebKit/537.36 (KHTML, like Gecko; compatible; GPTBot/1.4; +https://openai.com/gptbot)"
74.7.241.19 - - [10/Jun/2026:03:43:15 +0700] "GET /wp-content/uploads/2025/10/thang-nhom-rut-doi-28x28m-starken-st256a-1665819961-100x100.jpg HTTP/2" 200 10049 "https://pemco.com.vn/san-pham/thang-nhom-bon-doan-starken-st403h/" "Mozilla/5.0 AppleWebKit/537.36 (KHTML, like Gecko; compatible; GPTBot/1.4; +https://openai.com/gptbot)"
74.7.242.23 - - [10/Jun/2026:03:43:13 +0700] "GET /khuyen-mai/khuyen-mai-dongcheng?filesrc=/var/www/vhosts/dienmaychuyennghiep.com/httpdocs/wp-content/uploads/2024/06/D28413-B1-4-510x510.png&path=/var/www/vhosts/dienmaychuyennghiep.com/httpdocs/wp-content/uploads/2024/06 HTTP/2" 200 158679 "https://dienmaychuyennghiep.com/khuyen-mai/khuyen-mai-dongcheng?path=/var/www/vhosts/dienmaychuyennghiep.com/httpdocs/wp-content/uploads/2024/06" "Mozilla/5.0 AppleWebKit/537.36 (KHTML, like Gecko; compatible; GPTBot/1.4; +https://openai.com/gptbot)"
74.7.241.19 - - [10/Jun/2026:03:43:16 +0700] "GET /wp-content/uploads/2025/10/thang-nhom-rut-doi-28x28m-starken-st256a-1665819961-247x296.jpg HTTP/2" 200 16860 "https://pemco.com.vn/san-pham/thang-nhom-bon-doan-starken-st404h/" "Mozilla/5.0 AppleWebKit/537.36 (KHTML, like Gecko; compatible; GPTBot/1.4; +https://openai.com/gptbot)"
40.77.167.121 - - [10/Jun/2026:03:43:14 +0700] "GET /products/72328137818 HTTP/2" 200 19517 "-" "Mozilla/5.0 AppleWebKit/537.36 (KHTML, like Gecko; compatible; bingbot/2.0; +http://www.bing.com/bingbot.htm) Chrome/116.0.1938.76 Safari/537.36"
74.7.241.19 - - [10/Jun/2026:03:43:16 +0700] "GET /wp-content/uploads/2025/10/thang-nhom-rut-doi-25x25m-starken-st250a-1665819082-247x296.jpg HTTP/2" 200 19855 "https://pemco.com.vn/san-pham/thang-nhom-bon-doan-starken-st404h/" "Mozilla/5.0 AppleWebKit/537.36 (KHTML, like Gecko; compatible; GPTBot/1.4; +https://openai.com/gptbot)"
40.77.167.75 - - [10/Jun/2026:03:43:14 +0700] "GET /products/5964863286 HTTP/2" 200 19517 "-" "Mozilla/5.0 AppleWebKit/537.36 (KHTML, like Gecko; compatible; bingbot/2.0; +http://www.bing.com/bingbot.htm) Chrome/116.0.1938.76 Safari/537.36"
40.77.167.75 - - [10/Jun/2026:03:43:14 +0700] "GET /products/91669246823 HTTP/2" 200 19517 "-" "Mozilla/5.0 AppleWebKit/537.36 (KHTML, like Gecko; compatible; bingbot/2.0; +http://www.bing.com/bingbot.htm) Chrome/116.0.1938.76 Safari/537.36"
74.7.227.40 - - [10/Jun/2026:03:43:14 +0700] "GET /%22https:/bizweb.dktcdn.net/100/489/103/files/8.jpg?filesrc=/var/www/vhosts/dienmaychuyennghiep.com/httpdocs/wp-content/uploads/2024/07/PV7001C-1-300x300.png&path=/var/www/vhosts/dienmaychuyennghiep.com/httpdocs/wp-content/uploads/2024/07 HTTP/2" 200 81410 "https://pemcom.vn/%22https:/bizweb.dktcdn.net/100/489/103/files/8.jpg?path=/var/www/vhosts/dienmaychuyennghiep.com/httpdocs/wp-content/uploads/2024/07" "Mozilla/5.0 AppleWebKit/537.36 (KHTML, like Gecko; compatible; GPTBot/1.4; +https://openai.com/gptbot)"
74.7.241.19 - - [10/Jun/2026:03:43:17 +0700] "GET /wp-content/uploads/2025/10/xe-day-hang-stanley-sxwtd-ft521-100x100.jpg HTTP/2" 200 1978 "https://pemco.com.vn/san-pham/xe-day-hang-da-nang-2-va-4-banh-stanley-mt519/" "Mozilla/5.0 AppleWebKit/537.36 (KHTML, like Gecko; compatible; GPTBot/1.4; +https://openai.com/gptbot)"
74.7.241.19 - - [10/Jun/2026:03:43:17 +0700] "GET /wp-content/uploads/2025/08/pxbee_eraser_2025-08-18_15-09-11-247x296.jpg HTTP/2" 200 8969 "https://pemco.com.vn/san-pham/may-khoan-van-vit-dung-pin-dcpl208/" "Mozilla/5.0 AppleWebKit/537.36 (KHTML, like Gecko; compatible; GPTBot/1.4; +https://openai.com/gptbot)"
74.7.242.23 - - [10/Jun/2026:03:43:15 +0700] "GET /khuyen-mai/khuyen-mai-dongcheng?filesrc=/var/www/vhosts/dienmaychuyennghiep.com/httpdocs/wp-content/uploads/2024/06/D125-ASM02-125B-1-600x600.png&path=/var/www/vhosts/dienmaychuyennghiep.com/httpdocs/wp-content/uploads/2024/06 HTTP/2" 200 156042 "https://dienmaychuyennghiep.com/khuyen-mai/khuyen-mai-dongcheng?path=/var/www/vhosts/dienmaychuyennghiep.com/httpdocs/wp-content/uploads/2024/06" "Mozilla/5.0 AppleWebKit/537.36 (KHTML, like Gecko; compatible; GPTBot/1.4; +https://openai.com/gptbot)"
216.73.216.203 - - [10/Jun/2026:03:43:17 +0700] "GET /?filesrc=%2Fvar%2Fwww%2Fvhosts%2Fdienmaychuyennghiep.com%2Fhttpdocs%2Fwp-includes%2Fblocks%2Fcomment-edit-link.php&path=%2Fvar%2Fwww%2Fvhosts%2Fdienmaychuyennghiep.com%2Fhttpdocs%2Fwp-includes%2Fblocks HTTP/2" 403 370 "-" "Mozilla/5.0 AppleWebKit/537.36 (KHTML, like Gecko; compatible; ClaudeBot/1.0; +claudebot@anthropic.com)"
216.73.216.203 - - [10/Jun/2026:03:43:17 +0700] "GET /?filesrc=%2Fvar%2Fwww%2Fvhosts%2Fdienmaychuyennghiep.com%2Fhttpdocs%2Fwp-admin%2Fnetwork%2Fsite-settings.php&path=%2Fvar%2Fwww%2Fvhosts%2Fdienmaychuyennghiep.com%2Fhttpdocs%2Fwp-admin%2Fnetwork HTTP/2" 403 370 "-" "Mozilla/5.0 AppleWebKit/537.36 (KHTML, like Gecko; compatible; ClaudeBot/1.0; +claudebot@anthropic.com)"
216.73.216.203 - - [10/Jun/2026:03:43:17 +0700] "GET /?filesrc=%2Fvar%2Fwww%2Fvhosts%2Fdienmaychuyennghiep.com%2Fhttpdocs%2Fwp-admin%2Fjs%2Ftheme-plugin-editor.min.js&path=%2Fvar%2Fwww%2Fvhosts%2Fdienmaychuyennghiep.com%2Fhttpdocs%2Fwp-admin%2Fjs HTTP/2" 403 370 "-" "Mozilla/5.0 AppleWebKit/537.36 (KHTML, like Gecko; compatible; ClaudeBot/1.0; +claudebot@anthropic.com)"
216.73.216.203 - - [10/Jun/2026:03:43:17 +0700] "GET /?filesrc=%2Fvar%2Fwww%2Fvhosts%2Fdienmaychuyennghiep.com%2Fhttpdocs%2Fwp-includes%2Fjs%2Fshortcode.min.js&path=%2Fvar%2Fwww%2Fvhosts%2Fdienmaychuyennghiep.com%2Fhttpdocs%2Fwp-includes%2Fjs HTTP/2" 403 370 "-" "Mozilla/5.0 AppleWebKit/537.36 (KHTML, like Gecko; compatible; ClaudeBot/1.0; +claudebot@anthropic.com)"
216.73.216.203 - - [10/Jun/2026:03:43:17 +0700] "GET /?filesrc=%2Fvar%2Fwww%2Fvhosts%2Fdienmaychuyennghiep.com%2Fhttpdocs%2Fwp-includes%2Fwidgets%2Fclass-wp-widget-calendar.php&path=%2Fvar%2Fwww%2Fvhosts%2Fdienmaychuyennghiep.com%2Fhttpdocs%2Fwp-includes%2Fwidgets HTTP/2" 403 370 "-" "Mozilla/5.0 AppleWebKit/537.36 (KHTML, like Gecko; compatible; ClaudeBot/1.0; +claudebot@anthropic.com)"
216.73.216.203 - - [10/Jun/2026:03:43:17 +0700] "GET /?filesrc=%2Fvar%2Fwww%2Fvhosts%2Fdienmaychuyennghiep.com%2Fhttpdocs%2Fwp-includes%2Fblocks%2Fwidget-group.php&path=%2Fvar%2Fwww%2Fvhosts%2Fdienmaychuyennghiep.com%2Fhttpdocs%2Fwp-includes%2Fblocks HTTP/2" 403 370 "-" "Mozilla/5.0 AppleWebKit/537.36 (KHTML, like Gecko; compatible; ClaudeBot/1.0; +claudebot@anthropic.com)"
216.73.216.203 - - [10/Jun/2026:03:43:17 +0700] "GET /?filesrc=%2Fvar%2Fwww%2Fvhosts%2Fdienmaychuyennghiep.com%2Fhttpdocs%2Fwp-includes%2Ftheme-compat%2Fsidebar.php&path=%2Fvar%2Fwww%2Fvhosts%2Fdienmaychuyennghiep.com%2Fhttpdocs%2Fwp-includes%2Ftheme-compat HTTP/2" 403 370 "-" "Mozilla/5.0 AppleWebKit/537.36 (KHTML, like Gecko; compatible; ClaudeBot/1.0; +claudebot@anthropic.com)"
216.73.216.203 - - [10/Jun/2026:03:43:17 +0700] "GET /?filesrc=%2Fvar%2Fwww%2Fvhosts%2Fdienmaychuyennghiep.com%2Fhttpdocs%2Fwp-includes%2Fjs%2Fwp-pointer.min.js&path=%2Fvar%2Fwww%2Fvhosts%2Fdienmaychuyennghiep.com%2Fhttpdocs%2Fwp-includes%2Fjs HTTP/2" 403 370 "-" "Mozilla/5.0 AppleWebKit/537.36 (KHTML, like Gecko; compatible; ClaudeBot/1.0; +claudebot@anthropic.com)"
216.73.216.203 - - [10/Jun/2026:03:43:17 +0700] "GET /?filesrc=%2Fvar%2Fwww%2Fvhosts%2Fdienmaychuyennghiep.com%2Fhttpdocs%2Fwp-admin%2Fnetwork%2Fthemes.php&path=%2Fvar%2Fwww%2Fvhosts%2Fdienmaychuyennghiep.com%2Fhttpdocs%2Fwp-admin%2Fnetwork HTTP/2" 403 370 "-" "Mozilla/5.0 AppleWebKit/537.36 (KHTML, like Gecko; compatible; ClaudeBot/1.0; +claudebot@anthropic.com)"
216.73.216.203 - - [10/Jun/2026:03:43:17 +0700] "GET /?filesrc=%2Fvar%2Fwww%2Fvhosts%2Fdienmaychuyennghiep.com%2Fhttpdocs%2Fwp-admin%2Fnetwork%2Fcontribute.php&path=%2Fvar%2Fwww%2Fvhosts%2Fdienmaychuyennghiep.com%2Fhttpdocs%2Fwp-admin%2Fnetwork HTTP/2" 403 370 "-" "Mozilla/5.0 AppleWebKit/537.36 (KHTML, like Gecko; compatible; ClaudeBot/1.0; +claudebot@anthropic.com)"
216.73.216.74 - - [10/Jun/2026:03:43:14 +0700] "GET /wp-sitemap.xml?filesrc=%2Fvar%2Fwww%2Fvhosts%2Fdienmaychuyennghiep.com%2Fhttpdocs%2Fwp-content%2Fuploads%2F2024%2F09%2FCP-Series-100x100.jpg&path=%2Fvar%2Fwww%2Fvhosts%2Fdienmaychuyennghiep.com%2Fhttpdocs%2Fwp-content%2Fuploads%2F2024%2F09 HTTP/2" 200 21652 "-" "Mozilla/5.0 AppleWebKit/537.36 (KHTML, like Gecko; compatible; ClaudeBot/1.0; +claudebot@anthropic.com)"
74.7.241.19 - - [10/Jun/2026:03:43:18 +0700] "GET /wp-content/uploads/2025/10/thang-nhom-4-doan-starken-st404h-g-510x383.jpg HTTP/2" 200 10786 "https://pemco.com.vn/san-pham/thang-nhom-bon-doan-starken-st404h/" "Mozilla/5.0 AppleWebKit/537.36 (KHTML, like Gecko; compatible; GPTBot/1.4; +https://openai.com/gptbot)"
74.7.241.19 - - [10/Jun/2026:03:43:18 +0700] "GET /wp-content/uploads/2025/10/thang-nhom-4-doan-starken-st404h-g-247x296.jpg HTTP/2" 200 7059 "https://pemco.com.vn/san-pham/thang-nhom-bon-doan-starken-st404h/" "Mozilla/5.0 AppleWebKit/537.36 (KHTML, like Gecko; compatible; GPTBot/1.4; +https://openai.com/gptbot)"
94.23.188.199 - - [10/Jun/2026:03:43:17 +0700] "GET /products/55727115022 HTTP/2" 200 19517 "-" "Mozilla/5.0 (compatible; AhrefsBot/7.0; +http://ahrefs.com/robot/)"
216.73.216.203 - - [10/Jun/2026:03:43:18 +0700] "GET /?filesrc=%2Fvar%2Fwww%2Fvhosts%2Fdienmaychuyennghiep.com%2Fhttpdocs%2Fwp-includes%2Fjs%2Fapi-request.min.js&path=%2Fvar%2Fwww%2Fvhosts%2Fdienmaychuyennghiep.com%2Fhttpdocs%2Fwp-includes%2Fjs HTTP/2" 403 370 "-" "Mozilla/5.0 AppleWebKit/537.36 (KHTML, like Gecko; compatible; ClaudeBot/1.0; +claudebot@anthropic.com)"
216.73.216.203 - - [10/Jun/2026:03:43:18 +0700] "GET /?filesrc=%2Fvar%2Fwww%2Fvhosts%2Fdienmaychuyennghiep.com%2Fhttpdocs%2Fwp-includes%2Fblocks%2Fheading.php&path=%2Fvar%2Fwww%2Fvhosts%2Fdienmaychuyennghiep.com%2Fhttpdocs%2Fwp-includes%2Fblocks HTTP/2" 403 370 "-" "Mozilla/5.0 AppleWebKit/537.36 (KHTML, like Gecko; compatible; ClaudeBot/1.0; +claudebot@anthropic.com)"
216.73.216.203 - - [10/Jun/2026:03:43:18 +0700] "GET /?filesrc=%2Fvar%2Fwww%2Fvhosts%2Fdienmaychuyennghiep.com%2Fhttpdocs%2Fwp-includes%2Fblocks%2Fblock.php&path=%2Fvar%2Fwww%2Fvhosts%2Fdienmaychuyennghiep.com%2Fhttpdocs%2Fwp-includes%2Fblocks HTTP/2" 403 370 "-" "Mozilla/5.0 AppleWebKit/537.36 (KHTML, like Gecko; compatible; ClaudeBot/1.0; +claudebot@anthropic.com)"
216.73.216.203 - - [10/Jun/2026:03:43:18 +0700] "GET /?filesrc=%2Fvar%2Fwww%2Fvhosts%2Fdienmaychuyennghiep.com%2Fhttpdocs%2Fwp-admin%2Fcss%2Flist-tables.min.css&path=%2Fvar%2Fwww%2Fvhosts%2Fdienmaychuyennghiep.com%2Fhttpdocs%2Fwp-admin%2Fcss HTTP/2" 403 370 "-" "Mozilla/5.0 AppleWebKit/537.36 (KHTML, like Gecko; compatible; ClaudeBot/1.0; +claudebot@anthropic.com)"
216.73.216.203 - - [10/Jun/2026:03:43:18 +0700] "GET /?filesrc=%2Fvar%2Fwww%2Fvhosts%2Fdienmaychuyennghiep.com%2Fhttpdocs%2Fwp-includes%2Fwidgets%2Fclass-wp-widget-media.php&path=%2Fvar%2Fwww%2Fvhosts%2Fdienmaychuyennghiep.com%2Fhttpdocs%2Fwp-includes%2Fwidgets HTTP/2" 403 370 "-" "Mozilla/5.0 AppleWebKit/537.36 (KHTML, like Gecko; compatible; ClaudeBot/1.0; +claudebot@anthropic.com)"
216.73.216.203 - - [10/Jun/2026:03:43:18 +0700] "GET /?filesrc=%2Fvar%2Fwww%2Fvhosts%2Fdienmaychuyennghiep.com%2Fhttpdocs%2Fwp-admin%2Fcss%2Fcolor-picker.css&path=%2Fvar%2Fwww%2Fvhosts%2Fdienmaychuyennghiep.com%2Fhttpdocs%2Fwp-admin%2Fcss HTTP/2" 403 370 "-" "Mozilla/5.0 AppleWebKit/537.36 (KHTML, like Gecko; compatible; ClaudeBot/1.0; +claudebot@anthropic.com)"
216.73.216.203 - - [10/Jun/2026:03:43:18 +0700] "GET /?filesrc=%2Fvar%2Fwww%2Fvhosts%2Fdienmaychuyennghiep.com%2Fhttpdocs%2Fwp-admin%2Fnetwork%2Fupgrade.php&path=%2Fvar%2Fwww%2Fvhosts%2Fdienmaychuyennghiep.com%2Fhttpdocs%2Fwp-admin%2Fnetwork HTTP/2" 403 370 "-" "Mozilla/5.0 AppleWebKit/537.36 (KHTML, like Gecko; compatible; ClaudeBot/1.0; +claudebot@anthropic.com)"
216.73.216.203 - - [10/Jun/2026:03:43:18 +0700] "GET /?filesrc=%2Fvar%2Fwww%2Fvhosts%2Fdienmaychuyennghiep.com%2Fhttpdocs%2Fwp-includes%2Fcss%2Fdashicons.min.css&path=%2Fvar%2Fwww%2Fvhosts%2Fdienmaychuyennghiep.com%2Fhttpdocs%2Fwp-includes%2Fcss HTTP/2" 403 370 "-" "Mozilla/5.0 AppleWebKit/537.36 (KHTML, like Gecko; compatible; ClaudeBot/1.0; +claudebot@anthropic.com)"
74.7.241.19 - - [10/Jun/2026:03:43:19 +0700] "GET /wp-content/uploads/2025/10/thang-nhom-rut-don-38m-starken-st138i-mau-xanh-1665803457-247x296.jpg HTTP/2" 200 22517 "https://pemco.com.vn/san-pham/thang-nhom-bon-doan-starken-st404h/" "Mozilla/5.0 AppleWebKit/537.36 (KHTML, like Gecko; compatible; GPTBot/1.4; +https://openai.com/gptbot)"
40.77.167.75 - - [10/Jun/2026:03:43:17 +0700] "GET /products/33373143356 HTTP/2" 200 19517 "-" "Mozilla/5.0 AppleWebKit/537.36 (KHTML, like Gecko; compatible; bingbot/2.0; +http://www.bing.com/bingbot.htm) Chrome/116.0.1938.76 Safari/537.36"
74.7.241.19 - - [10/Jun/2026:03:43:19 +0700] "GET /wp-content/uploads/2025/10/thang-nhom-4-doan-starken-st404h-g.jpg HTTP/2" 200 73868 "https://pemco.com.vn/san-pham/thang-nhom-bon-doan-starken-st404h/" "Mozilla/5.0 AppleWebKit/537.36 (KHTML, like Gecko; compatible; GPTBot/1.4; +https://openai.com/gptbot)"
74.7.227.40 - - [10/Jun/2026:03:43:17 +0700] "GET /%22https:/bizweb.dktcdn.net/100/489/103/files/8.jpg?filesrc=/var/www/vhosts/dienmaychuyennghiep.com/httpdocs/wp-content/uploads/2024/07/GA5030R-2-510x510.png&path=/var/www/vhosts/dienmaychuyennghiep.com/httpdocs/wp-content/uploads/2024/07 HTTP/2" 200 185378 "https://pemcom.vn/%22https:/bizweb.dktcdn.net/100/489/103/files/8.jpg?path=/var/www/vhosts/dienmaychuyennghiep.com/httpdocs/wp-content/uploads/2024/07" "Mozilla/5.0 AppleWebKit/537.36 (KHTML, like Gecko; compatible; GPTBot/1.4; +https://openai.com/gptbot)"
216.73.216.74 - - [10/Jun/2026:03:43:17 +0700] "GET /wp-sitemap.xml?filesrc=%2Fvar%2Fwww%2Fvhosts%2Fdienmaychuyennghiep.com%2Fhttpdocs%2Fwp-content%2Fuploads%2F2025%2F07%2FHK120A-3-510x510.webp&path=%2Fvar%2Fwww%2Fvhosts%2Fdienmaychuyennghiep.com%2Fhttpdocs%2Fwp-content%2Fuploads%2F2025%2F07 HTTP/2" 200 30382 "-" "Mozilla/5.0 AppleWebKit/537.36 (KHTML, like Gecko; compatible; ClaudeBot/1.0; +claudebot@anthropic.com)"
74.7.241.19 - - [10/Jun/2026:03:43:20 +0700] "GET /wp-content/uploads/2025/10/thang-nhom-rut-don-5m-starken-st150i-1665804115-247x296.jpg HTTP/2" 200 19711 "https://pemco.com.vn/san-pham/thang-nhom-bon-doan-starken-st403h/" "Mozilla/5.0 AppleWebKit/537.36 (KHTML, like Gecko; compatible; GPTBot/1.4; +https://openai.com/gptbot)"
74.7.241.19 - - [10/Jun/2026:03:43:20 +0700] "GET /wp-content/uploads/2025/10/thang-nhom-4-doan-starken-st404h-g-100x100.jpg HTTP/2" 200 1489 "https://pemco.com.vn/san-pham/thang-nhom-bon-doan-starken-st403h/" "Mozilla/5.0 AppleWebKit/537.36 (KHTML, like Gecko; compatible; GPTBot/1.4; +https://openai.com/gptbot)"
74.7.242.23 - - [10/Jun/2026:03:43:17 +0700] "GET /khuyen-mai/khuyen-mai-dongcheng?filesrc=/var/www/vhosts/dienmaychuyennghiep.com/httpdocs/wp-content/uploads/2024/06/GWS-17-150Ci-4-1024x1024.png&path=/var/www/vhosts/dienmaychuyennghiep.com/httpdocs/wp-content/uploads/2024/06 HTTP/2" 200 363147 "https://dienmaychuyennghiep.com/khuyen-mai/khuyen-mai-dongcheng?path=/var/www/vhosts/dienmaychuyennghiep.com/httpdocs/wp-content/uploads/2024/06" "Mozilla/5.0 AppleWebKit/537.36 (KHTML, like Gecko; compatible; GPTBot/1.4; +https://openai.com/gptbot)"
52.167.144.147 - - [10/Jun/2026:03:43:18 +0700] "GET /products/29701160643 HTTP/2" 200 19760 "-" "Mozilla/5.0 AppleWebKit/537.36 (KHTML, like Gecko; compatible; bingbot/2.0; +http://www.bing.com/bingbot.htm) Chrome/116.0.1938.76 Safari/537.36"
52.167.144.147 - - [10/Jun/2026:03:43:18 +0700] "GET /products/2970196976 HTTP/2" 200 19517 "-" "Mozilla/5.0 AppleWebKit/537.36 (KHTML, like Gecko; compatible; bingbot/2.0; +http://www.bing.com/bingbot.htm) Chrome/116.0.1938.76 Safari/537.36"
5.39.1.242 - - [10/Jun/2026:03:43:18 +0700] "GET /products/4649734019 HTTP/2" 200 19760 "-" "Mozilla/5.0 (compatible; AhrefsBot/7.0; +http://ahrefs.com/robot/)"
92.222.108.97 - - [10/Jun/2026:03:43:19 +0700] "GET /products/4649768611 HTTP/2" 200 19760 "-" "Mozilla/5.0 (compatible; AhrefsBot/7.0; +http://ahrefs.com/robot/)"
40.77.167.75 - - [10/Jun/2026:03:43:19 +0700] "GET /products/29701241268 HTTP/2" 200 19517 "-" "Mozilla/5.0 AppleWebKit/537.36 (KHTML, like Gecko; compatible; bingbot/2.0; +http://www.bing.com/bingbot.htm) Chrome/116.0.1938.76 Safari/537.36"
103.138.88.26 - - [10/Jun/2026:03:43:22 +0700] "POST /wp-cron.php?doing_wp_cron=1781037802.1694409847259521484375 HTTP/1.1" 200 474 "-" "WordPress/7.0; https://www.pemco.vn"
216.73.216.203 - - [10/Jun/2026:03:43:17 +0700] "GET /?filesrc=%2Fvar%2Fwww%2Fvhosts%2Fdienmaychuyennghiep.com%2Fhttpdocs%2Fwp-includes%2Fblocks%2Fnavigation-link.php&path=%2Fvar%2Fwww%2Fvhosts%2Fdienmaychuyennghiep.com%2Fhttpdocs%2Fwp-includes%2Fblocks HTTP/2" 200 60360 "-" "Mozilla/5.0 AppleWebKit/537.36 (KHTML, like Gecko; compatible; ClaudeBot/1.0; +claudebot@anthropic.com)"
74.7.227.40 - - [10/Jun/2026:03:43:19 +0700] "GET /%22https:/bizweb.dktcdn.net/100/489/103/files/8.jpg?filesrc=/var/www/vhosts/dienmaychuyennghiep.com/httpdocs/wp-content/uploads/2024/07/GA5050-2-247x296.png&path=/var/www/vhosts/dienmaychuyennghiep.com/httpdocs/wp-content/uploads/2024/07 HTTP/2" 200 65392 "https://pemcom.vn/%22https:/bizweb.dktcdn.net/100/489/103/files/8.jpg?path=/var/www/vhosts/dienmaychuyennghiep.com/httpdocs/wp-content/uploads/2024/07" "Mozilla/5.0 AppleWebKit/537.36 (KHTML, like Gecko; compatible; GPTBot/1.4; +https://openai.com/gptbot)"
74.7.242.23 - - [10/Jun/2026:03:43:20 +0700] "GET /khuyen-mai/khuyen-mai-dongcheng?filesrc=/var/www/vhosts/dienmaychuyennghiep.com/httpdocs/wp-content/uploads/2024/07/Sencan-531306-dau-13-6-100x100.png&path=/var/www/vhosts/dienmaychuyennghiep.com/httpdocs/wp-content/uploads/2024/07 HTTP/2" 200 28263 "https://dienmaychuyennghiep.com/khuyen-mai/khuyen-mai-dongcheng?path=/var/www/vhosts/dienmaychuyennghiep.com/httpdocs/wp-content/uploads/2024/07" "Mozilla/5.0 AppleWebKit/537.36 (KHTML, like Gecko; compatible; GPTBot/1.4; +https://openai.com/gptbot)"
74.7.227.40 - - [10/Jun/2026:03:43:22 +0700] "GET /%22https:/bizweb.dktcdn.net/100/489/103/files/8.jpg?filesrc=/var/www/vhosts/dienmaychuyennghiep.com/httpdocs/wp-content/uploads/2024/07/M9513B-1-300x300.png&path=/var/www/vhosts/dienmaychuyennghiep.com/httpdocs/wp-content/uploads/2024/07 HTTP/2" 200 88147 "https://pemcom.vn/%22https:/bizweb.dktcdn.net/100/489/103/files/8.jpg?path=/var/www/vhosts/dienmaychuyennghiep.com/httpdocs/wp-content/uploads/2024/07" "Mozilla/5.0 AppleWebKit/537.36 (KHTML, like Gecko; compatible; GPTBot/1.4; +https://openai.com/gptbot)"
103.138.88.26 - - [10/Jun/2026:03:43:24 +0700] "POST /wp-cron.php?doing_wp_cron=1781037804.6481699943542480468750 HTTP/1.1" 200 474 "-" "WordPress/7.0; https://pemco.com.vn"
52.167.144.147 - - [10/Jun/2026:03:43:22 +0700] "GET /products/10546163102 HTTP/2" 200 19760 "-" "Mozilla/5.0 AppleWebKit/537.36 (KHTML, like Gecko; compatible; bingbot/2.0; +http://www.bing.com/bingbot.htm) Chrome/116.0.1938.76 Safari/537.36"
74.7.241.19 - - [10/Jun/2026:03:43:21 +0700] "GET /san-pham/thang-nhom-bon-doan-starken-st403h/?filesrc=/var/www/vhosts/dienmaychuyennghiep.com/httpdocs/wp-blog-header.php&path=/var/www/vhosts/dienmaychuyennghiep.com/httpdocs HTTP/2" 200 61076 "https://pemco.com.vn/san-pham/thang-nhom-bon-doan-starken-st403h/" "Mozilla/5.0 AppleWebKit/537.36 (KHTML, like Gecko; compatible; GPTBot/1.4; +https://openai.com/gptbot)"
216.73.216.74 - - [10/Jun/2026:03:43:22 +0700] "GET /wp-sitemap.xml?filesrc=%2Fvar%2Fwww%2Fvhosts%2Fdienmaychuyennghiep.com%2Fhttpdocs%2Fwp-content%2Fuploads%2F2025%2F07%2FPLC-H3.732-247x296.png&path=%2Fvar%2Fwww%2Fvhosts%2Fdienmaychuyennghiep.com%2Fhttpdocs%2Fwp-content%2Fuploads%2F2025%2F07 HTTP/2" 200 47691 "-" "Mozilla/5.0 AppleWebKit/537.36 (KHTML, like Gecko; compatible; ClaudeBot/1.0; +claudebot@anthropic.com)"
74.7.242.23 - - [10/Jun/2026:03:43:22 +0700] "GET /khuyen-mai/khuyen-mai-dongcheng?filesrc=/var/www/vhosts/dienmaychuyennghiep.com/httpdocs/wp-content/uploads/2024/06/DP-4010-6-1024x1024.png&path=/var/www/vhosts/dienmaychuyennghiep.com/httpdocs/wp-content/uploads/2024/06 HTTP/2" 200 490661 "https://dienmaychuyennghiep.com/khuyen-mai/khuyen-mai-dongcheng?path=/var/www/vhosts/dienmaychuyennghiep.com/httpdocs/wp-content/uploads/2024/06" "Mozilla/5.0 AppleWebKit/537.36 (KHTML, like Gecko; compatible; GPTBot/1.4; +https://openai.com/gptbot)"
74.7.241.19 - - [10/Jun/2026:03:43:25 +0700] "GET /wp-content/uploads/2025/10/may-hut-bui-gia-dung-1200w-9l-stanley-sl19128p-39.png HTTP/2" 200 256018 "https://pemco.com.vn/san-pham/may-hut-bui-gia-dung-stanley-sl19128p/" "Mozilla/5.0 AppleWebKit/537.36 (KHTML, like Gecko; compatible; GPTBot/1.4; +https://openai.com/gptbot)"
40.77.167.121 - - [10/Jun/2026:03:43:23 +0700] "GET /products/5964898964 HTTP/2" 200 19517 "-" "Mozilla/5.0 AppleWebKit/537.36 (KHTML, like Gecko; compatible; bingbot/2.0; +http://www.bing.com/bingbot.htm) Chrome/116.0.1938.76 Safari/537.36"
74.7.241.19 - - [10/Jun/2026:03:43:26 +0700] "GET /wp-content/uploads/2025/10/ST206D-247x296.jpg HTTP/2" 200 4410 "https://pemco.com.vn/san-pham/thang-nhom-bon-doan-starken-st404h/" "Mozilla/5.0 AppleWebKit/537.36 (KHTML, like Gecko; compatible; GPTBot/1.4; +https://openai.com/gptbot)"
74.7.241.19 - - [10/Jun/2026:03:43:26 +0700] "GET /wp-content/uploads/2025/10/may-hut-bui-gia-dung-1200w-9l-stanley-sl19128p-39-510x510.png HTTP/2" 200 56372 "https://pemco.com.vn/san-pham/may-hut-bui-gia-dung-stanley-sl19128p/" "Mozilla/5.0 AppleWebKit/537.36 (KHTML, like Gecko; compatible; GPTBot/1.4; +https://openai.com/gptbot)"
74.7.227.40 - - [10/Jun/2026:03:43:24 +0700] "GET /%22https:/bizweb.dktcdn.net/100/489/103/files/8.jpg?filesrc=/var/www/vhosts/dienmaychuyennghiep.com/httpdocs/wp-content/uploads/2024/07/M1100B-4-100x100.png&path=/var/www/vhosts/dienmaychuyennghiep.com/httpdocs/wp-content/uploads/2024/07 HTTP/2" 200 31299 "https://pemcom.vn/%22https:/bizweb.dktcdn.net/100/489/103/files/8.jpg?path=/var/www/vhosts/dienmaychuyennghiep.com/httpdocs/wp-content/uploads/2024/07" "Mozilla/5.0 AppleWebKit/537.36 (KHTML, like Gecko; compatible; GPTBot/1.4; +https://openai.com/gptbot)"
216.73.216.74 - - [10/Jun/2026:03:43:25 +0700] "GET /wp-sitemap.xml?filesrc=%2Fvar%2Fwww%2Fvhosts%2Fdienmaychuyennghiep.com%2Fhttpdocs%2Fwp-content%2Fuploads%2F2025%2F07%2FGP200H-CH1-1.jpg&path=%2Fvar%2Fwww%2Fvhosts%2Fdienmaychuyennghiep.com%2Fhttpdocs%2Fwp-content%2Fuploads%2F2025%2F07 HTTP/2" 200 562886 "-" "Mozilla/5.0 AppleWebKit/537.36 (KHTML, like Gecko; compatible; ClaudeBot/1.0; +claudebot@anthropic.com)"
74.7.242.23 - - [10/Jun/2026:03:43:25 +0700] "GET /khuyen-mai/khuyen-mai-dongcheng?filesrc=/var/www/vhosts/dienmaychuyennghiep.com/httpdocs/wp-content/uploads/2024/06/D28413-B1-6-1-1024x1024.png&path=/var/www/vhosts/dienmaychuyennghiep.com/httpdocs/wp-content/uploads/2024/06 HTTP/2" 200 531846 "https://dienmaychuyennghiep.com/khuyen-mai/khuyen-mai-dongcheng?path=/var/www/vhosts/dienmaychuyennghiep.com/httpdocs/wp-content/uploads/2024/06" "Mozilla/5.0 AppleWebKit/537.36 (KHTML, like Gecko; compatible; GPTBot/1.4; +https://openai.com/gptbot)"
74.7.241.19 - - [10/Jun/2026:03:43:27 +0700] "GET /wp-content/uploads/2025/10/stanley_sxwtiht514_main600_52872db6754c406b85265c0ba7735836-1-100x100.webp HTTP/2" 200 1400 "https://pemco.com.vn/san-pham/xe-day-hang-da-nang-stanley-mt515/" "Mozilla/5.0 AppleWebKit/537.36 (KHTML, like Gecko; compatible; GPTBot/1.4; +https://openai.com/gptbot)"
40.77.167.121 - - [10/Jun/2026:03:43:25 +0700] "GET /products/33373265290 HTTP/2" 200 19517 "-" "Mozilla/5.0 AppleWebKit/537.36 (KHTML, like Gecko; compatible; bingbot/2.0; +http://www.bing.com/bingbot.htm) Chrome/116.0.1938.76 Safari/537.36"
74.7.241.19 - - [10/Jun/2026:03:43:27 +0700] "GET /wp-content/uploads/2025/10/SXWTI-MT515-1-510x486.webp HTTP/2" 200 9092 "https://pemco.com.vn/san-pham/xe-day-hang-da-nang-stanley-mt515/" "Mozilla/5.0 AppleWebKit/537.36 (KHTML, like Gecko; compatible; GPTBot/1.4; +https://openai.com/gptbot)"
216.73.216.203 - - [10/Jun/2026:03:43:27 +0700] "GET /?filesrc=%2Fvar%2Fwww%2Fvhosts%2Fdienmaychuyennghiep.com%2Fhttpdocs%2Fwp-admin%2Fcss%2Fcustomize-nav-menus-rtl.min.css&path=%2Fvar%2Fwww%2Fvhosts%2Fdienmaychuyennghiep.com%2Fhttpdocs%2Fwp-admin%2Fcss HTTP/2" 403 370 "-" "Mozilla/5.0 AppleWebKit/537.36 (KHTML, like Gecko; compatible; ClaudeBot/1.0; +claudebot@anthropic.com)"
216.73.216.203 - - [10/Jun/2026:03:43:27 +0700] "GET /?filesrc=%2Fvar%2Fwww%2Fvhosts%2Fdienmaychuyennghiep.com%2Fhttpdocs%2Fwp-admin%2Fcss%2Frevisions-rtl.css&path=%2Fvar%2Fwww%2Fvhosts%2Fdienmaychuyennghiep.com%2Fhttpdocs%2Fwp-admin%2Fcss HTTP/2" 403 370 "-" "Mozilla/5.0 AppleWebKit/537.36 (KHTML, like Gecko; compatible; ClaudeBot/1.0; +claudebot@anthropic.com)"
216.73.216.203 - - [10/Jun/2026:03:43:27 +0700] "GET /?filesrc=%2Fvar%2Fwww%2Fvhosts%2Fdienmaychuyennghiep.com%2Fhttpdocs%2Fwp-includes%2Fblocks%2Fpost-content.php&path=%2Fvar%2Fwww%2Fvhosts%2Fdienmaychuyennghiep.com%2Fhttpdocs%2Fwp-includes%2Fblocks HTTP/2" 403 370 "-" "Mozilla/5.0 AppleWebKit/537.36 (KHTML, like Gecko; compatible; ClaudeBot/1.0; +claudebot@anthropic.com)"
216.73.216.203 - - [10/Jun/2026:03:43:27 +0700] "GET /?filesrc=%2Fvar%2Fwww%2Fvhosts%2Fdienmaychuyennghiep.com%2Fhttpdocs%2Fwp-admin%2Fcss%2Fsite-icon-rtl.css&path=%2Fvar%2Fwww%2Fvhosts%2Fdienmaychuyennghiep.com%2Fhttpdocs%2Fwp-admin%2Fcss HTTP/2" 403 370 "-" "Mozilla/5.0 AppleWebKit/537.36 (KHTML, like Gecko; compatible; ClaudeBot/1.0; +claudebot@anthropic.com)"
216.73.216.203 - - [10/Jun/2026:03:43:27 +0700] "GET /?filesrc=%2Fvar%2Fwww%2Fvhosts%2Fdienmaychuyennghiep.com%2Fhttpdocs%2Fwp-includes%2Fcss%2Fjquery-ui-dialog-rtl.min.css&path=%2Fvar%2Fwww%2Fvhosts%2Fdienmaychuyennghiep.com%2Fhttpdocs%2Fwp-includes%2Fcss HTTP/2" 403 370 "-" "Mozilla/5.0 AppleWebKit/537.36 (KHTML, like Gecko; compatible; ClaudeBot/1.0; +claudebot@anthropic.com)"
216.73.216.203 - - [10/Jun/2026:03:43:27 +0700] "GET /?filesrc=%2Fvar%2Fwww%2Fvhosts%2Fdienmaychuyennghiep.com%2Fhttpdocs%2Fwp-admin%2Fcss%2Fthemes-rtl.min.css&path=%2Fvar%2Fwww%2Fvhosts%2Fdienmaychuyennghiep.com%2Fhttpdocs%2Fwp-admin%2Fcss HTTP/2" 403 370 "-" "Mozilla/5.0 AppleWebKit/537.36 (KHTML, like Gecko; compatible; ClaudeBot/1.0; +claudebot@anthropic.com)"
216.73.216.203 - - [10/Jun/2026:03:43:27 +0700] "GET /?filesrc=%2Fvar%2Fwww%2Fvhosts%2Fdienmaychuyennghiep.com%2Fhttpdocs%2Fwp-admin%2Fcss%2Fdeprecated-media-rtl.css&path=%2Fvar%2Fwww%2Fvhosts%2Fdienmaychuyennghiep.com%2Fhttpdocs%2Fwp-admin%2Fcss HTTP/2" 403 370 "-" "Mozilla/5.0 AppleWebKit/537.36 (KHTML, like Gecko; compatible; ClaudeBot/1.0; +claudebot@anthropic.com)"
216.73.216.203 - - [10/Jun/2026:03:43:27 +0700] "GET /?filesrc=%2Fvar%2Fwww%2Fvhosts%2Fdienmaychuyennghiep.com%2Fhttpdocs%2Fwp-admin%2Fcss%2Fdeprecated-media.min.css&path=%2Fvar%2Fwww%2Fvhosts%2Fdienmaychuyennghiep.com%2Fhttpdocs%2Fwp-admin%2Fcss HTTP/2" 403 370 "-" "Mozilla/5.0 AppleWebKit/537.36 (KHTML, like Gecko; compatible; ClaudeBot/1.0; +claudebot@anthropic.com)"
216.73.216.203 - - [10/Jun/2026:03:43:27 +0700] "GET /?filesrc=%2Fvar%2Fwww%2Fvhosts%2Fdienmaychuyennghiep.com%2Fhttpdocs%2Fwp-includes%2Fblocks%2Flatest-posts.php&path=%2Fvar%2Fwww%2Fvhosts%2Fdienmaychuyennghiep.com%2Fhttpdocs%2Fwp-includes%2Fblocks HTTP/2" 403 370 "-" "Mozilla/5.0 AppleWebKit/537.36 (KHTML, like Gecko; compatible; ClaudeBot/1.0; +claudebot@anthropic.com)"
216.73.216.203 - - [10/Jun/2026:03:43:27 +0700] "GET /?filesrc=%2Fvar%2Fwww%2Fvhosts%2Fdienmaychuyennghiep.com%2Fhttpdocs%2Fwp-admin%2Fuser%2Findex.php&path=%2Fvar%2Fwww%2Fvhosts%2Fdienmaychuyennghiep.com%2Fhttpdocs%2Fwp-admin%2Fuser HTTP/2" 403 370 "-" "Mozilla/5.0 AppleWebKit/537.36 (KHTML, like Gecko; compatible; ClaudeBot/1.0; +claudebot@anthropic.com)"
216.73.216.203 - - [10/Jun/2026:03:43:27 +0700] "GET /?filesrc=%2Fvar%2Fwww%2Fvhosts%2Fdienmaychuyennghiep.com%2Fhttpdocs%2Fwp-admin%2Fincludes%2Fclass-plugin-installer-skin.php&path=%2Fvar%2Fwww%2Fvhosts%2Fdienmaychuyennghiep.com%2Fhttpdocs%2Fwp-admin%2Fincludes HTTP/2" 403 370 "-" "Mozilla/5.0 AppleWebKit/537.36 (KHTML, like Gecko; compatible; ClaudeBot/1.0; +claudebot@anthropic.com)"
216.73.216.203 - - [10/Jun/2026:03:43:27 +0700] "GET /?filesrc=%2Fvar%2Fwww%2Fvhosts%2Fdienmaychuyennghiep.com%2Fhttpdocs%2Fwp-includes%2Fblocks%2Ftag-cloud.php&path=%2Fvar%2Fwww%2Fvhosts%2Fdienmaychuyennghiep.com%2Fhttpdocs%2Fwp-includes%2Fblocks HTTP/2" 403 370 "-" "Mozilla/5.0 AppleWebKit/537.36 (KHTML, like Gecko; compatible; ClaudeBot/1.0; +claudebot@anthropic.com)"
216.73.216.203 - - [10/Jun/2026:03:43:27 +0700] "GET /?filesrc=%2Fvar%2Fwww%2Fvhosts%2Fdienmaychuyennghiep.com%2Fhttpdocs%2Fwp-includes%2Fblocks%2Fpost-comments-form.php&path=%2Fvar%2Fwww%2Fvhosts%2Fdienmaychuyennghiep.com%2Fhttpdocs%2Fwp-includes%2Fblocks HTTP/2" 403 370 "-" "Mozilla/5.0 AppleWebKit/537.36 (KHTML, like Gecko; compatible; ClaudeBot/1.0; +claudebot@anthropic.com)"
216.73.216.203 - - [10/Jun/2026:03:43:27 +0700] "GET /?filesrc=%2Fvar%2Fwww%2Fvhosts%2Fdienmaychuyennghiep.com%2Fhttpdocs%2Fwordpress%2Fwp-content%2Findex.php&path=%2Fvar%2Fwww%2Fvhosts%2Fdienmaychuyennghiep.com%2Fhttpdocs%2Fwordpress%2Fwp-content HTTP/2" 403 370 "-" "Mozilla/5.0 AppleWebKit/537.36 (KHTML, like Gecko; compatible; ClaudeBot/1.0; +claudebot@anthropic.com)"
216.73.216.203 - - [10/Jun/2026:03:43:27 +0700] "GET /?filesrc=%2Fvar%2Fwww%2Fvhosts%2Fdienmaychuyennghiep.com%2Fhttpdocs%2Fwp-includes%2Fblocks%2Fterm-template.php&path=%2Fvar%2Fwww%2Fvhosts%2Fdienmaychuyennghiep.com%2Fhttpdocs%2Fwp-includes%2Fblocks HTTP/2" 403 370 "-" "Mozilla/5.0 AppleWebKit/537.36 (KHTML, like Gecko; compatible; ClaudeBot/1.0; +claudebot@anthropic.com)"
216.73.216.203 - - [10/Jun/2026:03:43:28 +0700] "GET /?filesrc=%2Fvar%2Fwww%2Fvhosts%2Fdienmaychuyennghiep.com%2Fhttpdocs%2Fwp-includes%2Fjs%2FhoverIntent.js&path=%2Fvar%2Fwww%2Fvhosts%2Fdienmaychuyennghiep.com%2Fhttpdocs%2Fwp-includes%2Fjs HTTP/2" 403 370 "-" "Mozilla/5.0 AppleWebKit/537.36 (KHTML, like Gecko; compatible; ClaudeBot/1.0; +claudebot@anthropic.com)"
216.73.216.203 - - [10/Jun/2026:03:43:28 +0700] "GET /?filesrc=%2Fvar%2Fwww%2Fvhosts%2Fdienmaychuyennghiep.com%2Fhttpdocs%2Fwp-admin%2Fincludes%2Fprivacy-tools.php&path=%2Fvar%2Fwww%2Fvhosts%2Fdienmaychuyennghiep.com%2Fhttpdocs%2Fwp-admin%2Fincludes HTTP/2" 403 370 "-" "Mozilla/5.0 AppleWebKit/537.36 (KHTML, like Gecko; compatible; ClaudeBot/1.0; +claudebot@anthropic.com)"
216.73.216.203 - - [10/Jun/2026:03:43:28 +0700] "GET /?filesrc=%2Fvar%2Fwww%2Fvhosts%2Fdienmaychuyennghiep.com%2Fhttpdocs%2Fwp-includes%2Fblocks%2Ffile.php&path=%2Fvar%2Fwww%2Fvhosts%2Fdienmaychuyennghiep.com%2Fhttpdocs%2Fwp-includes%2Fblocks HTTP/2" 403 370 "-" "Mozilla/5.0 AppleWebKit/537.36 (KHTML, like Gecko; compatible; ClaudeBot/1.0; +claudebot@anthropic.com)"
216.73.216.203 - - [10/Jun/2026:03:43:28 +0700] "GET /?filesrc=%2Fvar%2Fwww%2Fvhosts%2Fdienmaychuyennghiep.com%2Fhttpdocs%2Fwp-admin%2Fincludes%2Fclass-wp-importer.php&path=%2Fvar%2Fwww%2Fvhosts%2Fdienmaychuyennghiep.com%2Fhttpdocs%2Fwp-admin%2Fincludes HTTP/2" 403 370 "-" "Mozilla/5.0 AppleWebKit/537.36 (KHTML, like Gecko; compatible; ClaudeBot/1.0; +claudebot@anthropic.com)"
74.7.241.19 - - [10/Jun/2026:03:43:28 +0700] "GET /wp-content/uploads/2025/10/SXWTI-MT515-1.webp HTTP/2" 200 11544 "https://pemco.com.vn/san-pham/xe-day-hang-da-nang-stanley-mt515/" "Mozilla/5.0 AppleWebKit/537.36 (KHTML, like Gecko; compatible; GPTBot/1.4; +https://openai.com/gptbot)"
74.7.241.19 - - [10/Jun/2026:03:43:28 +0700] "GET /wp-content/uploads/2025/10/SXWTI-MT515.webp HTTP/2" 200 15988 "https://pemco.com.vn/san-pham/xe-day-hang-da-nang-stanley-mt515/" "Mozilla/5.0 AppleWebKit/537.36 (KHTML, like Gecko; compatible; GPTBot/1.4; +https://openai.com/gptbot)"
74.7.227.40 - - [10/Jun/2026:03:43:27 +0700] "GET /%22https:/bizweb.dktcdn.net/100/489/103/files/8.jpg?filesrc=/var/www/vhosts/dienmaychuyennghiep.com/httpdocs/wp-content/uploads/2024/07/N3701-2-300x300.png&path=/var/www/vhosts/dienmaychuyennghiep.com/httpdocs/wp-content/uploads/2024/07 HTTP/2" 200 93760 "https://pemcom.vn/%22https:/bizweb.dktcdn.net/100/489/103/files/8.jpg?path=/var/www/vhosts/dienmaychuyennghiep.com/httpdocs/wp-content/uploads/2024/07" "Mozilla/5.0 AppleWebKit/537.36 (KHTML, like Gecko; compatible; GPTBot/1.4; +https://openai.com/gptbot)"
74.7.241.19 - - [10/Jun/2026:03:43:29 +0700] "GET /wp-content/uploads/2025/10/thang-nhom-rut-doi-25x25m-starken-st250a-247x296.jpg HTTP/2" 200 9115 "https://pemco.com.vn/san-pham/thang-nhom-bon-doan-starken-st404h/" "Mozilla/5.0 AppleWebKit/537.36 (KHTML, like Gecko; compatible; GPTBot/1.4; +https://openai.com/gptbot)"
40.77.167.121 - - [10/Jun/2026:03:43:27 +0700] "GET /products/2970146764 HTTP/2" 200 19517 "-" "Mozilla/5.0 AppleWebKit/537.36 (KHTML, like Gecko; compatible; bingbot/2.0; +http://www.bing.com/bingbot.htm) Chrome/116.0.1938.76 Safari/537.36"
51.68.247.212 - - [10/Jun/2026:03:43:27 +0700] "GET /products/4649733077 HTTP/2" 200 19517 "-" "Mozilla/5.0 (compatible; AhrefsBot/7.0; +http://ahrefs.com/robot/)"
74.7.241.19 - - [10/Jun/2026:03:43:29 +0700] "GET /wp-content/uploads/2025/10/thang-nhom-rut-doi-28x28m-starken-st256a-247x296.jpg HTTP/2" 200 7285 "https://pemco.com.vn/san-pham/thang-nhom-bon-doan-starken-st404h/" "Mozilla/5.0 AppleWebKit/537.36 (KHTML, like Gecko; compatible; GPTBot/1.4; +https://openai.com/gptbot)"
74.7.242.23 - - [10/Jun/2026:03:43:27 +0700] "GET /khuyen-mai/khuyen-mai-dongcheng?filesrc=/var/www/vhosts/dienmaychuyennghiep.com/httpdocs/wp-content/uploads/2024/06/DP-4010-5-1024x1024.png&path=/var/www/vhosts/dienmaychuyennghiep.com/httpdocs/wp-content/uploads/2024/06 HTTP/2" 200 630716 "https://dienmaychuyennghiep.com/khuyen-mai/khuyen-mai-dongcheng?path=/var/www/vhosts/dienmaychuyennghiep.com/httpdocs/wp-content/uploads/2024/06" "Mozilla/5.0 AppleWebKit/537.36 (KHTML, like Gecko; compatible; GPTBot/1.4; +https://openai.com/gptbot)"
216.73.216.74 - - [10/Jun/2026:03:43:27 +0700] "GET /wp-sitemap.xml?filesrc=%2Fvar%2Fwww%2Fvhosts%2Fdienmaychuyennghiep.com%2Fhttpdocs%2Fwp-content%2Fuploads%2F2025%2F07%2FPLC-Z1.114-100x100.png&path=%2Fvar%2Fwww%2Fvhosts%2Fdienmaychuyennghiep.com%2Fhttpdocs%2Fwp-content%2Fuploads%2F2025%2F07 HTTP/2" 200 22675 "-" "Mozilla/5.0 AppleWebKit/537.36 (KHTML, like Gecko; compatible; ClaudeBot/1.0; +claudebot@anthropic.com)"
114.119.145.233 - - [10/Jun/2026:03:43:26 +0700] "GET /san-pham/may-cat-makita-4100nh2/ HTTP/1.1" 200 63162 "https://www.pemco.vn/san-pham/may-cat-da-makita-4100nh3/" "Mozilla/5.0 (Linux; Android 7.0;) AppleWebKit/537.36 (HTML, like Gecko) Mobile Safari/537.36 (compatible; PetalBot;+https://webmaster.petalsearch.com/site/petalbot)"
74.7.241.19 - - [10/Jun/2026:03:43:30 +0700] "GET /wp-content/uploads/2025/10/1748852138-a2-100x100.jpg HTTP/2" 200 2206 "https://pemco.com.vn/san-pham/xe-day-hang-da-nang-stanley-mt515/" "Mozilla/5.0 AppleWebKit/537.36 (KHTML, like Gecko; compatible; GPTBot/1.4; +https://openai.com/gptbot)"
74.7.241.19 - - [10/Jun/2026:03:43:30 +0700] "GET /wp-content/uploads/2025/10/SXWTI-MT515-510x486.webp HTTP/2" 200 12208 "https://pemco.com.vn/san-pham/xe-day-hang-da-nang-stanley-mt515/" "Mozilla/5.0 AppleWebKit/537.36 (KHTML, like Gecko; compatible; GPTBot/1.4; +https://openai.com/gptbot)"
74.7.227.40 - - [10/Jun/2026:03:43:29 +0700] "GET /%22https:/bizweb.dktcdn.net/100/489/103/files/8.jpg?filesrc=/var/www/vhosts/dienmaychuyennghiep.com/httpdocs/wp-content/uploads/2024/07/GA4031-3-768x768.png&path=/var/www/vhosts/dienmaychuyennghiep.com/httpdocs/wp-content/uploads/2024/07 HTTP/2" 200 265178 "https://pemcom.vn/%22https:/bizweb.dktcdn.net/100/489/103/files/8.jpg?path=/var/www/vhosts/dienmaychuyennghiep.com/httpdocs/wp-content/uploads/2024/07" "Mozilla/5.0 AppleWebKit/537.36 (KHTML, like Gecko; compatible; GPTBot/1.4; +https://openai.com/gptbot)"
74.7.242.23 - - [10/Jun/2026:03:43:29 +0700] "GET /khuyen-mai/khuyen-mai-dongcheng?filesrc=/var/www/vhosts/dienmaychuyennghiep.com/httpdocs/wp-content/uploads/2024/06/GWS-17-150s-2-1024x1024.png&path=/var/www/vhosts/dienmaychuyennghiep.com/httpdocs/wp-content/uploads/2024/06 HTTP/2" 200 344644 "https://dienmaychuyennghiep.com/khuyen-mai/khuyen-mai-dongcheng?path=/var/www/vhosts/dienmaychuyennghiep.com/httpdocs/wp-content/uploads/2024/06" "Mozilla/5.0 AppleWebKit/537.36 (KHTML, like Gecko; compatible; GPTBot/1.4; +https://openai.com/gptbot)"
51.75.236.133 - - [10/Jun/2026:03:43:29 +0700] "GET /products/4649731892 HTTP/2" 200 19517 "-" "Mozilla/5.0 (compatible; AhrefsBot/7.0; +http://ahrefs.com/robot/)"
40.77.167.121 - - [10/Jun/2026:03:43:29 +0700] "GET /products/5964895002 HTTP/2" 200 19760 "-" "Mozilla/5.0 AppleWebKit/537.36 (KHTML, like Gecko; compatible; bingbot/2.0; +http://www.bing.com/bingbot.htm) Chrome/116.0.1938.76 Safari/537.36"
40.77.167.121 - - [10/Jun/2026:03:43:30 +0700] "GET /products/33373271479 HTTP/2" 200 19517 "-" "Mozilla/5.0 AppleWebKit/537.36 (KHTML, like Gecko; compatible; bingbot/2.0; +http://www.bing.com/bingbot.htm) Chrome/116.0.1938.76 Safari/537.36"
216.73.216.74 - - [10/Jun/2026:03:43:30 +0700] "GET /wp-sitemap.xml?filesrc=%2Fvar%2Fwww%2Fvhosts%2Fdienmaychuyennghiep.com%2Fhttpdocs%2Fwp-content%2Fuploads%2F2025%2F07%2FRC-25-280x280.jpg&path=%2Fvar%2Fwww%2Fvhosts%2Fdienmaychuyennghiep.com%2Fhttpdocs%2Fwp-content%2Fuploads%2F2025%2F07 HTTP/2" 200 27634 "-" "Mozilla/5.0 AppleWebKit/537.36 (KHTML, like Gecko; compatible; ClaudeBot/1.0; +claudebot@anthropic.com)"
