74.7.227.40 - - [10/Jun/2026:03:55:25 +0700] "GET /%22https:/bizweb.dktcdn.net/100/489/103/files/8.jpg?filesrc=/var/www/vhosts/dienmaychuyennghiep.com/httpdocs/wp-content/uploads/2024/07/M9202B-6-100x100.png&path=/var/www/vhosts/dienmaychuyennghiep.com/httpdocs/wp-content/uploads/2024/07 HTTP/2" 200 31501 "https://pemcom.vn/%22https:/bizweb.dktcdn.net/100/489/103/files/8.jpg?path=/var/www/vhosts/dienmaychuyennghiep.com/httpdocs/wp-content/uploads/2024/07" "Mozilla/5.0 AppleWebKit/537.36 (KHTML, like Gecko; compatible; GPTBot/1.4; +https://openai.com/gptbot)"
94.23.188.197 - - [10/Jun/2026:03:55:26 +0700] "GET /products/4566591559 HTTP/2" 200 19517 "-" "Mozilla/5.0 (compatible; AhrefsBot/7.0; +http://ahrefs.com/robot/)"
74.7.227.40 - - [10/Jun/2026:03:55:27 +0700] "GET /%22https:/bizweb.dktcdn.net/100/489/103/files/8.jpg?filesrc=/var/www/vhosts/dienmaychuyennghiep.com/httpdocs/wp-content/uploads/2024/07/LC1230-6-768x768.png&path=/var/www/vhosts/dienmaychuyennghiep.com/httpdocs/wp-content/uploads/2024/07 HTTP/2" 200 294360 "https://pemcom.vn/%22https:/bizweb.dktcdn.net/100/489/103/files/8.jpg?path=/var/www/vhosts/dienmaychuyennghiep.com/httpdocs/wp-content/uploads/2024/07" "Mozilla/5.0 AppleWebKit/537.36 (KHTML, like Gecko; compatible; GPTBot/1.4; +https://openai.com/gptbot)"
74.7.241.19 - - [10/Jun/2026:03:55:25 +0700] "GET /san-pham/may-danh-bong-quy-dao-makita-po5000c/ HTTP/2" 200 62761 "https://pemco.com.vn/wp-sitemap-posts-product-1.xml" "Mozilla/5.0 AppleWebKit/537.36 (KHTML, like Gecko; compatible; GPTBot/1.4; +https://openai.com/gptbot)"
74.7.242.23 - - [10/Jun/2026:03:55:27 +0700] "GET /khuyen-mai/khuyen-mai-dongcheng?filesrc=/var/www/vhosts/dienmaychuyennghiep.com/httpdocs/wp-content/uploads/2024/07/Sencan-531011-3-1-150x150.png&path=/var/www/vhosts/dienmaychuyennghiep.com/httpdocs/wp-content/uploads/2024/07 HTTP/2" 200 39627 "https://dienmaychuyennghiep.com/khuyen-mai/khuyen-mai-dongcheng?path=/var/www/vhosts/dienmaychuyennghiep.com/httpdocs/wp-content/uploads/2024/07" "Mozilla/5.0 AppleWebKit/537.36 (KHTML, like Gecko; compatible; GPTBot/1.4; +https://openai.com/gptbot)"
74.7.242.23 - - [10/Jun/2026:03:55:29 +0700] "GET /khuyen-mai/khuyen-mai-dongcheng?filesrc=/var/www/vhosts/dienmaychuyennghiep.com/httpdocs/wp-content/uploads/2024/06/D100-ASM05-100B-5-100x100.png&path=/var/www/vhosts/dienmaychuyennghiep.com/httpdocs/wp-content/uploads/2024/06 HTTP/2" 200 29526 "https://dienmaychuyennghiep.com/khuyen-mai/khuyen-mai-dongcheng?path=/var/www/vhosts/dienmaychuyennghiep.com/httpdocs/wp-content/uploads/2024/06" "Mozilla/5.0 AppleWebKit/537.36 (KHTML, like Gecko; compatible; GPTBot/1.4; +https://openai.com/gptbot)"
74.7.241.19 - - [10/Jun/2026:03:55:28 +0700] "GET /san-pham/may-cat-goc-da-nang-makita-ls1040/ HTTP/2" 200 63301 "https://pemco.com.vn/wp-sitemap-posts-product-1.xml" "Mozilla/5.0 AppleWebKit/537.36 (KHTML, like Gecko; compatible; GPTBot/1.4; +https://openai.com/gptbot)"
74.7.227.40 - - [10/Jun/2026:03:55:29 +0700] "GET /%22https:/bizweb.dktcdn.net/100/489/103/files/8.jpg?filesrc=/var/www/vhosts/dienmaychuyennghiep.com/httpdocs/wp-content/uploads/2024/07/UT2204-3-768x768.png&path=/var/www/vhosts/dienmaychuyennghiep.com/httpdocs/wp-content/uploads/2024/07 HTTP/2" 200 261304 "https://pemcom.vn/%22https:/bizweb.dktcdn.net/100/489/103/files/8.jpg?path=/var/www/vhosts/dienmaychuyennghiep.com/httpdocs/wp-content/uploads/2024/07" "Mozilla/5.0 AppleWebKit/537.36 (KHTML, like Gecko; compatible; GPTBot/1.4; +https://openai.com/gptbot)"
74.7.227.40 - - [10/Jun/2026:03:55:30 +0700] "GET /%22https:/bizweb.dktcdn.net/100/489/103/files/8.jpg?filesrc=/var/www/vhosts/dienmaychuyennghiep.com/httpdocs/wp-content/uploads/2024/07/M9202B-4-100x100.png&path=/var/www/vhosts/dienmaychuyennghiep.com/httpdocs/wp-content/uploads/2024/07 HTTP/2" 200 30258 "https://pemcom.vn/%22https:/bizweb.dktcdn.net/100/489/103/files/8.jpg?path=/var/www/vhosts/dienmaychuyennghiep.com/httpdocs/wp-content/uploads/2024/07" "Mozilla/5.0 AppleWebKit/537.36 (KHTML, like Gecko; compatible; GPTBot/1.4; +https://openai.com/gptbot)"
37.59.204.139 - - [10/Jun/2026:03:55:30 +0700] "GET /products/4566599343 HTTP/2" 200 19517 "-" "Mozilla/5.0 (compatible; AhrefsBot/7.0; +http://ahrefs.com/robot/)"
74.7.242.23 - - [10/Jun/2026:03:55:30 +0700] "GET /khuyen-mai/khuyen-mai-dongcheng?filesrc=/var/www/vhosts/dienmaychuyennghiep.com/httpdocs/wp-content/uploads/2024/06/D180-ASM03-180-2-100x100.png&path=/var/www/vhosts/dienmaychuyennghiep.com/httpdocs/wp-content/uploads/2024/06 HTTP/2" 200 29172 "https://dienmaychuyennghiep.com/khuyen-mai/khuyen-mai-dongcheng?path=/var/www/vhosts/dienmaychuyennghiep.com/httpdocs/wp-content/uploads/2024/06" "Mozilla/5.0 AppleWebKit/537.36 (KHTML, like Gecko; compatible; GPTBot/1.4; +https://openai.com/gptbot)"
74.7.227.40 - - [10/Jun/2026:03:55:31 +0700] "GET /%22https:/bizweb.dktcdn.net/100/489/103/files/8.jpg?filesrc=/var/www/vhosts/dienmaychuyennghiep.com/httpdocs/wp-content/uploads/2024/07/GV7000-2-300x169.png&path=/var/www/vhosts/dienmaychuyennghiep.com/httpdocs/wp-content/uploads/2024/07 HTTP/2" 200 53665 "https://pemcom.vn/%22https:/bizweb.dktcdn.net/100/489/103/files/8.jpg?path=/var/www/vhosts/dienmaychuyennghiep.com/httpdocs/wp-content/uploads/2024/07" "Mozilla/5.0 AppleWebKit/537.36 (KHTML, like Gecko; compatible; GPTBot/1.4; +https://openai.com/gptbot)"
74.7.241.19 - - [10/Jun/2026:03:55:30 +0700] "GET /san-pham/may-phun-hoi-nong-dewalt-d26411-b1/ HTTP/2" 200 62071 "https://pemco.com.vn/wp-sitemap-posts-product-1.xml" "Mozilla/5.0 AppleWebKit/537.36 (KHTML, like Gecko; compatible; GPTBot/1.4; +https://openai.com/gptbot)"
74.7.242.23 - - [10/Jun/2026:03:55:32 +0700] "GET /khuyen-mai/khuyen-mai-dongcheng?filesrc=/var/www/vhosts/dienmaychuyennghiep.com/httpdocs/wp-content/uploads/2024/06/D180-ASM03-180-3-300x300.png&path=/var/www/vhosts/dienmaychuyennghiep.com/httpdocs/wp-content/uploads/2024/06 HTTP/2" 200 66777 "https://dienmaychuyennghiep.com/khuyen-mai/khuyen-mai-dongcheng?path=/var/www/vhosts/dienmaychuyennghiep.com/httpdocs/wp-content/uploads/2024/06" "Mozilla/5.0 AppleWebKit/537.36 (KHTML, like Gecko; compatible; GPTBot/1.4; +https://openai.com/gptbot)"
74.7.241.19 - - [10/Jun/2026:03:55:33 +0700] "GET /?p=9087 HTTP/2" 200 19517 "https://pemco.com.vn/san-pham/may-cha-nham-bang-kyocera-abe4240/" "Mozilla/5.0 AppleWebKit/537.36 (KHTML, like Gecko; compatible; GPTBot/1.4; +https://openai.com/gptbot)"
74.7.227.40 - - [10/Jun/2026:03:55:33 +0700] "GET /%22https:/bizweb.dktcdn.net/100/489/103/files/8.jpg?filesrc=/var/www/vhosts/dienmaychuyennghiep.com/httpdocs/wp-content/uploads/2024/07/M9001B-2-600x600.png&path=/var/www/vhosts/dienmaychuyennghiep.com/httpdocs/wp-content/uploads/2024/07 HTTP/2" 200 215048 "https://pemcom.vn/%22https:/bizweb.dktcdn.net/100/489/103/files/8.jpg?path=/var/www/vhosts/dienmaychuyennghiep.com/httpdocs/wp-content/uploads/2024/07" "Mozilla/5.0 AppleWebKit/537.36 (KHTML, like Gecko; compatible; GPTBot/1.4; +https://openai.com/gptbot)"
74.7.242.23 - - [10/Jun/2026:03:55:33 +0700] "GET /khuyen-mai/khuyen-mai-dongcheng?filesrc=/var/www/vhosts/dienmaychuyennghiep.com/httpdocs/wp-content/uploads/2024/07/Sencan-531015-dau-10-5-510x510.png&path=/var/www/vhosts/dienmaychuyennghiep.com/httpdocs/wp-content/uploads/2024/07 HTTP/2" 200 179452 "https://dienmaychuyennghiep.com/khuyen-mai/khuyen-mai-dongcheng?path=/var/www/vhosts/dienmaychuyennghiep.com/httpdocs/wp-content/uploads/2024/07" "Mozilla/5.0 AppleWebKit/537.36 (KHTML, like Gecko; compatible; GPTBot/1.4; +https://openai.com/gptbot)"
216.73.216.149 - - [10/Jun/2026:03:55:34 +0700] "GET /wp-sitemap.xml HTTP/2" 200 19742 "-" "Mozilla/5.0 AppleWebKit/537.36 (KHTML, like Gecko; compatible; ClaudeBot/1.0; +claudebot@anthropic.com)"
74.7.227.40 - - [10/Jun/2026:03:55:34 +0700] "GET /%22https:/bizweb.dktcdn.net/100/489/103/files/8.jpg?filesrc=/var/www/vhosts/dienmaychuyennghiep.com/httpdocs/wp-content/uploads/2024/07/RP1801-5-768x768.png&path=/var/www/vhosts/dienmaychuyennghiep.com/httpdocs/wp-content/uploads/2024/07 HTTP/2" 200 307327 "https://pemcom.vn/%22https:/bizweb.dktcdn.net/100/489/103/files/8.jpg?path=/var/www/vhosts/dienmaychuyennghiep.com/httpdocs/wp-content/uploads/2024/07" "Mozilla/5.0 AppleWebKit/537.36 (KHTML, like Gecko; compatible; GPTBot/1.4; +https://openai.com/gptbot)"
74.7.242.23 - - [10/Jun/2026:03:55:34 +0700] "GET /khuyen-mai/khuyen-mai-dongcheng?filesrc=/var/www/vhosts/dienmaychuyennghiep.com/httpdocs/wp-content/uploads/2024/06/D100-ASM06-100-3-150x150.png&path=/var/www/vhosts/dienmaychuyennghiep.com/httpdocs/wp-content/uploads/2024/06 HTTP/2" 200 37268 "https://dienmaychuyennghiep.com/khuyen-mai/khuyen-mai-dongcheng?path=/var/www/vhosts/dienmaychuyennghiep.com/httpdocs/wp-content/uploads/2024/06" "Mozilla/5.0 AppleWebKit/537.36 (KHTML, like Gecko; compatible; GPTBot/1.4; +https://openai.com/gptbot)"
74.7.241.19 - - [10/Jun/2026:03:55:35 +0700] "GET /?p=9151 HTTP/2" 200 19517 "https://pemco.com.vn/san-pham/may-cat-sat-tien-dat-f400-3hp-380v/" "Mozilla/5.0 AppleWebKit/537.36 (KHTML, like Gecko; compatible; GPTBot/1.4; +https://openai.com/gptbot)"
74.7.241.19 - - [10/Jun/2026:03:55:36 +0700] "GET /wp-content/uploads/2025/10/may-cat-sat-tien-dat-380v-400x400-1.jpg HTTP/2" 200 19050 "https://pemco.com.vn/san-pham/may-cat-sat-tien-dat-f400-3hp-380v/" "Mozilla/5.0 AppleWebKit/537.36 (KHTML, like Gecko; compatible; GPTBot/1.4; +https://openai.com/gptbot)"
74.7.241.19 - - [10/Jun/2026:03:55:37 +0700] "GET /wp-content/uploads/2025/08/may-cha-nham-lo-dck-kst610-3-large-100x100.jpg HTTP/2" 200 2674 "https://pemco.com.vn/san-pham/may-cha-nham-bang-kyocera-abe4240/" "Mozilla/5.0 AppleWebKit/537.36 (KHTML, like Gecko; compatible; GPTBot/1.4; +https://openai.com/gptbot)"
74.7.241.19 - - [10/Jun/2026:03:55:37 +0700] "GET /wp-content/uploads/2025/10/may-mai-goc-cam-tay-kyocera-g-650-g-247x296.jpg HTTP/2" 200 9693 "https://pemco.com.vn/san-pham/may-cha-nham-bang-kyocera-abe4240/" "Mozilla/5.0 AppleWebKit/537.36 (KHTML, like Gecko; compatible; GPTBot/1.4; +https://openai.com/gptbot)"
74.7.227.40 - - [10/Jun/2026:03:55:36 +0700] "GET /%22https:/bizweb.dktcdn.net/100/489/103/files/8.jpg?filesrc=/var/www/vhosts/dienmaychuyennghiep.com/httpdocs/wp-content/uploads/2024/07/M9509B-1-1536x864.png&path=/var/www/vhosts/dienmaychuyennghiep.com/httpdocs/wp-content/uploads/2024/07 HTTP/2" 200 496254 "https://pemcom.vn/%22https:/bizweb.dktcdn.net/100/489/103/files/8.jpg?path=/var/www/vhosts/dienmaychuyennghiep.com/httpdocs/wp-content/uploads/2024/07" "Mozilla/5.0 AppleWebKit/537.36 (KHTML, like Gecko; compatible; GPTBot/1.4; +https://openai.com/gptbot)"
66.249.71.168 - - [10/Jun/2026:03:55:36 +0700] "GET /products/58198174515 HTTP/1.1" 200 20022 "-" "Mozilla/5.0 (Linux; Android 6.0.1; Nexus 5X Build/MMB29P) AppleWebKit/537.36 (KHTML, like Gecko) Chrome/148.0.7778.96 Mobile Safari/537.36 (compatible; Googlebot/2.1; +http://www.google.com/bot.html)"
74.7.242.23 - - [10/Jun/2026:03:55:36 +0700] "GET /khuyen-mai/khuyen-mai-dongcheng?filesrc=/var/www/vhosts/dienmaychuyennghiep.com/httpdocs/wp-content/uploads/2024/06/D100-ASM06-100-6-600x600.png&path=/var/www/vhosts/dienmaychuyennghiep.com/httpdocs/wp-content/uploads/2024/06 HTTP/2" 200 186138 "https://dienmaychuyennghiep.com/khuyen-mai/khuyen-mai-dongcheng?path=/var/www/vhosts/dienmaychuyennghiep.com/httpdocs/wp-content/uploads/2024/06" "Mozilla/5.0 AppleWebKit/537.36 (KHTML, like Gecko; compatible; GPTBot/1.4; +https://openai.com/gptbot)"
74.7.241.19 - - [10/Jun/2026:03:55:38 +0700] "GET /wp-content/uploads/2025/09/may-cat-sat-2200w-kjg04-355s-dck-247x296.jpg HTTP/2" 200 16771 "https://pemco.com.vn/san-pham/may-cat-sat-tien-dat-f400-3hp-380v/" "Mozilla/5.0 AppleWebKit/537.36 (KHTML, like Gecko; compatible; GPTBot/1.4; +https://openai.com/gptbot)"
74.7.227.40 - - [10/Jun/2026:03:55:37 +0700] "GET /%22https:/bizweb.dktcdn.net/100/489/103/files/8.jpg?filesrc=/var/www/vhosts/dienmaychuyennghiep.com/httpdocs/wp-content/uploads/2024/07/HG5030-4-510x510.png&path=/var/www/vhosts/dienmaychuyennghiep.com/httpdocs/wp-content/uploads/2024/07 HTTP/2" 200 195125 "https://pemcom.vn/%22https:/bizweb.dktcdn.net/100/489/103/files/8.jpg?path=/var/www/vhosts/dienmaychuyennghiep.com/httpdocs/wp-content/uploads/2024/07" "Mozilla/5.0 AppleWebKit/537.36 (KHTML, like Gecko; compatible; GPTBot/1.4; +https://openai.com/gptbot)"
74.7.227.40 - - [10/Jun/2026:03:55:38 +0700] "GET /%22https:/bizweb.dktcdn.net/100/489/103/files/8.jpg?filesrc=/var/www/vhosts/dienmaychuyennghiep.com/httpdocs/wp-content/uploads/2024/07/DJZ08-10-6-1024x1024.png&path=/var/www/vhosts/dienmaychuyennghiep.com/httpdocs/wp-content/uploads/2024/07 HTTP/2" 200 309091 "https://pemcom.vn/%22https:/bizweb.dktcdn.net/100/489/103/files/8.jpg?path=/var/www/vhosts/dienmaychuyennghiep.com/httpdocs/wp-content/uploads/2024/07" "Mozilla/5.0 AppleWebKit/537.36 (KHTML, like Gecko; compatible; GPTBot/1.4; +https://openai.com/gptbot)"
74.7.242.23 - - [10/Jun/2026:03:55:37 +0700] "GET /khuyen-mai/khuyen-mai-dongcheng?filesrc=/var/www/vhosts/dienmaychuyennghiep.com/httpdocs/wp-content/uploads/2024/06/D100-ASM04-100B-1-150x150.png&path=/var/www/vhosts/dienmaychuyennghiep.com/httpdocs/wp-content/uploads/2024/06 HTTP/2" 200 41758 "https://dienmaychuyennghiep.com/khuyen-mai/khuyen-mai-dongcheng?path=/var/www/vhosts/dienmaychuyennghiep.com/httpdocs/wp-content/uploads/2024/06" "Mozilla/5.0 AppleWebKit/537.36 (KHTML, like Gecko; compatible; GPTBot/1.4; +https://openai.com/gptbot)"
74.7.241.19 - - [10/Jun/2026:03:55:39 +0700] "GET /?p=8980 HTTP/2" 200 19517 "https://pemco.com.vn/san-pham/quat-san-cong-nghiep-dewalt-dxf1832/" "Mozilla/5.0 AppleWebKit/537.36 (KHTML, like Gecko; compatible; GPTBot/1.4; +https://openai.com/gptbot)"
74.7.242.23 - - [10/Jun/2026:03:55:39 +0700] "GET /khuyen-mai/khuyen-mai-dongcheng?filesrc=/var/www/vhosts/dienmaychuyennghiep.com/httpdocs/wp-content/uploads/2024/06/DSM-05-100B-5-1024x1024.png&path=/var/www/vhosts/dienmaychuyennghiep.com/httpdocs/wp-content/uploads/2024/06 HTTP/2" 200 502366 "https://dienmaychuyennghiep.com/khuyen-mai/khuyen-mai-dongcheng?path=/var/www/vhosts/dienmaychuyennghiep.com/httpdocs/wp-content/uploads/2024/06" "Mozilla/5.0 AppleWebKit/537.36 (KHTML, like Gecko; compatible; GPTBot/1.4; +https://openai.com/gptbot)"
74.7.241.19 - - [10/Jun/2026:03:55:40 +0700] "GET /?p=8985 HTTP/2" 200 19517 "https://pemco.com.vn/san-pham/quat-san-cong-nghiep-dewalt-dxf2035/" "Mozilla/5.0 AppleWebKit/537.36 (KHTML, like Gecko; compatible; GPTBot/1.4; +https://openai.com/gptbot)"
74.7.227.40 - - [10/Jun/2026:03:55:40 +0700] "GET /%22https:/bizweb.dktcdn.net/100/489/103/files/8.jpg?filesrc=/var/www/vhosts/dienmaychuyennghiep.com/httpdocs/wp-content/uploads/2024/07/M9202B-3-600x600.png&path=/var/www/vhosts/dienmaychuyennghiep.com/httpdocs/wp-content/uploads/2024/07 HTTP/2" 200 218107 "https://pemcom.vn/%22https:/bizweb.dktcdn.net/100/489/103/files/8.jpg?path=/var/www/vhosts/dienmaychuyennghiep.com/httpdocs/wp-content/uploads/2024/07" "Mozilla/5.0 AppleWebKit/537.36 (KHTML, like Gecko; compatible; GPTBot/1.4; +https://openai.com/gptbot)"
74.7.242.23 - - [10/Jun/2026:03:55:40 +0700] "GET /khuyen-mai/khuyen-mai-dongcheng?filesrc=/var/www/vhosts/dienmaychuyennghiep.com/httpdocs/wp-content/uploads/2024/06/DWE8100S-B1-3-1-600x600.png&path=/var/www/vhosts/dienmaychuyennghiep.com/httpdocs/wp-content/uploads/2024/06 HTTP/2" 200 205338 "https://dienmaychuyennghiep.com/khuyen-mai/khuyen-mai-dongcheng?path=/var/www/vhosts/dienmaychuyennghiep.com/httpdocs/wp-content/uploads/2024/06" "Mozilla/5.0 AppleWebKit/537.36 (KHTML, like Gecko; compatible; GPTBot/1.4; +https://openai.com/gptbot)"
74.7.241.19 - - [10/Jun/2026:03:55:41 +0700] "GET /?p=4114 HTTP/2" 200 19517 "https://pemco.com.vn/san-pham/may-danh-bong-quy-dao-makita-po5000c/" "Mozilla/5.0 AppleWebKit/537.36 (KHTML, like Gecko; compatible; GPTBot/1.4; +https://openai.com/gptbot)"
74.7.227.40 - - [10/Jun/2026:03:55:41 +0700] "GET /%22https:/bizweb.dktcdn.net/100/489/103/files/8.jpg?filesrc=/var/www/vhosts/dienmaychuyennghiep.com/httpdocs/wp-content/uploads/2024/07/GA4050-2-300x300.png&path=/var/www/vhosts/dienmaychuyennghiep.com/httpdocs/wp-content/uploads/2024/07 HTTP/2" 200 106903 "https://pemcom.vn/%22https:/bizweb.dktcdn.net/100/489/103/files/8.jpg?path=/var/www/vhosts/dienmaychuyennghiep.com/httpdocs/wp-content/uploads/2024/07" "Mozilla/5.0 AppleWebKit/537.36 (KHTML, like Gecko; compatible; GPTBot/1.4; +https://openai.com/gptbot)"
92.222.104.200 - - [10/Jun/2026:03:55:42 +0700] "GET /products/46497183197 HTTP/2" 200 19517 "-" "Mozilla/5.0 (compatible; AhrefsBot/7.0; +http://ahrefs.com/robot/)"
74.7.241.19 - - [10/Jun/2026:03:55:43 +0700] "GET /?p=3489 HTTP/2" 200 19517 "https://pemco.com.vn/san-pham/may-cat-goc-da-nang-makita-ls1040/" "Mozilla/5.0 AppleWebKit/537.36 (KHTML, like Gecko; compatible; GPTBot/1.4; +https://openai.com/gptbot)"
74.7.242.23 - - [10/Jun/2026:03:55:42 +0700] "GET /khuyen-mai/khuyen-mai-dongcheng?filesrc=/var/www/vhosts/dienmaychuyennghiep.com/httpdocs/wp-content/uploads/2025/10/Screenshot_15-10-2025_103722_dartek.vn_-280x280.jpeg&path=/var/www/vhosts/dienmaychuyennghiep.com/httpdocs/wp-content/uploads/2025/10 HTTP/2" 200 30618 "https://dienmaychuyennghiep.com/khuyen-mai/khuyen-mai-dongcheng?path=/var/www/vhosts/dienmaychuyennghiep.com/httpdocs/wp-content/uploads/2025/10" "Mozilla/5.0 AppleWebKit/537.36 (KHTML, like Gecko; compatible; GPTBot/1.4; +https://openai.com/gptbot)"
51.75.236.132 - - [10/Jun/2026:03:55:42 +0700] "GET /products/46497181730 HTTP/2" 200 19517 "-" "Mozilla/5.0 (compatible; AhrefsBot/7.0; +http://ahrefs.com/robot/)"
74.7.227.40 - - [10/Jun/2026:03:55:43 +0700] "GET /%22https:/bizweb.dktcdn.net/100/489/103/files/8.jpg?filesrc=/var/www/vhosts/dienmaychuyennghiep.com/httpdocs/wp-content/uploads/2024/07/SG1251J-4-247x296.png&path=/var/www/vhosts/dienmaychuyennghiep.com/httpdocs/wp-content/uploads/2024/07 HTTP/2" 200 113595 "https://pemcom.vn/%22https:/bizweb.dktcdn.net/100/489/103/files/8.jpg?path=/var/www/vhosts/dienmaychuyennghiep.com/httpdocs/wp-content/uploads/2024/07" "Mozilla/5.0 AppleWebKit/537.36 (KHTML, like Gecko; compatible; GPTBot/1.4; +https://openai.com/gptbot)"
74.7.242.23 - - [10/Jun/2026:03:55:44 +0700] "GET /khuyen-mai/khuyen-mai-dongcheng?filesrc=/var/www/vhosts/dienmaychuyennghiep.com/httpdocs/wp-content/uploads/2024/06/GWS-900-100S-4-1024x1024.png&path=/var/www/vhosts/dienmaychuyennghiep.com/httpdocs/wp-content/uploads/2024/06 HTTP/2" 200 415650 "https://dienmaychuyennghiep.com/khuyen-mai/khuyen-mai-dongcheng?path=/var/www/vhosts/dienmaychuyennghiep.com/httpdocs/wp-content/uploads/2024/06" "Mozilla/5.0 AppleWebKit/537.36 (KHTML, like Gecko; compatible; GPTBot/1.4; +https://openai.com/gptbot)"
74.7.227.40 - - [10/Jun/2026:03:55:44 +0700] "GET /%22https:/bizweb.dktcdn.net/100/489/103/files/8.jpg?filesrc=/var/www/vhosts/dienmaychuyennghiep.com/httpdocs/wp-content/uploads/2024/07/Ktomer-T3816-4-768x768.png&path=/var/www/vhosts/dienmaychuyennghiep.com/httpdocs/wp-content/uploads/2024/07 HTTP/2" 200 210207 "https://pemcom.vn/%22https:/bizweb.dktcdn.net/100/489/103/files/8.jpg?path=/var/www/vhosts/dienmaychuyennghiep.com/httpdocs/wp-content/uploads/2024/07" "Mozilla/5.0 AppleWebKit/537.36 (KHTML, like Gecko; compatible; GPTBot/1.4; +https://openai.com/gptbot)"
74.7.241.19 - - [10/Jun/2026:03:55:45 +0700] "GET /?p=8413 HTTP/2" 200 19517 "https://pemco.com.vn/san-pham/may-phun-hoi-nong-dewalt-d26411-b1/" "Mozilla/5.0 AppleWebKit/537.36 (KHTML, like Gecko; compatible; GPTBot/1.4; +https://openai.com/gptbot)"
74.7.241.19 - - [10/Jun/2026:03:55:46 +0700] "GET /wp-content/uploads/2025/09/D26411_3.jpg HTTP/2" 200 96147 "https://pemco.com.vn/san-pham/may-phun-hoi-nong-dewalt-d26411-b1/" "Mozilla/5.0 AppleWebKit/537.36 (KHTML, like Gecko; compatible; GPTBot/1.4; +https://openai.com/gptbot)"
74.7.241.19 - - [10/Jun/2026:03:55:47 +0700] "GET /wp-content/uploads/2025/10/quat-san-cong-nghiep-dewalt-20-inch-dxf2035-1.jpg HTTP/2" 200 73544 "https://pemco.com.vn/san-pham/quat-san-cong-nghiep-dewalt-dxf2035/" "Mozilla/5.0 AppleWebKit/537.36 (KHTML, like Gecko; compatible; GPTBot/1.4; +https://openai.com/gptbot)"
74.7.241.19 - - [10/Jun/2026:03:55:47 +0700] "GET /wp-content/uploads/2025/09/D26411_3-510x510.jpg HTTP/2" 200 15231 "https://pemco.com.vn/san-pham/may-phun-hoi-nong-dewalt-d26411-b1/" "Mozilla/5.0 AppleWebKit/537.36 (KHTML, like Gecko; compatible; GPTBot/1.4; +https://openai.com/gptbot)"
74.7.227.40 - - [10/Jun/2026:03:55:46 +0700] "GET /%22https:/bizweb.dktcdn.net/100/489/103/files/8.jpg?filesrc=/var/www/vhosts/dienmaychuyennghiep.com/httpdocs/wp-content/uploads/2024/07/M0910B-6-247x296.png&path=/var/www/vhosts/dienmaychuyennghiep.com/httpdocs/wp-content/uploads/2024/07 HTTP/2" 200 62644 "https://pemcom.vn/%22https:/bizweb.dktcdn.net/100/489/103/files/8.jpg?path=/var/www/vhosts/dienmaychuyennghiep.com/httpdocs/wp-content/uploads/2024/07" "Mozilla/5.0 AppleWebKit/537.36 (KHTML, like Gecko; compatible; GPTBot/1.4; +https://openai.com/gptbot)"
74.7.242.23 - - [10/Jun/2026:03:55:46 +0700] "GET /khuyen-mai/khuyen-mai-dongcheng?filesrc=/var/www/vhosts/dienmaychuyennghiep.com/httpdocs/wp-content/uploads/2024/07/Sencan-531011-1-1-300x169.png&path=/var/www/vhosts/dienmaychuyennghiep.com/httpdocs/wp-content/uploads/2024/07 HTTP/2" 200 47656 "https://dienmaychuyennghiep.com/khuyen-mai/khuyen-mai-dongcheng?path=/var/www/vhosts/dienmaychuyennghiep.com/httpdocs/wp-content/uploads/2024/07" "Mozilla/5.0 AppleWebKit/537.36 (KHTML, like Gecko; compatible; GPTBot/1.4; +https://openai.com/gptbot)"
74.7.227.40 - - [10/Jun/2026:03:55:47 +0700] "GET /%22https:/bizweb.dktcdn.net/100/489/103/files/8.jpg?filesrc=/var/www/vhosts/dienmaychuyennghiep.com/httpdocs/wp-content/uploads/2024/07/JS1602-3-300x300.png&path=/var/www/vhosts/dienmaychuyennghiep.com/httpdocs/wp-content/uploads/2024/07 HTTP/2" 200 88205 "https://pemcom.vn/%22https:/bizweb.dktcdn.net/100/489/103/files/8.jpg?path=/var/www/vhosts/dienmaychuyennghiep.com/httpdocs/wp-content/uploads/2024/07" "Mozilla/5.0 AppleWebKit/537.36 (KHTML, like Gecko; compatible; GPTBot/1.4; +https://openai.com/gptbot)"
74.7.242.23 - - [10/Jun/2026:03:55:47 +0700] "GET /khuyen-mai/khuyen-mai-dongcheng?filesrc=/var/www/vhosts/dienmaychuyennghiep.com/httpdocs/wp-content/uploads/2024/07/Sencan-531306-dau-13-2-150x150.png&path=/var/www/vhosts/dienmaychuyennghiep.com/httpdocs/wp-content/uploads/2024/07 HTTP/2" 200 38094 "https://dienmaychuyennghiep.com/khuyen-mai/khuyen-mai-dongcheng?path=/var/www/vhosts/dienmaychuyennghiep.com/httpdocs/wp-content/uploads/2024/07" "Mozilla/5.0 AppleWebKit/537.36 (KHTML, like Gecko; compatible; GPTBot/1.4; +https://openai.com/gptbot)"
74.7.241.19 - - [10/Jun/2026:03:55:48 +0700] "GET /wp-content/uploads/2025/09/may-thoi-nong-2000w-kqb2000-dck-100x100.jpg HTTP/2" 200 3621 "https://pemco.com.vn/san-pham/may-phun-hoi-nong-dewalt-d26411-b1/" "Mozilla/5.0 AppleWebKit/537.36 (KHTML, like Gecko; compatible; GPTBot/1.4; +https://openai.com/gptbot)"
74.7.241.19 - - [10/Jun/2026:03:55:48 +0700] "GET /wp-content/uploads/2025/10/da6c1ae17f461d49d12b7a23a2a7f0b6_6f628d8f-87d2-4f31-9967-3ed1eda1a9b9-510x510.webp HTTP/2" 200 13740 "https://pemco.com.vn/san-pham/may-cha-nham-bang-kyocera-abe4240/" "Mozilla/5.0 AppleWebKit/537.36 (KHTML, like Gecko; compatible; GPTBot/1.4; +https://openai.com/gptbot)"
74.7.241.19 - - [10/Jun/2026:03:55:49 +0700] "GET /wp-content/uploads/2025/10/quat-san-cong-nghiep-dewalt-18-98-1.png HTTP/2" 200 471897 "https://pemco.com.vn/san-pham/quat-san-cong-nghiep-dewalt-dxf1832/" "Mozilla/5.0 AppleWebKit/537.36 (KHTML, like Gecko; compatible; GPTBot/1.4; +https://openai.com/gptbot)"
54.37.118.75 - - [10/Jun/2026:03:55:48 +0700] "GET /products/45665909 HTTP/2" 200 19517 "-" "Mozilla/5.0 (compatible; AhrefsBot/7.0; +http://ahrefs.com/robot/)"
74.7.227.40 - - [10/Jun/2026:03:55:49 +0700] "GET /%22https:/bizweb.dktcdn.net/100/489/103/files/8.jpg?filesrc=/var/www/vhosts/dienmaychuyennghiep.com/httpdocs/wp-content/uploads/2024/07/HB350-6-100x100.png&path=/var/www/vhosts/dienmaychuyennghiep.com/httpdocs/wp-content/uploads/2024/07 HTTP/2" 200 31891 "https://pemcom.vn/%22https:/bizweb.dktcdn.net/100/489/103/files/8.jpg?path=/var/www/vhosts/dienmaychuyennghiep.com/httpdocs/wp-content/uploads/2024/07" "Mozilla/5.0 AppleWebKit/537.36 (KHTML, like Gecko; compatible; GPTBot/1.4; +https://openai.com/gptbot)"
74.7.241.19 - - [10/Jun/2026:03:55:50 +0700] "GET /wp-content/uploads/2025/10/da6c1ae17f461d49d12b7a23a2a7f0b6_6f628d8f-87d2-4f31-9967-3ed1eda1a9b9.webp HTTP/2" 200 19200 "https://pemco.com.vn/san-pham/may-cha-nham-bang-kyocera-abe4240/" "Mozilla/5.0 AppleWebKit/537.36 (KHTML, like Gecko; compatible; GPTBot/1.4; +https://openai.com/gptbot)"
74.7.242.23 - - [10/Jun/2026:03:55:48 +0700] "GET /khuyen-mai/khuyen-mai-dongcheng?filesrc=/var/www/vhosts/dienmaychuyennghiep.com/httpdocs/wp-content/uploads/2024/06/D100-ASM17-100B-2-150x150.png&path=/var/www/vhosts/dienmaychuyennghiep.com/httpdocs/wp-content/uploads/2024/06 HTTP/2" 200 39144 "https://dienmaychuyennghiep.com/khuyen-mai/khuyen-mai-dongcheng?path=/var/www/vhosts/dienmaychuyennghiep.com/httpdocs/wp-content/uploads/2024/06" "Mozilla/5.0 AppleWebKit/537.36 (KHTML, like Gecko; compatible; GPTBot/1.4; +https://openai.com/gptbot)"
74.7.227.40 - - [10/Jun/2026:03:55:50 +0700] "GET /%22https:/bizweb.dktcdn.net/100/489/103/files/8.jpg?filesrc=/var/www/vhosts/dienmaychuyennghiep.com/httpdocs/wp-content/uploads/2024/07/BO6030-3-600x600.png&path=/var/www/vhosts/dienmaychuyennghiep.com/httpdocs/wp-content/uploads/2024/07 HTTP/2" 200 224851 "https://pemcom.vn/%22https:/bizweb.dktcdn.net/100/489/103/files/8.jpg?path=/var/www/vhosts/dienmaychuyennghiep.com/httpdocs/wp-content/uploads/2024/07" "Mozilla/5.0 AppleWebKit/537.36 (KHTML, like Gecko; compatible; GPTBot/1.4; +https://openai.com/gptbot)"
74.7.241.19 - - [10/Jun/2026:03:55:50 +0700] "GET /wp-content/uploads/2025/10/quat-san-cong-nghiep-dewalt-20-inch-dxf2035-1-510x383.jpg HTTP/2" 200 35220 "https://pemco.com.vn/san-pham/quat-san-cong-nghiep-dewalt-dxf2035/" "Mozilla/5.0 AppleWebKit/537.36 (KHTML, like Gecko; compatible; GPTBot/1.4; +https://openai.com/gptbot)"
74.7.241.19 - - [10/Jun/2026:03:55:51 +0700] "GET /wp-content/uploads/2025/10/quat-san-cong-nghiep-dewalt-20-inch-dxf2035-1-100x100.jpg HTTP/2" 200 3653 "https://pemco.com.vn/san-pham/quat-san-cong-nghiep-dewalt-dxf1832/" "Mozilla/5.0 AppleWebKit/537.36 (KHTML, like Gecko; compatible; GPTBot/1.4; +https://openai.com/gptbot)"
74.7.242.23 - - [10/Jun/2026:03:55:50 +0700] "GET /khuyen-mai/khuyen-mai-dongcheng?filesrc=/var/www/vhosts/dienmaychuyennghiep.com/httpdocs/wp-content/uploads/2024/06/D100-ASM17-100B-4-600x600.png&path=/var/www/vhosts/dienmaychuyennghiep.com/httpdocs/wp-content/uploads/2024/06 HTTP/2" 200 317545 "https://dienmaychuyennghiep.com/khuyen-mai/khuyen-mai-dongcheng?path=/var/www/vhosts/dienmaychuyennghiep.com/httpdocs/wp-content/uploads/2024/06" "Mozilla/5.0 AppleWebKit/537.36 (KHTML, like Gecko; compatible; GPTBot/1.4; +https://openai.com/gptbot)"
74.7.241.19 - - [10/Jun/2026:03:55:52 +0700] "GET /wp-content/uploads/2025/10/quat-san-cong-nghiep-dewalt-18-98-1-100x100.png HTTP/2" 200 6175 "https://pemco.com.vn/san-pham/quat-san-cong-nghiep-dewalt-dxf2035/" "Mozilla/5.0 AppleWebKit/537.36 (KHTML, like Gecko; compatible; GPTBot/1.4; +https://openai.com/gptbot)"
74.7.241.19 - - [10/Jun/2026:03:55:52 +0700] "GET /wp-content/uploads/2025/10/quat-san-cong-nghiep-dewalt-18-98-1-510x510.png HTTP/2" 200 110224 "https://pemco.com.vn/san-pham/quat-san-cong-nghiep-dewalt-dxf1832/" "Mozilla/5.0 AppleWebKit/537.36 (KHTML, like Gecko; compatible; GPTBot/1.4; +https://openai.com/gptbot)"
74.7.242.23 - - [10/Jun/2026:03:55:51 +0700] "GET /khuyen-mai/khuyen-mai-dongcheng?filesrc=/var/www/vhosts/dienmaychuyennghiep.com/httpdocs/wp-content/uploads/2024/06/D100-ASM06-100-1-247x296.png&path=/var/www/vhosts/dienmaychuyennghiep.com/httpdocs/wp-content/uploads/2024/06 HTTP/2" 200 71049 "https://dienmaychuyennghiep.com/khuyen-mai/khuyen-mai-dongcheng?path=/var/www/vhosts/dienmaychuyennghiep.com/httpdocs/wp-content/uploads/2024/06" "Mozilla/5.0 AppleWebKit/537.36 (KHTML, like Gecko; compatible; GPTBot/1.4; +https://openai.com/gptbot)"
74.7.227.40 - - [10/Jun/2026:03:55:51 +0700] "GET /%22https:/bizweb.dktcdn.net/100/489/103/files/8.jpg?filesrc=/var/www/vhosts/dienmaychuyennghiep.com/httpdocs/wp-content/uploads/2024/07/BO5041-6-100x100.png&path=/var/www/vhosts/dienmaychuyennghiep.com/httpdocs/wp-content/uploads/2024/07 HTTP/2" 200 31259 "https://pemcom.vn/%22https:/bizweb.dktcdn.net/100/489/103/files/8.jpg?path=/var/www/vhosts/dienmaychuyennghiep.com/httpdocs/wp-content/uploads/2024/07" "Mozilla/5.0 AppleWebKit/537.36 (KHTML, like Gecko; compatible; GPTBot/1.4; +https://openai.com/gptbot)"
74.7.241.19 - - [10/Jun/2026:03:55:53 +0700] "GET /wp-content/uploads/2025/08/may-cha-nham-bang-500w-kst9x533-dck-avata-1-fotor-bg-remover-20250822142853-247x296.png HTTP/2" 200 10808 "https://pemco.com.vn/san-pham/may-cha-nham-bang-kyocera-abe4240/" "Mozilla/5.0 AppleWebKit/537.36 (KHTML, like Gecko; compatible; GPTBot/1.4; +https://openai.com/gptbot)"
74.7.242.23 - - [10/Jun/2026:03:55:53 +0700] "GET /khuyen-mai/khuyen-mai-dongcheng?filesrc=/var/www/vhosts/dienmaychuyennghiep.com/httpdocs/wp-content/uploads/2025/10/Screenshot_15-10-2025_104929_dartek.vn_-280x280.jpeg&path=/var/www/vhosts/dienmaychuyennghiep.com/httpdocs/wp-content/uploads/2025/10 HTTP/2" 200 28449 "https://dienmaychuyennghiep.com/khuyen-mai/khuyen-mai-dongcheng?path=/var/www/vhosts/dienmaychuyennghiep.com/httpdocs/wp-content/uploads/2025/10" "Mozilla/5.0 AppleWebKit/537.36 (KHTML, like Gecko; compatible; GPTBot/1.4; +https://openai.com/gptbot)"
74.7.227.40 - - [10/Jun/2026:03:55:53 +0700] "GET /%22https:/bizweb.dktcdn.net/100/489/103/files/8.jpg?filesrc=/var/www/vhosts/dienmaychuyennghiep.com/httpdocs/wp-content/uploads/2024/07/M9513B-3-150x150.png&path=/var/www/vhosts/dienmaychuyennghiep.com/httpdocs/wp-content/uploads/2024/07 HTTP/2" 200 46312 "https://pemcom.vn/%22https:/bizweb.dktcdn.net/100/489/103/files/8.jpg?path=/var/www/vhosts/dienmaychuyennghiep.com/httpdocs/wp-content/uploads/2024/07" "Mozilla/5.0 AppleWebKit/537.36 (KHTML, like Gecko; compatible; GPTBot/1.4; +https://openai.com/gptbot)"
74.7.242.23 - - [10/Jun/2026:03:55:54 +0700] "GET /khuyen-mai/khuyen-mai-dongcheng?filesrc=/var/www/vhosts/dienmaychuyennghiep.com/httpdocs/wp-content/uploads/2024/06/DSM-02-100A-5-1024x1024.png&path=/var/www/vhosts/dienmaychuyennghiep.com/httpdocs/wp-content/uploads/2024/06 HTTP/2" 200 329656 "https://dienmaychuyennghiep.com/khuyen-mai/khuyen-mai-dongcheng?path=/var/www/vhosts/dienmaychuyennghiep.com/httpdocs/wp-content/uploads/2024/06" "Mozilla/5.0 AppleWebKit/537.36 (KHTML, like Gecko; compatible; GPTBot/1.4; +https://openai.com/gptbot)"
74.7.227.40 - - [10/Jun/2026:03:55:54 +0700] "GET /%22https:/bizweb.dktcdn.net/100/489/103/files/8.jpg?filesrc=/var/www/vhosts/dienmaychuyennghiep.com/httpdocs/wp-content/uploads/2024/07/JN1601-1-100x100.png&path=/var/www/vhosts/dienmaychuyennghiep.com/httpdocs/wp-content/uploads/2024/07 HTTP/2" 200 28985 "https://pemcom.vn/%22https:/bizweb.dktcdn.net/100/489/103/files/8.jpg?path=/var/www/vhosts/dienmaychuyennghiep.com/httpdocs/wp-content/uploads/2024/07" "Mozilla/5.0 AppleWebKit/537.36 (KHTML, like Gecko; compatible; GPTBot/1.4; +https://openai.com/gptbot)"
74.7.227.40 - - [10/Jun/2026:03:55:55 +0700] "GET /%22https:/bizweb.dktcdn.net/100/489/103/files/8.jpg?filesrc=/var/www/vhosts/dienmaychuyennghiep.com/httpdocs/wp-content/uploads/2024/07/JS1601-2-150x150.png&path=/var/www/vhosts/dienmaychuyennghiep.com/httpdocs/wp-content/uploads/2024/07 HTTP/2" 200 33518 "https://pemcom.vn/%22https:/bizweb.dktcdn.net/100/489/103/files/8.jpg?path=/var/www/vhosts/dienmaychuyennghiep.com/httpdocs/wp-content/uploads/2024/07" "Mozilla/5.0 AppleWebKit/537.36 (KHTML, like Gecko; compatible; GPTBot/1.4; +https://openai.com/gptbot)"
74.7.242.23 - - [10/Jun/2026:03:55:55 +0700] "GET /khuyen-mai/khuyen-mai-dongcheng?filesrc=/var/www/vhosts/dienmaychuyennghiep.com/httpdocs/wp-content/uploads/2024/07/Sencan-530603-dau-6-2-150x150.png&path=/var/www/vhosts/dienmaychuyennghiep.com/httpdocs/wp-content/uploads/2024/07 HTTP/2" 200 38395 "https://dienmaychuyennghiep.com/khuyen-mai/khuyen-mai-dongcheng?path=/var/www/vhosts/dienmaychuyennghiep.com/httpdocs/wp-content/uploads/2024/07" "Mozilla/5.0 AppleWebKit/537.36 (KHTML, like Gecko; compatible; GPTBot/1.4; +https://openai.com/gptbot)"
74.7.241.19 - - [10/Jun/2026:03:55:53 +0700] "GET /san-pham/may-danh-bong-quy-dao-makita-po5000c/?filesrc=/var/www/vhosts/dienmaychuyennghiep.com/httpdocs/readme.html&path=/var/www/vhosts/dienmaychuyennghiep.com/httpdocs HTTP/2" 200 65222 "https://pemco.com.vn/san-pham/may-danh-bong-quy-dao-makita-po5000c/" "Mozilla/5.0 AppleWebKit/537.36 (KHTML, like Gecko; compatible; GPTBot/1.4; +https://openai.com/gptbot)"
74.7.241.19 - - [10/Jun/2026:03:55:56 +0700] "GET /wp-content/uploads/2025/09/D26411-247x296.png HTTP/2" 200 18201 "https://pemco.com.vn/san-pham/may-phun-hoi-nong-dewalt-d26411-b1/" "Mozilla/5.0 AppleWebKit/537.36 (KHTML, like Gecko; compatible; GPTBot/1.4; +https://openai.com/gptbot)"
74.7.241.19 - - [10/Jun/2026:03:55:56 +0700] "GET /wp-content/uploads/2025/10/slf307627d-quat-cong-nghiep-stanley-30-slf307627d-23-100x100.png HTTP/2" 200 5797 "https://pemco.com.vn/san-pham/quat-san-cong-nghiep-dewalt-dxf1832/" "Mozilla/5.0 AppleWebKit/537.36 (KHTML, like Gecko; compatible; GPTBot/1.4; +https://openai.com/gptbot)"
74.7.227.40 - - [10/Jun/2026:03:55:57 +0700] "GET /%22https:/bizweb.dktcdn.net/100/489/103/files/8.jpg?filesrc=/var/www/vhosts/dienmaychuyennghiep.com/httpdocs/wp-content/uploads/2024/07/LB1200F-2-100x100.png&path=/var/www/vhosts/dienmaychuyennghiep.com/httpdocs/wp-content/uploads/2024/07 HTTP/2" 200 28859 "https://pemcom.vn/%22https:/bizweb.dktcdn.net/100/489/103/files/8.jpg?path=/var/www/vhosts/dienmaychuyennghiep.com/httpdocs/wp-content/uploads/2024/07" "Mozilla/5.0 AppleWebKit/537.36 (KHTML, like Gecko; compatible; GPTBot/1.4; +https://openai.com/gptbot)"
74.7.242.23 - - [10/Jun/2026:03:55:57 +0700] "GET /khuyen-mai/khuyen-mai-dongcheng?filesrc=/var/www/vhosts/dienmaychuyennghiep.com/httpdocs/wp-content/uploads/2024/06/DSM-03-100A-3-1024x1024.png&path=/var/www/vhosts/dienmaychuyennghiep.com/httpdocs/wp-content/uploads/2024/06 HTTP/2" 200 533878 "https://dienmaychuyennghiep.com/khuyen-mai/khuyen-mai-dongcheng?path=/var/www/vhosts/dienmaychuyennghiep.com/httpdocs/wp-content/uploads/2024/06" "Mozilla/5.0 AppleWebKit/537.36 (KHTML, like Gecko; compatible; GPTBot/1.4; +https://openai.com/gptbot)"
74.7.241.19 - - [10/Jun/2026:03:55:57 +0700] "GET /san-pham/quat-san-cong-nghiep-dewalt-dxf1832/?path=/var HTTP/2" 200 60993 "https://pemco.com.vn/san-pham/quat-san-cong-nghiep-dewalt-dxf1832/" "Mozilla/5.0 AppleWebKit/537.36 (KHTML, like Gecko; compatible; GPTBot/1.4; +https://openai.com/gptbot)"
74.7.242.23 - - [10/Jun/2026:03:55:58 +0700] "GET /khuyen-mai/khuyen-mai-dongcheng?filesrc=/var/www/vhosts/dienmaychuyennghiep.com/httpdocs/wp-content/uploads/2024/06/D100-ASM06-100-3-300x300.png&path=/var/www/vhosts/dienmaychuyennghiep.com/httpdocs/wp-content/uploads/2024/06 HTTP/2" 200 73917 "https://dienmaychuyennghiep.com/khuyen-mai/khuyen-mai-dongcheng?path=/var/www/vhosts/dienmaychuyennghiep.com/httpdocs/wp-content/uploads/2024/06" "Mozilla/5.0 AppleWebKit/537.36 (KHTML, like Gecko; compatible; GPTBot/1.4; +https://openai.com/gptbot)"
74.7.227.40 - - [10/Jun/2026:03:55:58 +0700] "GET /%22https:/bizweb.dktcdn.net/100/489/103/files/8.jpg?filesrc=/var/www/vhosts/dienmaychuyennghiep.com/httpdocs/wp-content/uploads/2024/07/M9512B-5-600x600.png&path=/var/www/vhosts/dienmaychuyennghiep.com/httpdocs/wp-content/uploads/2024/07 HTTP/2" 200 229795 "https://pemcom.vn/%22https:/bizweb.dktcdn.net/100/489/103/files/8.jpg?path=/var/www/vhosts/dienmaychuyennghiep.com/httpdocs/wp-content/uploads/2024/07" "Mozilla/5.0 AppleWebKit/537.36 (KHTML, like Gecko; compatible; GPTBot/1.4; +https://openai.com/gptbot)"
74.7.227.40 - - [10/Jun/2026:03:55:59 +0700] "GET /%22https:/bizweb.dktcdn.net/100/489/103/files/8.jpg?filesrc=/var/www/vhosts/dienmaychuyennghiep.com/httpdocs/wp-content/uploads/2024/07/FS2500-4-247x296.png&path=/var/www/vhosts/dienmaychuyennghiep.com/httpdocs/wp-content/uploads/2024/07 HTTP/2" 200 74277 "https://pemcom.vn/%22https:/bizweb.dktcdn.net/100/489/103/files/8.jpg?path=/var/www/vhosts/dienmaychuyennghiep.com/httpdocs/wp-content/uploads/2024/07" "Mozilla/5.0 AppleWebKit/537.36 (KHTML, like Gecko; compatible; GPTBot/1.4; +https://openai.com/gptbot)"
74.7.242.23 - - [10/Jun/2026:03:55:59 +0700] "GET /khuyen-mai/khuyen-mai-dongcheng?filesrc=/var/www/vhosts/dienmaychuyennghiep.com/httpdocs/wp-content/uploads/2024/06/D100-ASM06-100-5-150x150.png&path=/var/www/vhosts/dienmaychuyennghiep.com/httpdocs/wp-content/uploads/2024/06 HTTP/2" 200 39086 "https://dienmaychuyennghiep.com/khuyen-mai/khuyen-mai-dongcheng?path=/var/www/vhosts/dienmaychuyennghiep.com/httpdocs/wp-content/uploads/2024/06" "Mozilla/5.0 AppleWebKit/537.36 (KHTML, like Gecko; compatible; GPTBot/1.4; +https://openai.com/gptbot)"
74.7.241.19 - - [10/Jun/2026:03:55:59 +0700] "GET /san-pham/may-phun-nong-dewalt-d26414-b1/ HTTP/2" 200 62623 "https://pemco.com.vn/wp-sitemap-posts-product-1.xml" "Mozilla/5.0 AppleWebKit/537.36 (KHTML, like Gecko; compatible; GPTBot/1.4; +https://openai.com/gptbot)"
74.7.227.40 - - [10/Jun/2026:03:56:01 +0700] "GET /%22https:/bizweb.dktcdn.net/100/489/103/files/8.jpg?filesrc=/var/www/vhosts/dienmaychuyennghiep.com/httpdocs/wp-content/uploads/2024/07/GS5000-5-150x150.png&path=/var/www/vhosts/dienmaychuyennghiep.com/httpdocs/wp-content/uploads/2024/07 HTTP/2" 200 39522 "https://pemcom.vn/%22https:/bizweb.dktcdn.net/100/489/103/files/8.jpg?path=/var/www/vhosts/dienmaychuyennghiep.com/httpdocs/wp-content/uploads/2024/07" "Mozilla/5.0 AppleWebKit/537.36 (KHTML, like Gecko; compatible; GPTBot/1.4; +https://openai.com/gptbot)"
74.7.242.23 - - [10/Jun/2026:03:56:01 +0700] "GET /khuyen-mai/khuyen-mai-dongcheng?filesrc=/var/www/vhosts/dienmaychuyennghiep.com/httpdocs/wp-content/uploads/2024/06/D100-ASM04-100B-2-150x150.png&path=/var/www/vhosts/dienmaychuyennghiep.com/httpdocs/wp-content/uploads/2024/06 HTTP/2" 200 38264 "https://dienmaychuyennghiep.com/khuyen-mai/khuyen-mai-dongcheng?path=/var/www/vhosts/dienmaychuyennghiep.com/httpdocs/wp-content/uploads/2024/06" "Mozilla/5.0 AppleWebKit/537.36 (KHTML, like Gecko; compatible; GPTBot/1.4; +https://openai.com/gptbot)"
74.7.227.40 - - [10/Jun/2026:03:56:02 +0700] "GET /%22https:/bizweb.dktcdn.net/100/489/103/files/8.jpg?filesrc=/var/www/vhosts/dienmaychuyennghiep.com/httpdocs/wp-content/uploads/2024/07/BO5041-3-510x510.png&path=/var/www/vhosts/dienmaychuyennghiep.com/httpdocs/wp-content/uploads/2024/07 HTTP/2" 200 166337 "https://pemcom.vn/%22https:/bizweb.dktcdn.net/100/489/103/files/8.jpg?path=/var/www/vhosts/dienmaychuyennghiep.com/httpdocs/wp-content/uploads/2024/07" "Mozilla/5.0 AppleWebKit/537.36 (KHTML, like Gecko; compatible; GPTBot/1.4; +https://openai.com/gptbot)"
74.7.242.23 - - [10/Jun/2026:03:56:02 +0700] "GET /khuyen-mai/khuyen-mai-dongcheng?filesrc=/var/www/vhosts/dienmaychuyennghiep.com/httpdocs/wp-content/uploads/2024/06/D100-ASM03-100A-1-600x600.png&path=/var/www/vhosts/dienmaychuyennghiep.com/httpdocs/wp-content/uploads/2024/06 HTTP/2" 200 231803 "https://dienmaychuyennghiep.com/khuyen-mai/khuyen-mai-dongcheng?path=/var/www/vhosts/dienmaychuyennghiep.com/httpdocs/wp-content/uploads/2024/06" "Mozilla/5.0 AppleWebKit/537.36 (KHTML, like Gecko; compatible; GPTBot/1.4; +https://openai.com/gptbot)"
74.7.241.19 - - [10/Jun/2026:03:56:01 +0700] "GET /san-pham/may-khoan-ban-hong-ky-kbe120c/ HTTP/2" 200 63129 "https://pemco.com.vn/wp-sitemap-posts-product-1.xml" "Mozilla/5.0 AppleWebKit/537.36 (KHTML, like Gecko; compatible; GPTBot/1.4; +https://openai.com/gptbot)"
74.7.227.40 - - [10/Jun/2026:03:56:04 +0700] "GET /%22https:/bizweb.dktcdn.net/100/489/103/files/8.jpg?filesrc=/var/www/vhosts/dienmaychuyennghiep.com/httpdocs/wp-content/uploads/2024/07/HS0600-4-768x768.png&path=/var/www/vhosts/dienmaychuyennghiep.com/httpdocs/wp-content/uploads/2024/07 HTTP/2" 200 388543 "https://pemcom.vn/%22https:/bizweb.dktcdn.net/100/489/103/files/8.jpg?path=/var/www/vhosts/dienmaychuyennghiep.com/httpdocs/wp-content/uploads/2024/07" "Mozilla/5.0 AppleWebKit/537.36 (KHTML, like Gecko; compatible; GPTBot/1.4; +https://openai.com/gptbot)"
74.7.242.23 - - [10/Jun/2026:03:56:03 +0700] "GET /khuyen-mai/khuyen-mai-dongcheng?filesrc=/var/www/vhosts/dienmaychuyennghiep.com/httpdocs/wp-content/uploads/2024/07/Sencan-530603-dau-6-5-150x150.png&path=/var/www/vhosts/dienmaychuyennghiep.com/httpdocs/wp-content/uploads/2024/07 HTTP/2" 200 37098 "https://dienmaychuyennghiep.com/khuyen-mai/khuyen-mai-dongcheng?path=/var/www/vhosts/dienmaychuyennghiep.com/httpdocs/wp-content/uploads/2024/07" "Mozilla/5.0 AppleWebKit/537.36 (KHTML, like Gecko; compatible; GPTBot/1.4; +https://openai.com/gptbot)"
74.7.227.40 - - [10/Jun/2026:03:56:05 +0700] "GET /%22https:/bizweb.dktcdn.net/100/489/103/files/8.jpg?filesrc=/var/www/vhosts/dienmaychuyennghiep.com/httpdocs/wp-content/uploads/2024/07/M8101B-3-510x510.png&path=/var/www/vhosts/dienmaychuyennghiep.com/httpdocs/wp-content/uploads/2024/07 HTTP/2" 200 135200 "https://pemcom.vn/%22https:/bizweb.dktcdn.net/100/489/103/files/8.jpg?path=/var/www/vhosts/dienmaychuyennghiep.com/httpdocs/wp-content/uploads/2024/07" "Mozilla/5.0 AppleWebKit/537.36 (KHTML, like Gecko; compatible; GPTBot/1.4; +https://openai.com/gptbot)"
74.7.242.23 - - [10/Jun/2026:03:56:05 +0700] "GET /khuyen-mai/khuyen-mai-dongcheng?filesrc=/var/www/vhosts/dienmaychuyennghiep.com/httpdocs/wp-content/uploads/2024/06/D100-ASM06-100-4-150x150.png&path=/var/www/vhosts/dienmaychuyennghiep.com/httpdocs/wp-content/uploads/2024/06 HTTP/2" 200 33242 "https://dienmaychuyennghiep.com/khuyen-mai/khuyen-mai-dongcheng?path=/var/www/vhosts/dienmaychuyennghiep.com/httpdocs/wp-content/uploads/2024/06" "Mozilla/5.0 AppleWebKit/537.36 (KHTML, like Gecko; compatible; GPTBot/1.4; +https://openai.com/gptbot)"
74.7.241.19 - - [10/Jun/2026:03:56:04 +0700] "GET /san-pham/may-cat-tuong-makita-sg1251j-125mm/ HTTP/2" 200 62784 "https://pemco.com.vn/wp-sitemap-posts-product-1.xml" "Mozilla/5.0 AppleWebKit/537.36 (KHTML, like Gecko; compatible; GPTBot/1.4; +https://openai.com/gptbot)"
74.7.242.23 - - [10/Jun/2026:03:56:06 +0700] "GET /khuyen-mai/khuyen-mai-dongcheng?filesrc=/var/www/vhosts/dienmaychuyennghiep.com/httpdocs/wp-content/uploads/2024/06/D100-ASM17-100-2-100x100.png&path=/var/www/vhosts/dienmaychuyennghiep.com/httpdocs/wp-content/uploads/2024/06 HTTP/2" 200 28108 "https://dienmaychuyennghiep.com/khuyen-mai/khuyen-mai-dongcheng?path=/var/www/vhosts/dienmaychuyennghiep.com/httpdocs/wp-content/uploads/2024/06" "Mozilla/5.0 AppleWebKit/537.36 (KHTML, like Gecko; compatible; GPTBot/1.4; +https://openai.com/gptbot)"
74.7.227.40 - - [10/Jun/2026:03:56:07 +0700] "GET /%22https:/bizweb.dktcdn.net/100/489/103/files/8.jpg?filesrc=/var/www/vhosts/dienmaychuyennghiep.com/httpdocs/wp-content/uploads/2024/07/M9204B-1-1024x576.png&path=/var/www/vhosts/dienmaychuyennghiep.com/httpdocs/wp-content/uploads/2024/07 HTTP/2" 200 298715 "https://pemcom.vn/%22https:/bizweb.dktcdn.net/100/489/103/files/8.jpg?path=/var/www/vhosts/dienmaychuyennghiep.com/httpdocs/wp-content/uploads/2024/07" "Mozilla/5.0 AppleWebKit/537.36 (KHTML, like Gecko; compatible; GPTBot/1.4; +https://openai.com/gptbot)"
74.7.227.40 - - [10/Jun/2026:03:56:08 +0700] "GET /%22https:/bizweb.dktcdn.net/100/489/103/files/8.jpg?filesrc=/var/www/vhosts/dienmaychuyennghiep.com/httpdocs/wp-content/uploads/2024/07/M1100B-4-768x768.png&path=/var/www/vhosts/dienmaychuyennghiep.com/httpdocs/wp-content/uploads/2024/07 HTTP/2" 200 342343 "https://pemcom.vn/%22https:/bizweb.dktcdn.net/100/489/103/files/8.jpg?path=/var/www/vhosts/dienmaychuyennghiep.com/httpdocs/wp-content/uploads/2024/07" "Mozilla/5.0 AppleWebKit/537.36 (KHTML, like Gecko; compatible; GPTBot/1.4; +https://openai.com/gptbot)"
74.7.241.19 - - [10/Jun/2026:03:56:07 +0700] "GET /san-pham/may-cua-da-goc-truot-dewalt-dws780-kr/ HTTP/2" 200 62019 "https://pemco.com.vn/wp-sitemap-posts-product-1.xml" "Mozilla/5.0 AppleWebKit/537.36 (KHTML, like Gecko; compatible; GPTBot/1.4; +https://openai.com/gptbot)"
74.7.242.23 - - [10/Jun/2026:03:56:08 +0700] "GET /khuyen-mai/khuyen-mai-dongcheng?filesrc=/var/www/vhosts/dienmaychuyennghiep.com/httpdocs/wp-content/uploads/2024/06/D28413-B1-5-150x150.png&path=/var/www/vhosts/dienmaychuyennghiep.com/httpdocs/wp-content/uploads/2024/06 HTTP/2" 200 32776 "https://dienmaychuyennghiep.com/khuyen-mai/khuyen-mai-dongcheng?path=/var/www/vhosts/dienmaychuyennghiep.com/httpdocs/wp-content/uploads/2024/06" "Mozilla/5.0 AppleWebKit/537.36 (KHTML, like Gecko; compatible; GPTBot/1.4; +https://openai.com/gptbot)"
176.31.139.16 - - [10/Jun/2026:03:56:09 +0700] "GET /products/46497161839 HTTP/2" 200 19517 "-" "Mozilla/5.0 (compatible; AhrefsBot/7.0; +http://ahrefs.com/robot/)"
74.7.227.40 - - [10/Jun/2026:03:56:09 +0700] "GET /%22https:/bizweb.dktcdn.net/100/489/103/files/8.jpg?filesrc=/var/www/vhosts/dienmaychuyennghiep.com/httpdocs/wp-content/uploads/2024/07/AN760-1-150x150.png&path=/var/www/vhosts/dienmaychuyennghiep.com/httpdocs/wp-content/uploads/2024/07 HTTP/2" 200 45257 "https://pemcom.vn/%22https:/bizweb.dktcdn.net/100/489/103/files/8.jpg?path=/var/www/vhosts/dienmaychuyennghiep.com/httpdocs/wp-content/uploads/2024/07" "Mozilla/5.0 AppleWebKit/537.36 (KHTML, like Gecko; compatible; GPTBot/1.4; +https://openai.com/gptbot)"
74.7.242.23 - - [10/Jun/2026:03:56:09 +0700] "GET /khuyen-mai/khuyen-mai-dongcheng?filesrc=/var/www/vhosts/dienmaychuyennghiep.com/httpdocs/wp-content/uploads/2024/06/D100-ASM05-100B-1-100x100.png&path=/var/www/vhosts/dienmaychuyennghiep.com/httpdocs/wp-content/uploads/2024/06 HTTP/2" 200 31143 "https://dienmaychuyennghiep.com/khuyen-mai/khuyen-mai-dongcheng?path=/var/www/vhosts/dienmaychuyennghiep.com/httpdocs/wp-content/uploads/2024/06" "Mozilla/5.0 AppleWebKit/537.36 (KHTML, like Gecko; compatible; GPTBot/1.4; +https://openai.com/gptbot)"
74.7.241.19 - - [10/Jun/2026:03:56:09 +0700] "GET /san-pham/brooklyn-long-sleeve-sweater/ HTTP/2" 200 60632 "https://pemco.com.vn/wp-sitemap-posts-product-1.xml" "Mozilla/5.0 AppleWebKit/537.36 (KHTML, like Gecko; compatible; GPTBot/1.4; +https://openai.com/gptbot)"
74.7.242.23 - - [10/Jun/2026:03:56:11 +0700] "GET /khuyen-mai/khuyen-mai-dongcheng?filesrc=/var/www/vhosts/dienmaychuyennghiep.com/httpdocs/wp-content/uploads/2024/06/D28413-B1-1-768x432.png&path=/var/www/vhosts/dienmaychuyennghiep.com/httpdocs/wp-content/uploads/2024/06 HTTP/2" 200 216344 "https://dienmaychuyennghiep.com/khuyen-mai/khuyen-mai-dongcheng?path=/var/www/vhosts/dienmaychuyennghiep.com/httpdocs/wp-content/uploads/2024/06" "Mozilla/5.0 AppleWebKit/537.36 (KHTML, like Gecko; compatible; GPTBot/1.4; +https://openai.com/gptbot)"
74.7.227.40 - - [10/Jun/2026:03:56:11 +0700] "GET /%22https:/bizweb.dktcdn.net/100/489/103/files/8.jpg?filesrc=/var/www/vhosts/dienmaychuyennghiep.com/httpdocs/wp-content/uploads/2024/07/SHR263K-B1-3-510x510.png&path=/var/www/vhosts/dienmaychuyennghiep.com/httpdocs/wp-content/uploads/2024/07 HTTP/2" 200 184512 "https://pemcom.vn/%22https:/bizweb.dktcdn.net/100/489/103/files/8.jpg?path=/var/www/vhosts/dienmaychuyennghiep.com/httpdocs/wp-content/uploads/2024/07" "Mozilla/5.0 AppleWebKit/537.36 (KHTML, like Gecko; compatible; GPTBot/1.4; +https://openai.com/gptbot)"
5.39.1.224 - - [10/Jun/2026:03:56:10 +0700] "GET /products/4566586639 HTTP/2" 200 19517 "-" "Mozilla/5.0 (compatible; AhrefsBot/7.0; +http://ahrefs.com/robot/)"
74.7.227.40 - - [10/Jun/2026:03:56:13 +0700] "GET /%22https:/bizweb.dktcdn.net/100/489/103/files/8.jpg?filesrc=/var/www/vhosts/dienmaychuyennghiep.com/httpdocs/wp-content/uploads/2024/07/GA9060-4-768x768.png&path=/var/www/vhosts/dienmaychuyennghiep.com/httpdocs/wp-content/uploads/2024/07 HTTP/2" 200 200440 "https://pemcom.vn/%22https:/bizweb.dktcdn.net/100/489/103/files/8.jpg?path=/var/www/vhosts/dienmaychuyennghiep.com/httpdocs/wp-content/uploads/2024/07" "Mozilla/5.0 AppleWebKit/537.36 (KHTML, like Gecko; compatible; GPTBot/1.4; +https://openai.com/gptbot)"
51.89.129.236 - - [10/Jun/2026:03:56:12 +0700] "GET /san-pham/may-cha-nham-asb03-100/feed/ HTTP/2" 200 19939 "-" "Mozilla/5.0 (compatible; AhrefsBot/7.0; +http://ahrefs.com/robot/)"
74.7.241.19 - - [10/Jun/2026:03:56:12 +0700] "GET /tu-khoa-san-pham/may-cua-dia-dung-pin/ HTTP/2" 200 57299 "https://pemco.com.vn/wp-sitemap-taxonomies-product_tag-1.xml" "Mozilla/5.0 AppleWebKit/537.36 (KHTML, like Gecko; compatible; GPTBot/1.4; +https://openai.com/gptbot)"
74.7.242.23 - - [10/Jun/2026:03:56:12 +0700] "GET /khuyen-mai/khuyen-mai-dongcheng?filesrc=/var/www/vhosts/dienmaychuyennghiep.com/httpdocs/wp-content/uploads/2024/06/GWS-17-125s-2-1024x1024.png&path=/var/www/vhosts/dienmaychuyennghiep.com/httpdocs/wp-content/uploads/2024/06 HTTP/2" 200 545194 "https://dienmaychuyennghiep.com/khuyen-mai/khuyen-mai-dongcheng?path=/var/www/vhosts/dienmaychuyennghiep.com/httpdocs/wp-content/uploads/2024/06" "Mozilla/5.0 AppleWebKit/537.36 (KHTML, like Gecko; compatible; GPTBot/1.4; +https://openai.com/gptbot)"
74.7.227.40 - - [10/Jun/2026:03:56:14 +0700] "GET /%22https:/bizweb.dktcdn.net/100/489/103/files/8.jpg?filesrc=/var/www/vhosts/dienmaychuyennghiep.com/httpdocs/wp-content/uploads/2024/07/RP0900-1-1536x864.png&path=/var/www/vhosts/dienmaychuyennghiep.com/httpdocs/wp-content/uploads/2024/07 HTTP/2" 200 545901 "https://pemcom.vn/%22https:/bizweb.dktcdn.net/100/489/103/files/8.jpg?path=/var/www/vhosts/dienmaychuyennghiep.com/httpdocs/wp-content/uploads/2024/07" "Mozilla/5.0 AppleWebKit/537.36 (KHTML, like Gecko; compatible; GPTBot/1.4; +https://openai.com/gptbot)"
